000
CXUS54 KFWD 290730
CF6LHB
PRELIMINARY LOCAL CLIMATOLOGICAL DATA (WS FORM: F-6)

                                          STATION:   HEARNE
                                          MONTH:     MARCH
                                          YEAR:      2015
                                          LATITUDE:   30 52 N
                                          LONGITUDE:  96 36 W

  TEMPERATURE IN F:       :PCPN:    SNOW:  WIND      :SUNSHINE: SKY     :PK WND
================================================================================
1   2   3   4   5  6A  6B    7    8   9   10  11  12  13   14  15   16   17  18
                                     12Z  AVG MX 2MIN
DY MAX MIN AVG DEP HDD CDD  WTR  SNW DPTH SPD SPD DIR MIN PSBL S-S WX    SPD DR
================================================================================

 1  43  36  40   M  25   0 0.05  0.0    0  8.8 12 340   M    M  10 1       M  M
 2  43  38  41   M  24   0 0.01  0.0    M  6.2 10 330   M    M  10 1       M  M
 3  63  43  53   M  12   0 0.01  0.0    0  3.4  8 140   M    M  10 12      M  M
 4  76  34  55   M  10   0 0.05    M    0  9.8 27 330   M    M  10 1      39 330
 5  44  28  36   M  29   0 0.39    M    M 16.1 23 340   M    M   5 3      36 340
 6  55  22  39   M  26   0 0.00  0.0    0  1.7  5  30   M    M   0         M  M
 7  56  29  43   M  22   0 0.00  0.0    0  1.1  6 120   M    M   8         M  M
 8  52  43  48   M  17   0 0.63  0.0    0  3.2  9 120   M    M  10 1       M  M
 9  52  49  51   M  14   0 2.49  0.0    0  3.9  9  40   M    M  10 1       M  M
10   M   M   M   M   M   M    M    M    M   M   M   M   M    M   M         M  M
11  60  53  57   M   8   0 0.00  0.0    M  5.9 10 350   M    M   8         M  M
12  66  52  59   M   6   0    M  0.0    0  7.0 15 340   M    M   9        20 340
13  70  52  61   M   4   0 0.00  0.0    0  5.6 12 310   M    M   7 1      16 290
14  72  47  60   M   5   0 0.00  0.0    0  7.0 18 310   M    M   5 12     20 320
15  67  47  57   M   8   0 0.00  0.0    0  1.6  7 330   M    M   6         M  M
16  77  45  61   M   4   0 0.00  0.0    0  2.6  9 170   M    M   4 1       M  M
17  77  63  70   M   0   5 0.00  0.0    0  2.0  7 220   M    M   8 18      M  M
18  78  61  70   M   0   5 0.29  0.0    0  3.9  8 280   M    M   7         M  M
19  79  59  69   M   0   4 0.01  0.0    0  3.5 10 130   M    M   6         M  M
20  70  57  64   M   1   0 0.88  0.0    0  5.7 21 300   M    M   8 1      27 300
21  62  56  59   M   6   0 0.53  0.0    0  2.8 13 340   M    M  10 1       M  M
22  69  52  61   M   4   0 0.00  0.0    0  3.7  9 300   M    M   7 1       M  M
23  76  47  62   M   3   0 0.00  0.0    0  1.8  5 130   M    M   2 128     M  M
24  79  57  68   M   0   3 0.00  0.0    0  9.1 14 160   M    M   3 1      21 160
25  82  60  71   M   0   6 0.00  0.0    0 10.7 16 150   M    M   2        24 150
26  67  46  57   M   8   0 0.01  0.0    0 14.8 25 340   M    M   5 3      33 310
27  76  39  58   M   7   0 0.00  0.0    0  3.9 14 290   M    M   0        21 290
28  82  47  65   M   0   0 0.00  0.0    0  8.3 18 180   M    M   0        23 180
================================================================================
SM 1793 1262       243  23  5.35     0.0 154.1          M      170
================================================================================
AV 66.4 46.7                               5.7 FASTST   M    M   6    MAX(MPH)
                                 MISC ---->  # 27 330                 39    M
================================================================================
NOTES:
# LAST OF SEVERAL OCCURRENCES

COLUMN 17 PEAK WIND IN M.P.H.

PRELIMINARY LOCAL CLIMATOLOGICAL DATA (WS FORM: F-6) , PAGE 2

                                          STATION:  HEARNE
                                          MONTH:    MARCH
                                          YEAR:     2015
                                          LATITUDE:   30 52 N
                                          LONGITUDE:  96 36 W

[TEMPERATURE DATA]      [PRECIPITATION DATA]       SYMBOLS USED IN COLUMN 16

AVERAGE MONTHLY: 56.6   TOTAL FOR MONTH:   5.35    1 = FOG OR MIST
DPTR FM NORMAL:     M   DPTR FM NORMAL:       M    2 = FOG REDUCING VISIBILITY
HIGHEST:    82 ON 28,25 GRTST 24HR  2.49 ON  9- 9      TO 1/4 MILE OR LESS
LOWEST:     22 ON  6                               3 = THUNDER
                        SNOW, ICE PELLETS, HAIL    4 = ICE PELLETS
                        TOTAL MONTH:   0.0 INCH    5 = HAIL
                        GRTST 24HR     0.0         6 = FREEZING RAIN OR DRIZZLE
                        GRTST DEPTH:   0           7 = DUSTSTORM OR SANDSTORM:
                                                       VSBY 1/2 MILE OR LESS
                                                   8 = SMOKE OR HAZE
[NO. OF DAYS WITH]      [WEATHER - DAYS WITH]      9 = BLOWING SNOW
                                                   X = TORNADO
MAX 32 OR BELOW:   0    0.01 INCH OR MORE:  12
MAX 90 OR ABOVE:   0    0.10 INCH OR MORE:   6
MIN 32 OR BELOW:   3    0.50 INCH OR MORE:   4
MIN  0 OR BELOW:   0    1.00 INCH OR MORE:   1

[HDD (BASE 65) ]
TOTAL THIS MO.   243    CLEAR  (SCALE 0-3)   6
DPTR FM NORMAL     M    PTCLDY (SCALE 4-7)  12
TOTAL FM JUL 1  1996    CLOUDY (SCALE 8-10)  9
DPTR FM NORMAL     M

[CDD (BASE 65) ]
TOTAL THIS MO.    23
DPTR FM NORMAL     M    [PRESSURE DATA]
TOTAL FM JAN 1    23    HIGHEST SLP M ON M
DPTR FM NORMAL     M    LOWEST  SLP M ON M

[REMARKS]
