000
CXUS55 KPUB 201159
CF6LHX
PRELIMINARY LOCAL CLIMATOLOGICAL DATA (WS FORM: F-6)

                                          STATION:   LA JUNTA CO
                                          MONTH:     NOVEMBER
                                          YEAR:      2017
                                          LATITUDE:   38  2 N
                                          LONGITUDE: 103 31 W

  TEMPERATURE IN F:       :PCPN:    SNOW:  WIND      :SUNSHINE: SKY     :PK WND
================================================================================
1   2   3   4   5  6A  6B    7    8   9   10  11  12  13   14  15   16   17  18
                                     12Z  AVG MX 2MIN
DY MAX MIN AVG DEP HDD CDD  WTR  SNW DPTH SPD SPD DIR MIN PSBL S-S WX    SPD DR
================================================================================

 1  79  34  57   9   8   0 0.00  0.0    0 13.2 31 270   M    M   0 8      39 280
 2  59  32  46  -1  19   0 0.00  0.0    0 10.8 17  80   M    M   1 8      22  90
 3  62  36  49   2  16   0 0.00  0.0    0  6.3 13 320   M    M   5        15 260
 4  76  35  56  10   9   0 0.00  0.0    0 10.2 32 250   M    M   0        40 250
 5  57  33  45  -1  20   0 0.00  0.0    0 11.9 20 360   M    M   6 1      24 360
 6  56  38  47   1  18   0 0.00  0.0    0  9.4 22  70   M    M   7 1      26  70
 7  40  34  37  -8  28   0 0.02    M    0  8.6 14 110   M    M  10 1      17  30
 8  53  31  42  -3  23   0    T    M    M  6.0 12 270   M    M   4 1      15 160
 9  46  28  37  -7  28   0 0.00  0.0    0  8.1 15 130   M    M   4 12     18 110
10  48  25  37  -7  28   0 0.00  0.0    0  4.0 10 340   M    M   6 1      14 110
11  63  34  49   6  16   0 0.00  0.0    0  6.7 13 110   M    M   4 12     16  80
12  57  29  43   0  22   0 0.00  0.0    0  9.0 17 120   M    M   0 1      22 110
13  75  36  56  14   9   0 0.00  0.0    0  5.8 12 240   M    M   0        13 280
14  71  32  52  10  13   0 0.00  0.0    0  7.9 17  10   M    M   0 8      22 360
15  59  30  45   4  20   0 0.00  0.0    0  8.9 20 140   M    M   0        24 130
16  77  26  52  11  13   0 0.00  0.0    0  9.3 18 260   M    M   0        25 260
17  78  40  59  19   6   0    T  0.0    0 23.6 38 260   M    M   0        50 250
18  51  26  39  -1  26   0 0.01    M    0  9.9 37 330   M    M   2        50 340
19  63  20  42   3  23   0 0.00  0.0    0  7.8 16 240   M    M   0        17 250
================================================================================
SM 1170  599       345   0  0.03     0.0 177.4          M       49
================================================================================
AV 61.6 31.5                               9.3 FASTST   M    M   3    MAX(MPH)
                                 MISC ---->  # 38 260               # 50  250
================================================================================
NOTES:
# LAST OF SEVERAL OCCURRENCES

COLUMN 17 PEAK WIND IN M.P.H.

PRELIMINARY LOCAL CLIMATOLOGICAL DATA (WS FORM: F-6) , PAGE 2

                                          STATION:  LA JUNTA CO
                                          MONTH:    NOVEMBER
                                          YEAR:     2017
                                          LATITUDE:   38  2 N
                                          LONGITUDE: 103 31 W

[TEMPERATURE DATA]      [PRECIPITATION DATA]       SYMBOLS USED IN COLUMN 16

AVERAGE MONTHLY: 46.6   TOTAL FOR MONTH:   0.03    1 = FOG OR MIST
DPTR FM NORMAL:   2.9   DPTR FM NORMAL:   -0.24    2 = FOG REDUCING VISIBILITY
HIGHEST:    79 ON  1    GRTST 24HR  0.02 ON  7- 7      TO 1/4 MILE OR LESS
LOWEST:     20 ON 19                               3 = THUNDER
                        SNOW, ICE PELLETS, HAIL    4 = ICE PELLETS
                        TOTAL MONTH:   0.0 INCH    5 = HAIL
                        GRTST 24HR     0.0         6 = FREEZING RAIN OR DRIZZLE
                        GRTST DEPTH:   0           7 = DUSTSTORM OR SANDSTORM:
                                                       VSBY 1/2 MILE OR LESS
                                                   8 = SMOKE OR HAZE
[NO. OF DAYS WITH]      [WEATHER - DAYS WITH]      9 = BLOWING SNOW
                                                   X = TORNADO
MAX 32 OR BELOW:   0    0.01 INCH OR MORE:   2
MAX 90 OR ABOVE:   0    0.10 INCH OR MORE:   0
MIN 32 OR BELOW:  10    0.50 INCH OR MORE:   0
MIN  0 OR BELOW:   0    1.00 INCH OR MORE:   0

[HDD (BASE 65) ]
TOTAL THIS MO.   345    CLEAR  (SCALE 0-3)  11
DPTR FM NORMAL   -61    PTCLDY (SCALE 4-7)   7
TOTAL FM JUL 1   694    CLOUDY (SCALE 8-10)  1
DPTR FM NORMAL  -134

[CDD (BASE 65) ]
TOTAL THIS MO.     0
DPTR FM NORMAL     0    [PRESSURE DATA]
TOTAL FM JAN 1  1251    HIGHEST SLP M ON M
DPTR FM NORMAL    25    LOWEST  SLP 29.62 ON 17

[REMARKS]
