000
CXHW51 PHFO 301250
CF6LIH
PRELIMINARY LOCAL CLIMATOLOGICAL DATA (WS FORM: F-6)

                                          STATION:   LIHUE HI
                                          MONTH:     AUGUST
                                          YEAR:      2014
                                          LATITUDE:   21 58 N
                                          LONGITUDE: 159 21 W

  TEMPERATURE IN F:       :PCPN:    SNOW:  WIND      :SUNSHINE: SKY     :PK WND
================================================================================
1   2   3   4   5  6A  6B    7    8   9   10  11  12  13   14  15   16   17  18
                                     12Z  AVG MX 2MIN
DY MAX MIN AVG DEP HDD CDD  WTR  SNW DPTH SPD SPD DIR MIN PSBL S-S WX    SPD DR
================================================================================

 1  86  77  82   2   0  17 0.00  0.0    0 13.4 18  50   M    M   5        23  80
 2  85  77  81   1   0  16 0.01  0.0    0 13.2 20  80   M    M  10        24  80
 3  86  78  82   2   0  17    T  0.0    0 13.2 18  60   M    M   7        22  60
 4  87  77  82   2   0  17    T  0.0    0 14.8 23  70   M    M   6        28  80
 5  86  77  82   2   0  17 0.00  0.0    0 16.5 23  70   M    M   5        28  80
 6  85  73  79  -1   0  14 0.06  0.0    0 16.4 25  60   M    M   7 18     30  70
 7  86  75  81   1   0  16 0.05  0.0    0 16.4 28  60   M    M   5 18     33  50
 8  84  74  79  -1   0  14 0.85  0.0    0 20.6 24 110   M    M   9 18     30 120
 9  79  71  75  -5   0  10 1.92  0.0    0 10.2 21  70   M    M   9 13     24  70
10  84  72  78  -2   0  13 0.00  0.0    0 10.6 17  40   M    M   5        21  60
11  84  70  77  -3   0  12 0.00  0.0    0 10.2  6 290   M    M   3         7 290
12  83  70  77  -3   0  12 0.00  0.0    0  9.2 17  40   M    M   1        20  40
13  84  70  77  -3   0  12 0.03  0.0    0  9.6 14  90   M    M   6 1      22  70
14  85  77  81   1   0  16    T  0.0    0 11.7 17  70   M    M   4        23  70
15  84  76  80   0   0  15    T  0.0    0 13.3 18  70   M    M   5        21  70
16  84  74  79  -1   0  14    T  0.0    0 13.6 23  80   M    M   5        28  80
17  84  76  80   0   0  15 0.01  0.0    0 13.4 23  60   M    M   6        28  60
18  84  73  79  -1   0  14 0.38  0.0    0 13.6 20  30   M    M   8 1      24  30
19  84  72  78  -2   0  13 0.18  0.0    0 13.2 23  40   M    M   6 18     26  40
20  84  75  80   0   0  15    T  0.0    0 10.8 15  50   M    M   4        18  50
21  85  76  81   1   0  16    T  0.0    0 11.3 16  50   M    M   6        20  50
22  84  77  81   1   0  16 0.02  0.0    0 15.9 21  40   M    M   5        26  40
23  84  76  80   0   0  15    T  0.0    0 13.6 20  40   M    M   6        23  50
24  84  74  79  -1   0  14 0.06  0.0    0  9.1 22  70   M    M   7 18     26  60
25  85  75  80   0   0  15 0.16  0.0    0 13.9 23  60   M    M   6 1      29  70
26  85  76  81   1   0  16 0.02  0.0    0 15.3 21  60   M    M   6        26  40
27  85  74  80   0   0  15    T  0.0    0 13.6 24  40   M    M   7        29  50
28  85  76  81   1   0  16    T  0.0    0 12.6 17  50   M    M   4        24  60
29  85  71  78  -2   0  13 0.00  0.0    0  8.2 16  40   M    M   3        18  50
================================================================================
SM 2450 2159         0 425  3.75     0.0 377.4          M      166
================================================================================
AV 84.5 74.4                              13.0 FASTST   M    M   6    MAX(MPH)
                                 MISC ---->  # 28  60               # 33   50
================================================================================
NOTES:
# LAST OF SEVERAL OCCURRENCES

COLUMN 17 PEAK WIND IN M.P.H.

PRELIMINARY LOCAL CLIMATOLOGICAL DATA (WS FORM: F-6) , PAGE 2

                                          STATION:  LIHUE HI
                                          MONTH:    AUGUST
                                          YEAR:     2014
                                          LATITUDE:   21 58 N
                                          LONGITUDE: 159 21 W

[TEMPERATURE DATA]      [PRECIPITATION DATA]       SYMBOLS USED IN COLUMN 16

AVERAGE MONTHLY: 79.5   TOTAL FOR MONTH:   3.75    1 = FOG OR MIST
DPTR FM NORMAL:  -0.5   DPTR FM NORMAL:    1.74    2 = FOG REDUCING VISIBILITY
HIGHEST:    87 ON  4    GRTST 24HR  2.75 ON  8- 9      TO 1/4 MILE OR LESS
LOWEST:     70 ON 13,12                            3 = THUNDER
                        SNOW, ICE PELLETS, HAIL    4 = ICE PELLETS
                        TOTAL MONTH:   0.0 INCH    5 = HAIL
                        GRTST 24HR     0.0         6 = FREEZING RAIN OR DRIZZLE
                        GRTST DEPTH:   0           7 = DUSTSTORM OR SANDSTORM:
                                                       VSBY 1/2 MILE OR LESS
                                                   8 = SMOKE OR HAZE
[NO. OF DAYS WITH]      [WEATHER - DAYS WITH]      9 = BLOWING SNOW
                                                   X = TORNADO
MAX 32 OR BELOW:   0    0.01 INCH OR MORE:  13
MAX 90 OR ABOVE:   0    0.10 INCH OR MORE:   5
MIN 32 OR BELOW:   0    0.50 INCH OR MORE:   2
MIN  0 OR BELOW:   0    1.00 INCH OR MORE:   1

[HDD (BASE 65) ]
TOTAL THIS MO.     0    CLEAR  (SCALE 0-3)   3
DPTR FM NORMAL     0    PTCLDY (SCALE 4-7)  23
TOTAL FM JUL 1     0    CLOUDY (SCALE 8-10)  3
DPTR FM NORMAL     0

[CDD (BASE 65) ]
TOTAL THIS MO.   425
DPTR FM NORMAL    -9    [PRESSURE DATA]
TOTAL FM JAN 1  2489    HIGHEST SLP M ON M
DPTR FM NORMAL   -17    LOWEST  SLP 29.86 ON 28

[REMARKS]
