000
CXUS54 KLZK 291130
CF6LIT
PRELIMINARY LOCAL CLIMATOLOGICAL DATA (WS FORM: F-6)

                                          STATION:   Little Rock Adams Field
                                          MONTH:     JULY
                                          YEAR:      2016
                                          LATITUDE:   34 43 N
                                          LONGITUDE:  92 14 W

  TEMPERATURE IN F:       :PCPN:    SNOW:  WIND      :SUNSHINE: SKY     :PK WND
================================================================================
1   2   3   4   5  6A  6B    7    8   9   10  11  12  13   14  15   16   17  18
                                     12Z  AVG MX 2MIN
DY MAX MIN AVG DEP HDD CDD  WTR  SNW DPTH SPD SPD DIR MIN PSBL S-S WX    SPD DR
================================================================================

 1  95  75  85   3   0  20 0.89  0.0    0  4.8 20 180   M    M   8 13     25 140
 2  95  76  86   4   0  21 0.00  0.0    M  6.7 15 200   M    M   7        19 200
 3  95  77  86   4   0  21 0.00  0.0    0  9.2 17 210   M    M   6        21 200
 4  92  76  84   2   0  19 0.01  0.0    0  9.9 21 240   M    M   8        28 240
 5  94  78  86   4   0  21 0.00  0.0    0  9.5 17 200   M    M   6        22 200
 6  96  79  88   6   0  23 0.00  0.0    0 11.3 23 230   M    M   5        29 200
 7  95  78  87   5   0  22 0.00  0.0    0 11.3 24 220   M    M   4        32 220
 8  98  79  89   7   0  24 0.00  0.0    0  9.5 21 230   M    M   6        27 220
 9  91  73  82  -1   0  17 0.31  0.0    0  4.4 30 320   M    M   8 13     39 330
10  94  70  82  -1   0  17 0.97  0.0    M  4.0 38 290   M    M   5 13     53 310
11  92  70  81  -2   0  16    T  0.0    0  7.2 16 160   M    M   5        21 170
12  94  76  85   2   0  20 0.00  0.0    0 10.3 18 180   M    M   3        23 220
13  95  78  87   4   0  22 0.00  0.0    0  8.5 17 190   M    M   6        23 160
14  96  71  84   1   0  19 0.69  0.0    0 10.0 46 300   M    M   8 13     68 280
15  91  71  81  -2   0  16 3.17  0.0    0  6.9 35 350   M    M   7 13     50 340
16  93  73  83   0   0  18 0.00  0.0    0  3.8 10 150   M    M   4 1      14 100
17  97  77  87   4   0  22 0.00  0.0    0  4.8  9 160   M    M   1         M  M
18  98  79  89   6   0  24 0.00  0.0    0  4.7 16 170   M    M   3        19 170
19  98  80  89   6   0  24 0.00  0.0    0  3.6 12 160   M    M   3 3      16 150
20  98  81  90   7   0  25 0.12  0.0    0  4.0 15 290   M    M   3 3      22 260
21  99  81  90   7   0  25 0.35  0.0    0  4.0 33 300   M    M   4 38     43 300
22 105  82  94  11   0  29 0.01  0.0    0  4.0 23  90   M    M   5 3      28  90
23 100  77  89   6   0  24 0.11  0.0    0  4.7 36  80   M    M   5 138    46  90
24  95  77  86   3   0  21 0.00  0.0    0  4.1 17 250   M    M   8 3      22 250
25  97  76  87   4   0  22 0.00  0.0    0  4.5 13 140   M    M   4        16 130
26  97  80  89   6   0  24 0.00  0.0    0  4.5 12 150   M    M   3        17 170
27  92  77  85   2   0  20 0.33  0.0    0  4.4 20 120   M    M   7 13     26 330
28  92  77  85   2   0  20 0.00  0.0    0  7.6 16 180   M    M   7        20 180
================================================================================
SM 2674 2144         0 596  6.96     0.0 182.2          M      149
================================================================================
AV 95.5 76.6                               6.5 FASTST   M    M   5    MAX(MPH)
                                 MISC ---->  # 46 300               # 68  280
================================================================================
NOTES:
# LAST OF SEVERAL OCCURRENCES

COLUMN 17 PEAK WIND IN M.P.H.

PRELIMINARY LOCAL CLIMATOLOGICAL DATA (WS FORM: F-6) , PAGE 2

                                          STATION:  Little Rock Adams Field
                                          MONTH:    JULY
                                          YEAR:     2016
                                          LATITUDE:   34 43 N
                                          LONGITUDE:  92 14 W

[TEMPERATURE DATA]      [PRECIPITATION DATA]       SYMBOLS USED IN COLUMN 16

AVERAGE MONTHLY: 86.0   TOTAL FOR MONTH:   6.96    1 = FOG OR MIST
DPTR FM NORMAL:   3.3   DPTR FM NORMAL:    3.97    2 = FOG REDUCING VISIBILITY
HIGHEST:   105 ON 22    GRTST 24HR  3.29 ON 14-15      TO 1/4 MILE OR LESS
LOWEST:     70 ON 11,10                            3 = THUNDER
                        SNOW, ICE PELLETS, HAIL    4 = ICE PELLETS
                        TOTAL MONTH:   0.0 INCH    5 = HAIL
                        GRTST 24HR     0.0         6 = FREEZING RAIN OR DRIZZLE
                        GRTST DEPTH:   0           7 = DUSTSTORM OR SANDSTORM:
                                                       VSBY 1/2 MILE OR LESS
                                                   8 = SMOKE OR HAZE
[NO. OF DAYS WITH]      [WEATHER - DAYS WITH]      9 = BLOWING SNOW
                                                   X = TORNADO
MAX 32 OR BELOW:   0    0.01 INCH OR MORE:  11
MAX 90 OR ABOVE:  28    0.10 INCH OR MORE:   9
MIN 32 OR BELOW:   0    0.50 INCH OR MORE:   4
MIN  0 OR BELOW:   0    1.00 INCH OR MORE:   1

[HDD (BASE 65) ]
TOTAL THIS MO.     0    CLEAR  (SCALE 0-3)   2
DPTR FM NORMAL     0    PTCLDY (SCALE 4-7)  26
TOTAL FM JUL 1     0    CLOUDY (SCALE 8-10)  0
DPTR FM NORMAL     0

[CDD (BASE 65) ]
TOTAL THIS MO.   596
DPTR FM NORMAL    99    [PRESSURE DATA]
TOTAL FM JAN 1  1410    HIGHEST SLP M ON M
DPTR FM NORMAL   207    LOWEST  SLP 29.83 ON  4

[REMARKS]
