000
CXUS54 KLZK 261430
CF6LIT
PRELIMINARY LOCAL CLIMATOLOGICAL DATA (WS FORM: F-6)

                                          STATION:   Little Rock Adams Field
                                          MONTH:     FEBRUARY
                                          YEAR:      2015
                                          LATITUDE:   34 43 N
                                          LONGITUDE:  92 14 W

  TEMPERATURE IN F:       :PCPN:    SNOW:  WIND      :SUNSHINE: SKY     :PK WND
================================================================================
1   2   3   4   5  6A  6B    7    8   9   10  11  12  13   14  15   16   17  18
                                     12Z  AVG MX 2MIN
DY MAX MIN AVG DEP HDD CDD  WTR  SNW DPTH SPD SPD DIR MIN PSBL S-S WX    SPD DR
================================================================================

 1  58  33  46   4  19   0 0.53  0.0    0 13.8 28 300   M    M  10 1      37 290
 2  41  26  34  -8  31   0 0.00  0.0    0  8.1 29 310   M    M   5        38 320
 3  53  25  39  -3  26   0 0.00  0.0    0  6.0 12 180   M    M   4        15 210
 4  59  32  46   4  19   0 0.02  0.0    0  5.1 24  10   M    M   9 1      33  10
 5  42  27  35  -7  30   0 0.00  0.0    0  8.6 21  20   M    M   6        26  10
 6  52  25  39  -4  26   0 0.00  0.0    0  5.8 16 220   M    M   3        22 220
 7  68  38  53  10  12   0 0.00  0.0    0  9.5 23 210   M    M   1        29 210
 8  69  51  60  17   5   0 0.00  0.0    0 10.7 16 230   M    M   8        23 220
 9  65  38  52   9  13   0 0.00  0.0    0  8.3 16  70   M    M   1        18  60
10  51  36  44   0  21   0 0.00  0.0    0  7.6 16  70   M    M   3        21  70
11  64  34  49   5  16   0 0.00  0.0    0  4.5 20  10   M    M   2        25 360
12  48  32  40  -4  25   0 0.00  0.0    0 11.7 23 360   M    M   4        28 360
13  48  27  38  -6  27   0 0.00  0.0    0  6.1 12 230   M    M   7        15 150
14  75  29  52   8  13   0 0.00  0.0    0  9.4 25  70   M    M   1        30  70
15  38  23  31 -14  34   0 0.07    T    0 15.0 24  60   M    M   7 146    31  80
16  30  24  27 -18  38   0 0.82  2.2    1 11.0 20 340   M    M   9 146    24 340
17  38  20  29 -16  36   0 0.02  0.4    2  5.8 16 240   M    M   6 1      23 220
18  42  23  33 -13  32   0 0.00  0.0    1 12.7 28 310   M    M   2        37 320
19  30  19  25 -21  40   0 0.00  0.0    T  7.2 13  60   M    M   6        15  80
20  37  25  31 -15  34   0 0.17  0.0    T  8.6 15 110   M    M  10 16     18 120
21  60  33  47   1  18   0 1.36  0.0    0  7.6 24 200   M    M   8 123    29 200
22  43  32  38  -9  27   0 0.52  0.1    0 11.6 21  30   M    M  10 14     26  40
23  32  22  27 -20  38   0 0.13  1.0    T  8.7 18  50   M    M  10 12     24  40
24  43  24  34 -13  31   0 0.00  0.0    1  5.1 10 270   M    M   9        14 270
25  34  30  32 -16  33   0 0.20  1.6    T  2.0  9 280   M    M  10 12     17 210
================================================================================
SM 1220  728       644   0  3.84     5.3 210.5          M      151
================================================================================
AV 48.8 29.1                               8.4 FASTST   M    M   6    MAX(MPH)
                                 MISC ---->  # 29 310               # 38  320
================================================================================
NOTES:
# LAST OF SEVERAL OCCURRENCES

COLUMN 17 PEAK WIND IN M.P.H.

PRELIMINARY LOCAL CLIMATOLOGICAL DATA (WS FORM: F-6) , PAGE 2

                                          STATION:  Little Rock Adams Field
                                          MONTH:    FEBRUARY
                                          YEAR:     2015
                                          LATITUDE:   34 43 N
                                          LONGITUDE:  92 14 W

[TEMPERATURE DATA]      [PRECIPITATION DATA]       SYMBOLS USED IN COLUMN 16

AVERAGE MONTHLY: 39.0   TOTAL FOR MONTH:   3.84    1 = FOG OR MIST
DPTR FM NORMAL:  -5.4   DPTR FM NORMAL:    0.61    2 = FOG REDUCING VISIBILITY
HIGHEST:    75 ON 14    GRTST 24HR  1.52 ON 20-21      TO 1/4 MILE OR LESS
LOWEST:     19 ON 19                               3 = THUNDER
                        SNOW, ICE PELLETS, HAIL    4 = ICE PELLETS
                        TOTAL MONTH:   5.3 INCHES  5 = HAIL
                        GRTST 24HR   2.2 ON   M    6 = FREEZING RAIN OR DRIZZLE
                        GRTST DEPTH:   2 ON 17     7 = DUSTSTORM OR SANDSTORM:
                                                       VSBY 1/2 MILE OR LESS
                                                   8 = SMOKE OR HAZE
[NO. OF DAYS WITH]      [WEATHER - DAYS WITH]      9 = BLOWING SNOW
                                                   X = TORNADO
MAX 32 OR BELOW:   3    0.01 INCH OR MORE:  10
MAX 90 OR ABOVE:   0    0.10 INCH OR MORE:   7
MIN 32 OR BELOW:  18    0.50 INCH OR MORE:   4
MIN  0 OR BELOW:   0    1.00 INCH OR MORE:   1

[HDD (BASE 65) ]
TOTAL THIS MO.   644    CLEAR  (SCALE 0-3)   7
DPTR FM NORMAL   127    PTCLDY (SCALE 4-7)  10
TOTAL FM JUL 1  2544    CLOUDY (SCALE 8-10)  8
DPTR FM NORMAL    81

[CDD (BASE 65) ]
TOTAL THIS MO.     0
DPTR FM NORMAL     0    [PRESSURE DATA]
TOTAL FM JAN 1     0    HIGHEST SLP M ON M
DPTR FM NORMAL    -1    LOWEST  SLP 29.76 ON 21

[REMARKS]
