000
CXUS55 KPIH 201200
CF6LLJ

PRELIMINARY LOCAL CLIMATOLOGICAL DATA (WS FORM: F-6)

                                          STATION:   CHALLIS ID
                                          MONTH:     AUGUST
                                          YEAR:      2014
                                          LATITUDE:   44 31 N
                                          LONGITUDE: 114 13 W

  TEMPERATURE IN F:       :PCPN:    SNOW:  WIND      :SUNSHINE: SKY     :PK WND
================================================================================
1   2   3   4   5  6A  6B    7    8   9   10  11  12  13   14  15   16   17  18
                                     12Z  AVG MX 2MIN
DY MAX MIN AVG DEP HDD CDD  WTR  SNW DPTH SPD SPD DIR MIN PSBL S-S WX    SPD DR
================================================================================

 1  86  58  72   2   0   7 0.07    M    M  4.6 20 330   M    M   2 3      23 300
 2  86  54  70   0   0   5 0.00    M    M  4.7 14 310   M    M   1        18 310
 3  88  54  71   2   0   6 0.01    M    M  4.8 30 260   M    M   2 3      38 260
 4  80  56  68  -1   0   3 0.00    M    M  4.4 15 290   M    M   2        19 140
 5  86  50  68  -1   0   3 0.00    M    M  3.7 18 150   M    M   0        24 150
 6  81  57  69   0   0   4    T    M    M  4.5 21 310   M    M   3 3      28 290
 7  87  53  70   1   0   5 0.00    M    M  4.8 18 120   M    M   1        24 150
 8  75  55  65  -3   0   0 0.11    M    M  3.5 29 290   M    M   2 13     34 290
 9  85  47  66  -2   0   1 0.00    M    M  3.8 25 200   M    M   1        32 210
10  89  51  70   2   0   5    T    M    M  2.7 12 230   M    M   1        16 250
11  93  54  74   6   0   9    T    M    M  4.0 23 140   M    M   0        40 160
12  77  59  68   0   0   3 0.50    M    M  3.4 17 270   M    M   3 13     21 280
13  80  52  66  -1   0   1 0.01    M    M  4.6 22 330   M    M   2 3      27 300
14  79  53  66  -1   0   1 0.03    M    M  4.1 14 310   M    M   2 13     16 310
15  83  47  65  -2   0   0    T    M    M  5.5 23 260   M    M   2        29 260
16  85  49  67   1   0   2 0.00    M    M  6.3 21 240   M    M   1        26 280
17  88  48  68   2   0   3 0.00    M    M  4.5 14 230   M    M   0        19 230
18  87  50  69   3   0   4 0.00    M    M  3.9 15 170   M    M   0        17 160
19  85  53  69   3   0   4 0.04    M    M  6.6 25 260   M    M   1        36 260
================================================================================
SM 1600 1000         0  66  0.77    M     84.4          M       26
================================================================================
AV 84.2 52.6                               4.4 FASTST   M    M   1    MAX(MPH)
                                 MISC ---->  # 30 260               # 40  160
================================================================================
NOTES:
# LAST OF SEVERAL OCCURRENCES

COLUMN 17 PEAK WIND IN M.P.H.

PRELIMINARY LOCAL CLIMATOLOGICAL DATA (WS FORM: F-6) , PAGE 2

                                          STATION:  CHALLIS ID
                                          MONTH:    AUGUST
                                          YEAR:     2014
                                          LATITUDE:   44 31 N
                                          LONGITUDE: 114 13 W

[TEMPERATURE DATA]      [PRECIPITATION DATA]       SYMBOLS USED IN COLUMN 16

AVERAGE MONTHLY: 68.4   TOTAL FOR MONTH:   0.77    1 = FOG OR MIST
DPTR FM NORMAL:   0.5   DPTR FM NORMAL:    0.27    2 = FOG REDUCING VISIBILITY
HIGHEST:    93 ON 11    GRTST 24HR  0.50 ON 12-12      TO 1/4 MILE OR LESS
LOWEST:     47 ON 15, 9                            3 = THUNDER
                        SNOW, ICE PELLETS, HAIL    4 = ICE PELLETS
                        TOTAL MONTH:    M          5 = HAIL
                        GRTST 24HR    M  ON   M    6 = FREEZING RAIN OR DRIZZLE
                        GRTST DEPTH:  M  ON   M    7 = DUSTSTORM OR SANDSTORM:
                                                       VSBY 1/2 MILE OR LESS
                                                   8 = SMOKE OR HAZE
[NO. OF DAYS WITH]      [WEATHER - DAYS WITH]      9 = BLOWING SNOW
                                                   X = TORNADO
MAX 32 OR BELOW:   0    0.01 INCH OR MORE:   7
MAX 90 OR ABOVE:   1    0.10 INCH OR MORE:   2
MIN 32 OR BELOW:   0    0.50 INCH OR MORE:   1
MIN  0 OR BELOW:   0    1.00 INCH OR MORE:   0

[HDD (BASE 65) ]
TOTAL THIS MO.     0    CLEAR  (SCALE 0-3)  18
DPTR FM NORMAL   -16    PTCLDY (SCALE 4-7)   1
TOTAL FM JUL 1     1    CLOUDY (SCALE 8-10)  0
DPTR FM NORMAL   -36

[CDD (BASE 65) ]
TOTAL THIS MO.    66
DPTR FM NORMAL    -3    [PRESSURE DATA]
TOTAL FM JAN 1   301    HIGHEST SLP M ON M
DPTR FM NORMAL    76    LOWEST  SLP 29.68 ON 19

[REMARKS]
