000
CXUS54 KLZK 201130
CF6LLQ
PRELIMINARY LOCAL CLIMATOLOGICAL DATA (WS FORM: F-6)

                                          STATION:   Monticello
                                          MONTH:     OCTOBER
                                          YEAR:      2017
                                          LATITUDE:   33 37 N
                                          LONGITUDE:  91 45 W

  TEMPERATURE IN F:       :PCPN:    SNOW:  WIND      :SUNSHINE: SKY     :PK WND
================================================================================
1   2   3   4   5  6A  6B    7    8   9   10  11  12  13   14  15   16   17  18
                                     12Z  AVG MX 2MIN
DY MAX MIN AVG DEP HDD CDD  WTR  SNW DPTH SPD SPD DIR MIN PSBL S-S WX    SPD DR
================================================================================

 1  87  60  74   5   0   9 0.00  0.0    0  4.0 12  80   M    M   3        16  70
 2  75  65  70   1   0   5 0.09  0.0    0  5.9 13 100   M    M   8 18     17 100
 3  87  69  78   9   0  13 0.00  0.0    0  5.8 14 140   M    M   3        20 110
 4  86  64  75   7   0  10 0.00  0.0    0  2.9 12  70   M    M   0        16 110
 5  86  62  74   6   0   9 0.00  0.0    0  1.5  9 130   M    M   1        12 120
 6  87  62  75   7   0  10 0.00  0.0    0  2.8 10 190   M    M   0        14 210
 7  87  69  78  11   0  13 0.08  0.0    0  4.3 14 170   M    M   5 13     19 150
 8  90  72  81  14   0  16 0.00  0.0    0  3.3  9 190   M    M   5 12     13 180
 9  90  71  81  15   0  16 0.24  0.0    0  2.1  9 200   M    M   4 1      14 160
10  91  59  75   9   0  10 0.00  0.0    0  5.8 14 330   M    M   2 1      19 310
11  74  52  63  -3   2   0 0.00  0.0    0  2.9  9  50   M    M   1        14  40
12  79  53  66   0   0   1 0.00  0.0    0  2.0  9  90   M    M   0        12  40
13  86  58  72   7   0   7 0.00  0.0    0  1.3  7  70   M    M   0        10  60
14  91  61  76  11   0  11 0.00  0.0    0  4.6 13 200   M    M   1        17 160
15  81  55  68   3   0   3 0.05  0.0    0  5.5 15  10   M    M   4 1      23 360
16  70  45  58  -6   7   0 0.00  0.0    0  6.3 22  60   M    M   0        29  50
17  75  43  59  -5   6   0 0.00  0.0    0  3.0 12  60   M    M   0        15  70
18  77  44  61  -3   4   0 0.00  0.0    0  3.2  9 120   M    M   0        13 120
19  79  45  62  -1   3   0 0.00  0.0    0  2.0  9 100   M    M   0        12 100
================================================================================
SM 1578 1109        22 133  0.46     0.0  69.2          M       37
================================================================================
AV 83.1 58.4                               3.6 FASTST   M    M   2    MAX(MPH)
                                 MISC ---->  # 22  60               # 29   50
================================================================================
NOTES:
# LAST OF SEVERAL OCCURRENCES

COLUMN 17 PEAK WIND IN M.P.H.

PRELIMINARY LOCAL CLIMATOLOGICAL DATA (WS FORM: F-6) , PAGE 2

                                          STATION:  Monticello
                                          MONTH:    OCTOBER
                                          YEAR:     2017
                                          LATITUDE:   33 37 N
                                          LONGITUDE:  91 45 W

[TEMPERATURE DATA]      [PRECIPITATION DATA]       SYMBOLS USED IN COLUMN 16

AVERAGE MONTHLY: 70.7   TOTAL FOR MONTH:   0.46    1 = FOG OR MIST
DPTR FM NORMAL:   4.4   DPTR FM NORMAL:   -2.20    2 = FOG REDUCING VISIBILITY
HIGHEST:    91 ON 14,10 GRTST 24HR  0.24 ON  9- 9      TO 1/4 MILE OR LESS
LOWEST:     43 ON 17                               3 = THUNDER
                        SNOW, ICE PELLETS, HAIL    4 = ICE PELLETS
                        TOTAL MONTH:   0.0 INCH    5 = HAIL
                        GRTST 24HR     0.0         6 = FREEZING RAIN OR DRIZZLE
                        GRTST DEPTH:   0           7 = DUSTSTORM OR SANDSTORM:
                                                       VSBY 1/2 MILE OR LESS
                                                   8 = SMOKE OR HAZE
[NO. OF DAYS WITH]      [WEATHER - DAYS WITH]      9 = BLOWING SNOW
                                                   X = TORNADO
MAX 32 OR BELOW:   0    0.01 INCH OR MORE:   4
MAX 90 OR ABOVE:   4    0.10 INCH OR MORE:   1
MIN 32 OR BELOW:   0    0.50 INCH OR MORE:   0
MIN  0 OR BELOW:   0    1.00 INCH OR MORE:   0

[HDD (BASE 65) ]
TOTAL THIS MO.    22    CLEAR  (SCALE 0-3)  14
DPTR FM NORMAL   -29    PTCLDY (SCALE 4-7)   5
TOTAL FM JUL 1    25    CLOUDY (SCALE 8-10)  0
DPTR FM NORMAL   -40

[CDD (BASE 65) ]
TOTAL THIS MO.   133
DPTR FM NORMAL    57    [PRESSURE DATA]
TOTAL FM JAN 1  2286    HIGHEST SLP 30.19 ON 13
DPTR FM NORMAL   112    LOWEST  SLP 29.90 ON 10

[REMARKS]
ALL SNOWFALL DATA IS FROM THE UNIVERSITY OF ARKANSAS AT MONTICELLO COOPERATIVE OBSERVER SITE
