000
CXUS56 KMFR 221000
CF6LMT
PRELIMINARY LOCAL CLIMATOLOGICAL DATA (WS FORM: F-6)

                                          STATION:   KLAMATH FALLS OR
                                          MONTH:     FEBRUARY
                                          YEAR:      2017
                                          LATITUDE:   42  9 N
                                          LONGITUDE: 121 44 W

  TEMPERATURE IN F:       :PCPN:    SNOW:  WIND      :SUNSHINE: SKY     :PK WND
================================================================================
1   2   3   4   5  6A  6B    7    8   9   10  11  12  13   14  15   16   17  18
                                     12Z  AVG MX 2MIN
DY MAX MIN AVG DEP HDD CDD  WTR  SNW DPTH SPD SPD DIR MIN PSBL S-S WX    SPD DR
================================================================================

 1  40  24  32   0  33   0    T    M    M  5.4 17 340   M    M   7        20 340
 2  41  25  33   1  32   0    T    M    M 10.0 18 140   M    M   7 1      23 150
 3  46  36  41   9  24   0 0.12    M    M 13.9 26 170   M    M   8 1      34 170
 4  46  35  41   9  24   0    T    M    M 11.6 25 200   M    M   9        30 220
 5  47  34  41   9  24   0    T    M    M 21.1 39 170   M    M   1        48 160
 6  41  32  37   4  28   0 0.04    M    M 11.7 24 250   M    M   7 1      33 270
 7  48  31  40   7  25   0 0.54    M    M 12.6 31 250   M    M   5 1      43 270
 8  53  31  42   9  23   0 0.01    M    M  9.8 29 200   M    M  10        40 220
 9  51  33  42   9  23   0 0.13    M    M 18.4 38 180   M    M   9 1      50 180
10  43  26  35   2  30   0    T    M    M  7.0 25 300   M    M   4 18     29 300
11  43  22  33  -1  32   0 0.00    M    M  3.6 10  80   M    M   0        13 340
12  46  23  35   1  30   0 0.00    M    M  4.9 12 340   M    M   0        13 330
13  50  29  40   6  25   0 0.00    M    M  5.2 12 340   M    M   0        13 330
14  61  24  43   9  22   0 0.00    M    M  7.9 18 170   M    M   0        24 150
15  51  42  47  13  18   0    T    M    M 21.5 45 180   M    M   9        58 180
16  50  33  42   8  23   0 0.19    M    M 17.4 38 180   M    M   8 1      46 180
17  45  33  39   4  26   0 0.15    M    M  9.3 22  80   M    M   9 1      25  80
18  43  33  38   3  27   0 0.20    M    M  6.1 17 260   M    M   9 1      20 280
19  48  32  40   5  25   0 0.16    M    M 12.8 28 170   M    M   8 1      35 190
20  50  36  43   8  22   0 0.22    M    M 18.7 37 170   M    M   8 1      46 170
21  44  31  38   2  27   0 0.03    M    M 13.8 37 210   M    M   5 1      45 210
================================================================================
SM  987  645       543   0  1.79    M    242.7          M      123
================================================================================
AV 47.0 30.7                              11.6 FASTST   M    M   6    MAX(MPH)
                                 MISC ---->  # 45 180               # 58  180
================================================================================
NOTES:
# LAST OF SEVERAL OCCURRENCES

COLUMN 17 PEAK WIND IN M.P.H.

PRELIMINARY LOCAL CLIMATOLOGICAL DATA (WS FORM: F-6) , PAGE 2

                                          STATION:  KLAMATH FALLS OR
                                          MONTH:    FEBRUARY
                                          YEAR:     2017
                                          LATITUDE:   42  9 N
                                          LONGITUDE: 121 44 W

[TEMPERATURE DATA]      [PRECIPITATION DATA]       SYMBOLS USED IN COLUMN 16

AVERAGE MONTHLY: 38.9   TOTAL FOR MONTH:   1.79    1 = FOG OR MIST
DPTR FM NORMAL:   5.3   DPTR FM NORMAL:    0.34    2 = FOG REDUCING VISIBILITY
HIGHEST:    61 ON 14    GRTST 24HR  0.55 ON  6- 7      TO 1/4 MILE OR LESS
LOWEST:     22 ON 11                               3 = THUNDER
                        SNOW, ICE PELLETS, HAIL    4 = ICE PELLETS
                        TOTAL MONTH:    M          5 = HAIL
                        GRTST 24HR    M  ON   M    6 = FREEZING RAIN OR DRIZZLE
                        GRTST DEPTH:  M  ON   M    7 = DUSTSTORM OR SANDSTORM:
                                                       VSBY 1/2 MILE OR LESS
                                                   8 = SMOKE OR HAZE
[NO. OF DAYS WITH]      [WEATHER - DAYS WITH]      9 = BLOWING SNOW
                                                   X = TORNADO
MAX 32 OR BELOW:   0    0.01 INCH OR MORE:  11
MAX 90 OR ABOVE:   0    0.10 INCH OR MORE:   8
MIN 32 OR BELOW:  12    0.50 INCH OR MORE:   1
MIN  0 OR BELOW:   0    1.00 INCH OR MORE:   0

[HDD (BASE 65) ]
TOTAL THIS MO.   543    CLEAR  (SCALE 0-3)   5
DPTR FM NORMAL  -116    PTCLDY (SCALE 4-7)   7
TOTAL FM JUL 1  4583    CLOUDY (SCALE 8-10)  9
DPTR FM NORMAL   -56

[CDD (BASE 65) ]
TOTAL THIS MO.     0
DPTR FM NORMAL     0    [PRESSURE DATA]
TOTAL FM JAN 1     0    HIGHEST SLP M ON M
DPTR FM NORMAL     0    LOWEST  SLP  0.00 ON 17

[REMARKS]
