000
CXUS55 KRIW 200945
CF6LND
PRELIMINARY LOCAL CLIMATOLOGICAL DATA (WS FORM: F-6)

                                          STATION:   LANDER WY
                                          MONTH:     FEBRUARY
                                          YEAR:      2018
                                          LATITUDE:   42 49 N
                                          LONGITUDE: 108 44 W

  TEMPERATURE IN F:       :PCPN:    SNOW:  WIND      :SUNSHINE: SKY     :PK WND
================================================================================
1   2   3   4   5  6A  6B    7    8   9   10  11  12  13   14  15   16   17  18
                                     12Z  AVG MX 2MIN
DY MAX MIN AVG DEP HDD CDD  WTR  SNW DPTH SPD SPD DIR MIN PSBL S-S WX    SPD DR
================================================================================

 1  33  17  25   3  40   0    T    T    2  2.8  9 260   M    M   3 1      11 350
 2  47  14  31   9  34   0 0.00  0.0    1  4.1 17 130   M    M   0        20 130
 3  50  30  40  18  25   0 0.00  0.0    T  6.8 28 290   M    M   1        35 290
 4  46  10  28   5  37   0 0.00  0.0    T  6.0 22 300   M    M   4 18     30 300
 5  41  20  31   8  34   0 0.08  0.1    T  8.2 51 340   M    M   3 1      66 340
 6  44  18  31   8  34   0 0.00  0.0    T  5.1 15 350   M    M   3        20 330
 7  49  19  34  11  31   0 0.00  0.0    M  4.1 13 280   M    M   0        15 270
 8  54  36  45  22  20   0 0.00  0.0    0 12.7 32 240   M    M   1        43 300
 9  46   8  27   4  38   0 0.20  2.8    0  6.1 20 290   M    M   9 18     26 280
10  22   4  13 -11  52   0 0.07  1.0    3  2.3  9 120   M    M   4 1      12 120
11  23   1  12 -12  53   0    T    T    3  6.5 18 340   M    M   1 18     24 330
12  15   2   9 -15  56   0 0.01    T    2  5.5 17 360   M    M   7 18     22 330
13  31  -2  15  -9  50   0 0.00  0.0    2  3.0 10  90   M    M   0        12  90
14  43  17  30   5  35   0 0.00  0.0    1  6.8 21 220   M    M   1        26 220
15  33   5  19  -6  46   0 0.09  1.5    2  7.5 23 250   M    M   3 128    27 250
16  32   2  17  -8  48   0 0.00  0.0    2  5.7 24 250   M    M   0        28 250
17  47  22  35   9  30   0 0.00  0.0    2 11.6 39 210   M    M   2        54 200
18  47   4  26   0  39   0 0.20  1.6    2 14.4 40 240   M    M   8 1      51 250
19   4  -5   0 -26  65   0 0.29  2.3    3  5.2 10  80   M    M  10 18     13  80
================================================================================
SM  707  222       767   0  0.94     9.3 124.4          M       60
================================================================================
AV 37.2 11.7                               6.5 FASTST   M    M   3    MAX(MPH)
                                 MISC ---->  # 51 340               # 66  340
================================================================================
NOTES:
# LAST OF SEVERAL OCCURRENCES

COLUMN 17 PEAK WIND IN M.P.H.

PRELIMINARY LOCAL CLIMATOLOGICAL DATA (WS FORM: F-6) , PAGE 2

                                          STATION:  LANDER WY
                                          MONTH:    FEBRUARY
                                          YEAR:     2018
                                          LATITUDE:   42 49 N
                                          LONGITUDE: 108 44 W

[TEMPERATURE DATA]      [PRECIPITATION DATA]       SYMBOLS USED IN COLUMN 16

AVERAGE MONTHLY: 24.5   TOTAL FOR MONTH:   0.94    1 = FOG OR MIST
DPTR FM NORMAL:   0.6   DPTR FM NORMAL:    0.58    2 = FOG REDUCING VISIBILITY
HIGHEST:    54 ON  8    GRTST 24HR  0.29 ON 19-19      TO 1/4 MILE OR LESS
LOWEST:     -5 ON 19                               3 = THUNDER
                        SNOW, ICE PELLETS, HAIL    4 = ICE PELLETS
                        TOTAL MONTH:   9.3 INCHES  5 = HAIL
                        GRTST 24HR   2.8 ON  9- 9  6 = FREEZING RAIN OR DRIZZLE
                        GRTST DEPTH:   3 ON 19,11  7 = DUSTSTORM OR SANDSTORM:
                                                       VSBY 1/2 MILE OR LESS
                                                   8 = SMOKE OR HAZE
[NO. OF DAYS WITH]      [WEATHER - DAYS WITH]      9 = BLOWING SNOW
                                                   X = TORNADO
MAX 32 OR BELOW:   6    0.01 INCH OR MORE:   7
MAX 90 OR ABOVE:   0    0.10 INCH OR MORE:   3
MIN 32 OR BELOW:  18    0.50 INCH OR MORE:   0
MIN  0 OR BELOW:   2    1.00 INCH OR MORE:   0

[HDD (BASE 65) ]
TOTAL THIS MO.   767    CLEAR  (SCALE 0-3)  12
DPTR FM NORMAL   -15    PTCLDY (SCALE 4-7)   5
TOTAL FM JUL 1  4987    CLOUDY (SCALE 8-10)  2
DPTR FM NORMAL  -385

[CDD (BASE 65) ]
TOTAL THIS MO.     0
DPTR FM NORMAL     0    [PRESSURE DATA]
TOTAL FM JAN 1     0    HIGHEST SLP M ON M
DPTR FM NORMAL     0    LOWEST  SLP 29.41 ON 18

[REMARKS]
