000
CXUS53 KLMK 280800
CF6LOU
PRELIMINARY LOCAL CLIMATOLOGICAL DATA (WS FORM: F-6)

                                          STATION:   LOUISVILLE BOWMAN KY
                                          MONTH:     JULY
                                          YEAR:      2017
                                          LATITUDE:   38 13 N
                                          LONGITUDE:  85 40 W

  TEMPERATURE IN F:       :PCPN:    SNOW:  WIND      :SUNSHINE: SKY     :PK WND
================================================================================
1   2   3   4   5  6A  6B    7    8   9   10  11  12  13   14  15   16   17  18
                                     12Z  AVG MX 2MIN
DY MAX MIN AVG DEP HDD CDD  WTR  SNW DPTH SPD SPD DIR MIN PSBL S-S WX    SPD DR
================================================================================

 1  87  68  78   0   0  13    T    M    M  5.4 12 230   M    M   2 13     16 260
 2  90  71  81   3   0  16 0.00    M    M  4.7 14 250   M    M   2 1      18 260
 3  88  66  77  -1   0  12 0.00    M    M  2.2  9 130   M    M   2        13  90
 4  83  74  79   1   0  14 0.08    M    M  3.6 10  40   M    M   5 1      14 120
 5  83  70  77  -1   0  12 0.03    M    M  2.2  9  80   M    M   3 1      12 120
 6  80  70  75  -3   0  10 1.00    M    M  3.1 10 240   M    M   6 13     13 210
 7  89  67  78   0   0  13 0.32    M    M  6.9 25 350   M    M   4 123    34 350
 8  88  67  78   0   0  13 0.00    M    M  4.7 16 300   M    M   2 1      22 300
 9  88  64  76  -2   0  11 0.00    M    M  2.5 12 300   M    M   1        16 290
10  89  74  82   4   0  17 0.00    M    M  8.8 20 250   M    M   2        27 250
11  87  77  82   4   0  17    T    M    M  5.7 14 190   M    M   1        19 210
12  91  71  81   3   0  16    T    M    M  8.2 17 220   M    M   0        22 220
13  93  75  84   6   0  19 0.00    M    M  9.3 18 260   M    M   2        24 240
14  90  75  83   5   0  18 0.00    M    M  5.2 12 300   M    M   3        16 280
15  85  67  76  -2   0  11 0.00    M    M  4.3 12  30   M    M   1        15 360
16  89  64  77  -1   0  12 0.00    M    M  2.5  9 230   M    M   0 1      12 310
17  92  68  80   2   0  15 0.00    M    M  2.9 12 200   M    M   1        15 140
18  93  71  82   4   0  17    T    M    M  4.6 13 220   M    M   4        16 220
19  93  68  81   3   0  16 0.00    M    M  3.7 12  20   M    M   1        15 360
20  94  72  83   5   0  18 0.00    M    M  4.7 17 210   M    M   0        20 210
21  96  76  86   8   0  21 0.00    M    M  5.7 16 190   M    M   1 18     22 210
22  96  80  88  10   0  23 0.00    M    M 10.0 24 210   M    M   1 138    31 200
23  88  71  80   2   0  15 1.27    M    M  8.0 29 280   M    M   4 13     39 270
24  93  72  83   5   0  18 0.00    M    M  5.3 15 330   M    M   1 1      18 290
25  88  69  79   1   0  14 0.00    M    M  7.4 13  50   M    M   2        21  40
26  92  69  81   3   0  16 0.00    M    M  4.6 13 210   M    M   3        15 220
27  89  78  84   6   0  19    T    M    M  5.3 12 280   M    M   3 1      14 280
================================================================================
SM 2414 1914         0 416  2.70    M    141.5          M       57
================================================================================
AV 89.4 70.9                               5.2 FASTST   M    M   2    MAX(MPH)
                                 MISC ---->  # 29 280               # 39  270
================================================================================
NOTES:
# LAST OF SEVERAL OCCURRENCES

COLUMN 17 PEAK WIND IN M.P.H.

PRELIMINARY LOCAL CLIMATOLOGICAL DATA (WS FORM: F-6) , PAGE 2

                                          STATION:  LOUISVILLE BOWMAN KY
                                          MONTH:    JULY
                                          YEAR:     2017
                                          LATITUDE:   38 13 N
                                          LONGITUDE:  85 40 W

[TEMPERATURE DATA]      [PRECIPITATION DATA]       SYMBOLS USED IN COLUMN 16

AVERAGE MONTHLY: 80.2   TOTAL FOR MONTH:   2.70    1 = FOG OR MIST
DPTR FM NORMAL:   2.1   DPTR FM NORMAL:   -0.97    2 = FOG REDUCING VISIBILITY
HIGHEST:    96 ON 22,21 GRTST 24HR  1.27 ON 23-23      TO 1/4 MILE OR LESS
LOWEST:     64 ON 16, 9                            3 = THUNDER
                        SNOW, ICE PELLETS, HAIL    4 = ICE PELLETS
                        TOTAL MONTH:    M          5 = HAIL
                        GRTST 24HR    M  ON   M    6 = FREEZING RAIN OR DRIZZLE
                        GRTST DEPTH:  M  ON   M    7 = DUSTSTORM OR SANDSTORM:
                                                       VSBY 1/2 MILE OR LESS
                                                   8 = SMOKE OR HAZE
[NO. OF DAYS WITH]      [WEATHER - DAYS WITH]      9 = BLOWING SNOW
                                                   X = TORNADO
MAX 32 OR BELOW:   0    0.01 INCH OR MORE:   5
MAX 90 OR ABOVE:  12    0.10 INCH OR MORE:   3
MIN 32 OR BELOW:   0    0.50 INCH OR MORE:   2
MIN  0 OR BELOW:   0    1.00 INCH OR MORE:   2

[HDD (BASE 65) ]
TOTAL THIS MO.     0    CLEAR  (SCALE 0-3)  20
DPTR FM NORMAL     0    PTCLDY (SCALE 4-7)   7
TOTAL FM JUL 1     0    CLOUDY (SCALE 8-10)  0
DPTR FM NORMAL     0

[CDD (BASE 65) ]
TOTAL THIS MO.   416
DPTR FM NORMAL    65    [PRESSURE DATA]
TOTAL FM JAN 1   970    HIGHEST SLP M ON M
DPTR FM NORMAL   167    LOWEST  SLP 29.78 ON 22

[REMARKS]
