000
CXUS54 KLZK 221130
CF6LRF
PRELIMINARY LOCAL CLIMATOLOGICAL DATA (WS FORM: F-6)

                                          STATION:   Jacksonville/Little Rock AFB
                                          MONTH:     FEBRUARY
                                          YEAR:      2018
                                          LATITUDE:   34 55 N
                                          LONGITUDE:  92  9 W

  TEMPERATURE IN F:       :PCPN:    SNOW:  WIND      :SUNSHINE: SKY     :PK WND
================================================================================
1   2   3   4   5  6A  6B    7    8   9   10  11  12  13   14  15   16   17  18
                                     12Z  AVG MX 2MIN
DY MAX MIN AVG DEP HDD CDD  WTR  SNW DPTH SPD SPD DIR MIN PSBL S-S WX    SPD DR
================================================================================

 1  53  35  44   2  21   0    T    M    0  6.0 14  20   M    M   5 1      22  10
 2  41  26  34  -8  31   0 0.00  0.0    0  6.1 10  20   M    M   2         M  M
 3  46  26  36  -6  29   0 0.12    M    0  4.3 12 140   M    M   8 1       M  M
 4  58  28  43   0  22   0    T    M    0  6.7 16 340   M    M   6 12     37 340
 5  42  20  31 -12  34   0 0.00  0.0    0  5.6 12 150   M    M   3         M  M
 6  42  32  37  -6  28   0 0.55  0.0    0  8.8 15  70   M    M  10 13     22  70
 7  42  25  34  -9  31   0 0.01  0.0    0  6.1 12 350   M    M   7 1      21  10
 8  51  21  36  -8  29   0 0.00  0.0    0  1.6  9 150   M    M   0         M  M
 9  64  26  45   1  20   0 0.25  0.0    0  2.9  9 160   M    M   6 1       M  M
10  54  38  46   2  19   0 0.15  0.0    0  6.1 12  60   M    M  10 18      M  M
11  38  30  34 -10  31   0 0.10    T    0  7.7 12 350   M    M  10 1       M  M
12  45  27  36  -9  29   0 0.00  0.0    0 10.4 14  40   M    M   4        21  50
13  45  29  37  -8  28   0 0.04    M    0  3.3  7  70   M    M   8 1       M  M
14  60  43  52   7  13   0 0.54    M    0  4.4  9 220   M    M  10 1       M  M
15  74  57  66  21   0   1    T  0.0    0 12.4 23 220   M    M   7 1      33 240
16  68  45  57  11   8   0 0.01    M    0  7.6 10  20   M    M   7        20  10
17  50  34  42  -4  23   0 0.47    M    0  4.5 10  80   M    M   6 1       M  M
18  51  32  42  -4  23   0    T    M    0  5.2 12  90   M    M   8 12     22 110
19  76  51  64  18   1   0 0.00  0.0    0  8.8 18 160   M    M   5 1      33 210
20  80  63  72  25   0   7 1.38  0.0    0 10.0 15 190   M    M   7 13     30 160
21  61  37  49   2  16   0 3.19    M    M  9.7 15  70   M    M   9 1      20 340
================================================================================
SM 1141  725       436   8  6.81    T    138.2          M      138
================================================================================
AV 54.3 34.5                               6.6 FASTST   M    M   7    MAX(MPH)
                                 MISC ---->  # 23 220               # 37  340
================================================================================
NOTES:
# LAST OF SEVERAL OCCURRENCES

COLUMN 17 PEAK WIND IN M.P.H.

PRELIMINARY LOCAL CLIMATOLOGICAL DATA (WS FORM: F-6) , PAGE 2

                                          STATION:  Jacksonville/Little Rock AFB
                                          MONTH:    FEBRUARY
                                          YEAR:     2018
                                          LATITUDE:   34 55 N
                                          LONGITUDE:  92  9 W

[TEMPERATURE DATA]      [PRECIPITATION DATA]       SYMBOLS USED IN COLUMN 16

AVERAGE MONTHLY: 44.4   TOTAL FOR MONTH:   6.81    1 = FOG OR MIST
DPTR FM NORMAL:   0.0   DPTR FM NORMAL:    4.42    2 = FOG REDUCING VISIBILITY
HIGHEST:    80 ON 20    GRTST 24HR  3.19 ON 21-21      TO 1/4 MILE OR LESS
LOWEST:     20 ON  5                               3 = THUNDER
                        SNOW, ICE PELLETS, HAIL    4 = ICE PELLETS
                        TOTAL MONTH:    T          5 = HAIL
                        GRTST 24HR    T  ON 11-11  6 = FREEZING RAIN OR DRIZZLE
                        GRTST DEPTH:   0           7 = DUSTSTORM OR SANDSTORM:
                                                       VSBY 1/2 MILE OR LESS
                                                   8 = SMOKE OR HAZE
[NO. OF DAYS WITH]      [WEATHER - DAYS WITH]      9 = BLOWING SNOW
                                                   X = TORNADO
MAX 32 OR BELOW:   0    0.01 INCH OR MORE:  12
MAX 90 OR ABOVE:   0    0.10 INCH OR MORE:   9
MIN 32 OR BELOW:  12    0.50 INCH OR MORE:   4
MIN  0 OR BELOW:   0    1.00 INCH OR MORE:   2

[HDD (BASE 65) ]
TOTAL THIS MO.   436    CLEAR  (SCALE 0-3)   3
DPTR FM NORMAL    -5    PTCLDY (SCALE 4-7)  11
TOTAL FM JUL 1  2368    CLOUDY (SCALE 8-10)  7
DPTR FM NORMAL  -120

[CDD (BASE 65) ]
TOTAL THIS MO.     8
DPTR FM NORMAL     8    [PRESSURE DATA]
TOTAL FM JAN 1     8    HIGHEST SLP M ON M
DPTR FM NORMAL     8    LOWEST  SLP M ON M

[REMARKS]
