000
CXUS54 KFWD 200730
CF6LUD
PRELIMINARY LOCAL CLIMATOLOGICAL DATA (WS FORM: F-6)

                                          STATION:   DECATUR
                                          MONTH:     JULY
                                          YEAR:      2017
                                          LATITUDE:   33 15 N
                                          LONGITUDE:  97 30 W

  TEMPERATURE IN F:       :PCPN:    SNOW:  WIND      :SUNSHINE: SKY     :PK WND
================================================================================
1   2   3   4   5  6A  6B    7    8   9   10  11  12  13   14  15   16   17  18
                                     12Z  AVG MX 2MIN
DY MAX MIN AVG DEP HDD CDD  WTR  SNW DPTH SPD SPD DIR MIN PSBL S-S WX    SPD DR
================================================================================

 1  85  67  76  -5   0  11 0.08  0.0    0  6.3 15 260   M    M   3        22 260
 2  93  73  83   2   0  18 0.00  0.0    0  9.8 17 190   M    M   0 1      22 190
 3  92  78  85   4   0  20 0.00  0.0    0 10.2 17 180   M    M   1        21 180
 4  91  66  79  -2   0  14 0.83  0.0    0  7.3 17 340   M    M   3        32 340
 5  93  72  83   1   0  18 0.88  0.0    0  6.7 15 150   M    M   2 8      43 150
 6  92  71  82   0   0  17 0.00  0.0    0  3.8 10 180   M    M   1         M  M
 7  94  76  85   3   0  20 0.00  0.0    0  4.5  9 170   M    M   0         M  M
 8  95  74  85   3   0  20 0.00  0.0    0  5.4 12 130   M    M   0 8      22 130
 9  88  72  80  -2   0  15 0.07  0.0    0  7.0 12 130   M    M   2 1      18 180
10  94  70  82   0   0  17 0.00  0.0    0  7.5 13 170   M    M   1        17 170
11  95  76  86   4   0  21 0.00  0.0    0  9.9 13 150   M    M   0        17 210
12  94  77  86   4   0  21 0.00  0.0    0  9.0 13 150   M    M   1        20 180
13  94  77  86   4   0  21 0.00  0.0    0  7.6 12 160   M    M   0         M  M
14  96  75  86   4   0  21 0.53  0.0    0  5.1  9 230   M    M   1         M  M
15  92  76  84   1   0  19 0.00  0.0    0  4.4  9  90   M    M   0         M  M
16  94  73  84   1   0  19 0.00  0.0    0  3.9 10  80   M    M   1         M  M
17  94  75  85   2   0  20 0.00  0.0    0  4.8 13 110   M    M   1        17  80
18  95  75  85   2   0  20 0.00  0.0    0  5.0 12 150   M    M   2         M  M
19  95  79  87   4   0  22 0.00  0.0    0  6.3  9 180   M    M   1         M  M
================================================================================
SM 1766 1402         0 354  2.39     0.0 124.5          M       20
================================================================================
AV 93.0 73.8                               6.6 FASTST   M    M   1    MAX(MPH)
                                 MISC ---->    17   M                 43    M
================================================================================
NOTES:
# LAST OF SEVERAL OCCURRENCES

COLUMN 17 PEAK WIND IN M.P.H.

PRELIMINARY LOCAL CLIMATOLOGICAL DATA (WS FORM: F-6) , PAGE 2

                                          STATION:  DECATUR
                                          MONTH:    JULY
                                          YEAR:     2017
                                          LATITUDE:   33 15 N
                                          LONGITUDE:  97 30 W

[TEMPERATURE DATA]      [PRECIPITATION DATA]       SYMBOLS USED IN COLUMN 16

AVERAGE MONTHLY: 83.4   TOTAL FOR MONTH:   2.39    1 = FOG OR MIST
DPTR FM NORMAL:   1.3   DPTR FM NORMAL:    0.79    2 = FOG REDUCING VISIBILITY
HIGHEST:    96 ON 14    GRTST 24HR  0.88 ON  5- 5      TO 1/4 MILE OR LESS
LOWEST:     66 ON  4                               3 = THUNDER
                        SNOW, ICE PELLETS, HAIL    4 = ICE PELLETS
                        TOTAL MONTH:   0.0 INCH    5 = HAIL
                        GRTST 24HR     0.0         6 = FREEZING RAIN OR DRIZZLE
                        GRTST DEPTH:   0           7 = DUSTSTORM OR SANDSTORM:
                                                       VSBY 1/2 MILE OR LESS
                                                   8 = SMOKE OR HAZE
[NO. OF DAYS WITH]      [WEATHER - DAYS WITH]      9 = BLOWING SNOW
                                                   X = TORNADO
MAX 32 OR BELOW:   0    0.01 INCH OR MORE:   5
MAX 90 OR ABOVE:  17    0.10 INCH OR MORE:   3
MIN 32 OR BELOW:   0    0.50 INCH OR MORE:   3
MIN  0 OR BELOW:   0    1.00 INCH OR MORE:   0

[HDD (BASE 65) ]
TOTAL THIS MO.     0    CLEAR  (SCALE 0-3)  19
DPTR FM NORMAL     0    PTCLDY (SCALE 4-7)   0
TOTAL FM JUL 1     0    CLOUDY (SCALE 8-10)  0
DPTR FM NORMAL     0

[CDD (BASE 65) ]
TOTAL THIS MO.   354
DPTR FM NORMAL    29    [PRESSURE DATA]
TOTAL FM JAN 1  1228    HIGHEST SLP M ON M
DPTR FM NORMAL   269    LOWEST  SLP M ON M

[REMARKS]
