000
CXUS53 KTOP 290200
CF6LWC
PRELIMINARY LOCAL CLIMATOLOGICAL DATA (WS FORM: F-6)

                                          STATION:   Lawrence KS
                                          MONTH:     MAY
                                          YEAR:      2015
                                          LATITUDE:   39  0 N
                                          LONGITUDE:  95 13 W

  TEMPERATURE IN F:       :PCPN:    SNOW:  WIND      :SUNSHINE: SKY     :PK WND
================================================================================
1   2   3   4   5  6A  6B    7    8   9   10  11  12  13   14  15   16   17  18
                                     12Z  AVG MX 2MIN
DY MAX MIN AVG DEP HDD CDD  WTR  SNW DPTH SPD SPD DIR MIN PSBL S-S WX    SPD DR
================================================================================

 1  77  41  59  -1   6   0 0.00    M    M  4.3 10 150   M    M   0        17 170
 2  78  52  65   5   0   0    T    M    M  9.4 22 170   M    M   4        29 170
 3  84  60  72  12   0   7 0.02    M    M 13.1 26 190   M    M   0 3      36 190
 4  85  58  72  11   0   7 0.42    M    M  8.8 28  10   M    M   4 138    34  10
 5  81  60  71  10   0   6 0.15    M    M  8.8 31 230   M    M   6 13     41 200
 6  73  64  69   8   0   4 0.13    M    M 15.1 28 170   M    M   8 13     36 160
 7  75  62  69   7   0   4 0.34    M    M 11.5 23 170   M    M   6 13     29 160
 8  70  60  65   3   0   0 0.13    M    M  5.9 14  50   M    M   8 1      17  50
 9  76  60  68   6   0   3 0.05    M    M 10.2 21 100   M    M   6 13     25  90
10  75  53  64   1   1   0 0.55    M    M 10.2 23 180   M    M   6 13     35 200
11  63  44  54  -9  11   0 0.00    M    M 13.9 24 280   M    M   1        31 260
12  71  38  55  -8  10   0 0.00    M    M  5.2 10 130   M    M   0        14 110
13  71  43  57  -7   8   0 0.19    M    M  9.8 24 130   M    M   4 1      29 130
14  76  56  66   2   0   1 0.61    M    M  9.0 21 140   M    M   7 1      27 130
15  79  56  68   4   0   3 0.38    M    M  6.7 28 200   M    M   5 1238   33 200
16  81  62  72   7   0   7 1.71    M    M 11.0 28 250   M    M   7 13     34 240
17  81  61  71   6   0   6 0.02    M    M 15.0 29 220   M    M   3 13     37 200
18  68  50  59  -6   6   0 0.00    M    M 10.8 21 330   M    M   0        27 350
19  59  45  52 -14  13   0 0.02    M    M  9.1 17  40   M    M   3        21  50
20  55  49  52 -14  13   0 0.55    M    M 10.6 20  70   M    M   9 1      27  40
21  69  44  57  -9   8   0 0.00    M    M  4.8 14 350   M    M   3 1      21 350
22  65  44  55 -12  10   0 0.00    M    M  5.2 14 140   M    M   5 1      17 140
23  67  58  63  -4   2   0 2.16    M    M  9.8 21 100   M    M  10 13     25 100
24  71  63  67   0   0   2 0.23    M    M  7.0 23 110   M    M   8 1      28 110
25  82  60  71   3   0   6 0.46    M    M 10.4 25 170   M    M   4 13     34 190
26  79  60  70   2   0   5 0.10    M    M 10.1 25 240   M    M   4 1      31 250
27  82  55  69   1   0   4 0.00    M    M  3.4 12 120   M    M   1        14 130
================================================================================
SM 1993 1458        88  65  8.22    M    249.1          M      122
================================================================================
AV 73.8 54.0                               9.2 FASTST   M    M   5    MAX(MPH)
                                 MISC ---->  # 31 230               # 41  200
================================================================================
NOTES:
# LAST OF SEVERAL OCCURRENCES

COLUMN 17 PEAK WIND IN M.P.H.

PRELIMINARY LOCAL CLIMATOLOGICAL DATA (WS FORM: F-6) , PAGE 2

                                          STATION:  Lawrence KS
                                          MONTH:    MAY
                                          YEAR:     2015
                                          LATITUDE:   39  0 N
                                          LONGITUDE:  95 13 W

[TEMPERATURE DATA]      [PRECIPITATION DATA]       SYMBOLS USED IN COLUMN 16

AVERAGE MONTHLY: 63.9   TOTAL FOR MONTH:   8.22    1 = FOG OR MIST
DPTR FM NORMAL:  -0.1   DPTR FM NORMAL:    3.73    2 = FOG REDUCING VISIBILITY
HIGHEST:    85 ON  4    GRTST 24HR  2.38 ON 23-24      TO 1/4 MILE OR LESS
LOWEST:     38 ON 12                               3 = THUNDER
                        SNOW, ICE PELLETS, HAIL    4 = ICE PELLETS
                        TOTAL MONTH:    M          5 = HAIL
                        GRTST 24HR    M  ON   M    6 = FREEZING RAIN OR DRIZZLE
                        GRTST DEPTH:  M  ON   M    7 = DUSTSTORM OR SANDSTORM:
                                                       VSBY 1/2 MILE OR LESS
                                                   8 = SMOKE OR HAZE
[NO. OF DAYS WITH]      [WEATHER - DAYS WITH]      9 = BLOWING SNOW
                                                   X = TORNADO
MAX 32 OR BELOW:   0    0.01 INCH OR MORE:  19
MAX 90 OR ABOVE:   0    0.10 INCH OR MORE:  15
MIN 32 OR BELOW:   0    0.50 INCH OR MORE:   5
MIN  0 OR BELOW:   0    1.00 INCH OR MORE:   2

[HDD (BASE 65) ]
TOTAL THIS MO.    88    CLEAR  (SCALE 0-3)   9
DPTR FM NORMAL   -13    PTCLDY (SCALE 4-7)  15
TOTAL FM JUL 1  5220    CLOUDY (SCALE 8-10)  3
DPTR FM NORMAL   140

[CDD (BASE 65) ]
TOTAL THIS MO.    65
DPTR FM NORMAL    -9    [PRESSURE DATA]
TOTAL FM JAN 1    70    HIGHEST SLP M ON M
DPTR FM NORMAL   -27    LOWEST  SLP 29.64 ON 16

[REMARKS]
