000
CXUS53 KTOP 011108
CF6LWC
PRELIMINARY LOCAL CLIMATOLOGICAL DATA (WS FORM: F-6)

                                          STATION:   Lawrence KS
                                          MONTH:     JUNE
                                          YEAR:      2015
                                          LATITUDE:   39  0 N
                                          LONGITUDE:  95 13 W

  TEMPERATURE IN F:       :PCPN:    SNOW:  WIND      :SUNSHINE: SKY     :PK WND
================================================================================
1   2   3   4   5  6A  6B    7    8   9   10  11  12  13   14  15   16   17  18
                                     12Z  AVG MX 2MIN
DY MAX MIN AVG DEP HDD CDD  WTR  SNW DPTH SPD SPD DIR MIN PSBL S-S WX    SPD DR
================================================================================

 1  68  56  62  -8   3   0 0.00    M    M  7.6 14  90   M    M   6        20 140
 2  78  57  68  -2   0   3    T    M    M 10.4 17 130   M    M   6        21 120
 3  78  64  71   0   0   6 0.36    M    M  9.4 33 170   M    M   4 13     38 160
 4  83  65  74   3   0   9 0.11    M    M 10.4 29 160   M    M   5 13     35 170
 5  85  63  74   3   0   9 1.28    M    M  5.3 33 310   M    M   3 13     41 300
 6  86  66  76   4   0  11 0.35    M    M  7.7 26 350   M    M   2 13     35 340
 7  92  72  82  10   0  17 0.10    M    M 11.1 21 230   M    M   2 13     28 220
 8  88  64  76   4   0  11 0.18    M    M  6.8 17 310   M    M   0 138    23 290
 9  92  60  76   4   0  11 0.00    M    M  4.1 14 200   M    M   0        17 230
10  95  73  84  11   0  19 0.00    M    M  8.5 17 170   M    M   1 8      20 190
11  91  72  82   9   0  17 0.14    M    M 11.5 28 200   M    M   3 13     35 210
12  76  66  71  -2   0   6 0.00    M    M  6.2 15 330   M    M   8        18 330
13  80  66  73  -1   0   8 0.77    M    M  4.4 12 150   M    M   9 13     14 150
14  82  70  76   2   0  11 0.10    M    M  5.4 18 190   M    M   6 13     22 190
15  85  71  78   4   0  13    T    M    M  8.3 18 360   M    M   7        22 360
16  79  68  74   0   0   9 0.01    M    M  5.5 13 110   M    M   9        17  90
17  85  67  76   2   0  11 0.00    M    M  5.5 14 250   M    M   3 12     17 250
18  83  69  76   1   0  11 0.00    M    M  7.0 15  20   M    M   1 1      20  30
19  86  63  75   0   0  10 0.00    M    M  5.7 10  30   M    M   1        17  20
20  96  66  81   6   0  16 0.00    M    M 12.1 26 230   M    M   0        33 220
21  90  75  83   8   0  18 0.00    M    M  9.2 20 180   M    M   2 3      25 160
22  95  75  85   9   0  20 0.00    M    M 14.0 29 200   M    M   2        38 200
23  82  66  74  -2   0   9    T    M    M  6.3 17  30   M    M   5 3      23  20
24  96  66  81   5   0  16 0.00  0.0    0 10.9 24 200   M    M   0        29 210
25  96  76  86  10   0  21    T    M    M 10.2 20 220   M    M   1        31 210
26  84  63  74  -2   0   9 0.90  0.0    0  7.2 41 360   M    M   6 13     52 360
27  84  59  72  -4   0   7 0.00    M    M  4.2 12 350   M    M   1 18     13 360
28  89  63  76  -1   0  11 0.00    M    M  8.3 20 330   M    M   0        26 250
29  87  61  74  -3   0   9 0.00    M    M  6.7 16 320   M    M   0 8      21 320
30  91  62  77   0   0  12 0.01    M    M  5.2 10 100   M    M   1 18     13 100
================================================================================
SM 2582 1984         3 340  4.31     0.0 235.1          M       94
================================================================================
AV 86.1 66.1                               7.8 FASTST   M    M   3    MAX(MPH)
                                 MISC ---->  # 41 360               # 52  360
================================================================================
NOTES:
# LAST OF SEVERAL OCCURRENCES

COLUMN 17 PEAK WIND IN M.P.H.

PRELIMINARY LOCAL CLIMATOLOGICAL DATA (WS FORM: F-6) , PAGE 2

                                          STATION:  Lawrence KS
                                          MONTH:    JUNE
                                          YEAR:     2015
                                          LATITUDE:   39  0 N
                                          LONGITUDE:  95 13 W

[TEMPERATURE DATA]      [PRECIPITATION DATA]       SYMBOLS USED IN COLUMN 16

AVERAGE MONTHLY: 76.1   TOTAL FOR MONTH:   4.31    1 = FOG OR MIST
DPTR FM NORMAL:   2.2   DPTR FM NORMAL:   -1.15    2 = FOG REDUCING VISIBILITY
HIGHEST:    96 ON 25,24 GRTST 24HR  1.39 ON  4- 5      TO 1/4 MILE OR LESS
LOWEST:     56 ON  1                               3 = THUNDER
                        SNOW, ICE PELLETS, HAIL    4 = ICE PELLETS
                        TOTAL MONTH:   0.0 INCH    5 = HAIL
                        GRTST 24HR     0.0         6 = FREEZING RAIN OR DRIZZLE
                        GRTST DEPTH:   0           7 = DUSTSTORM OR SANDSTORM:
                                                       VSBY 1/2 MILE OR LESS
                                                   8 = SMOKE OR HAZE
[NO. OF DAYS WITH]      [WEATHER - DAYS WITH]      9 = BLOWING SNOW
                                                   X = TORNADO
MAX 32 OR BELOW:   0    0.01 INCH OR MORE:  12
MAX 90 OR ABOVE:  10    0.10 INCH OR MORE:  10
MIN 32 OR BELOW:   0    0.50 INCH OR MORE:   3
MIN  0 OR BELOW:   0    1.00 INCH OR MORE:   1

[HDD (BASE 65) ]
TOTAL THIS MO.     3    CLEAR  (SCALE 0-3)  17
DPTR FM NORMAL    -5    PTCLDY (SCALE 4-7)  11
TOTAL FM JUL 1  5228    CLOUDY (SCALE 8-10)  2
DPTR FM NORMAL   136

[CDD (BASE 65) ]
TOTAL THIS MO.   340
DPTR FM NORMAL    65    [PRESSURE DATA]
TOTAL FM JAN 1   416    HIGHEST SLP 30.17 ON  1
DPTR FM NORMAL    22    LOWEST  SLP 29.57 ON 11

[REMARKS]
#FINAL-06-15#
