000
CXUS53 KTOP 290800
CF6LWC
PRELIMINARY LOCAL CLIMATOLOGICAL DATA (WS FORM: F-6)

                                          STATION:   Lawrence KS
                                          MONTH:     MAY
                                          YEAR:      2016
                                          LATITUDE:   39  0 N
                                          LONGITUDE:  95 13 W

  TEMPERATURE IN F:       :PCPN:    SNOW:  WIND      :SUNSHINE: SKY     :PK WND
================================================================================
1   2   3   4   5  6A  6B    7    8   9   10  11  12  13   14  15   16   17  18
                                     12Z  AVG MX 2MIN
DY MAX MIN AVG DEP HDD CDD  WTR  SNW DPTH SPD SPD DIR MIN PSBL S-S WX    SPD DR
================================================================================

 1  62  45  54  -6  11   0    T    M    M 10.3 21 330   M    M   7        27 290
 2  57  40  49 -11  16   0    T    M    M  4.9 14 340   M    M   8 1      17 340
 3  70  37  54  -6  11   0 0.00    M    M  2.9 13 310   M    M   1 128    17 280
 4  71  43  57  -4   8   0 0.00    M    M 11.3 23 330   M    M   0 8      30 330
 5  76  40  58  -3   7   0 0.00    M    M  4.5 14 350   M    M   0 8      17 350
 6  82  43  63   2   2   0 0.00    M    M  5.8 16 200   M    M   0 18     20 210
 7  86  57  72  10   0   7 0.00    M    M  6.1 15 220   M    M   0        19 220
 8  72  58  65   3   0   0 0.66    M    M 10.0 24 120   M    M   4 13     29 120
 9  76  58  67   5   0   2 0.01    M    M 11.0 21 130   M    M   8 38     25 150
10  82  53  68   5   0   3 0.00    M    M  4.6 12 170   M    M   1 1      15 140
11  75  54  65   2   0   0 0.68    M    M  9.1 29 330   M    M   7 13     37 340
12  72  47  60  -3   5   0 0.00    M    M  8.9 21 320   M    M   0        27 320
13  80  44  62  -2   3   0 0.12    M    M 10.1 31 350   M    M   3 3      39 350
14  61  41  51 -13  14   0 0.00    M    M 10.4 21 350   M    M   1        27 350
15  66  37  52 -12  13   0 0.25    M    M  4.8 16  10   M    M   4 1      22  10
16  54  50  52 -13  13   0 0.58    M    M 10.4 20 130   M    M  10 1      24 130
17  62  44  53 -12  12   0 0.24    M    M  8.5 17  40   M    M   7 1      22  40
18  70  42  56  -9   9   0 0.00    M    M  2.8 10 100   M    M   4 1      19  90
19  68  42  55 -11  10   0 0.01    M    M  4.5 16 150   M    M   5 1      23 130
20  65  55  60  -6   5   0 0.02    M    M  4.7  9  70   M    M  10 1      13 140
21  75  47  61  -5   4   0 0.07    M    M  6.6 18 120   M    M   3 13     22 110
22  82  53  68   1   0   3 0.00    M    M 10.9 21 160   M    M   1        25 160
23  74  63  69   2   0   4 0.22    M    M  7.8 36 120   M    M   3 13     44 120
24  80  59  70   3   0   5 0.34    M    M  8.8 22 160   M    M   3 13     27 150
25  84  61  73   5   0   8 0.33    M    M 12.0 35 160   M    M   4 13     42 180
26  84  62  73   5   0   8 2.58    M    M 13.3 54 330   M    M   7 13     68 320
27  76  59  68   0   0   3 1.27    M    M  8.1 28 260   M    M   5 13     34 250
28  77  58  68  -1   0   3 0.00    M    M  8.2 18 240   M    M   5        24 200
================================================================================
SM 2039 1392       143  46  7.38    M    221.3          M      111
================================================================================
AV 72.8 49.7                               7.9 FASTST   M    M   4    MAX(MPH)
                                 MISC ---->  # 54 330               # 68  320
================================================================================
NOTES:
# LAST OF SEVERAL OCCURRENCES

COLUMN 17 PEAK WIND IN M.P.H.

PRELIMINARY LOCAL CLIMATOLOGICAL DATA (WS FORM: F-6) , PAGE 2

                                          STATION:  Lawrence KS
                                          MONTH:    MAY
                                          YEAR:     2016
                                          LATITUDE:   39  0 N
                                          LONGITUDE:  95 13 W

[TEMPERATURE DATA]      [PRECIPITATION DATA]       SYMBOLS USED IN COLUMN 16

AVERAGE MONTHLY: 61.3   TOTAL FOR MONTH:   7.38    1 = FOG OR MIST
DPTR FM NORMAL:  -2.9   DPTR FM NORMAL:    2.72    2 = FOG REDUCING VISIBILITY
HIGHEST:    86 ON  7    GRTST 24HR  3.43 ON 26-27      TO 1/4 MILE OR LESS
LOWEST:     37 ON 15, 3                            3 = THUNDER
                        SNOW, ICE PELLETS, HAIL    4 = ICE PELLETS
                        TOTAL MONTH:    M          5 = HAIL
                        GRTST 24HR    M  ON   M    6 = FREEZING RAIN OR DRIZZLE
                        GRTST DEPTH:  M  ON   M    7 = DUSTSTORM OR SANDSTORM:
                                                       VSBY 1/2 MILE OR LESS
                                                   8 = SMOKE OR HAZE
[NO. OF DAYS WITH]      [WEATHER - DAYS WITH]      9 = BLOWING SNOW
                                                   X = TORNADO
MAX 32 OR BELOW:   0    0.01 INCH OR MORE:  15
MAX 90 OR ABOVE:   0    0.10 INCH OR MORE:  11
MIN 32 OR BELOW:   0    0.50 INCH OR MORE:   5
MIN  0 OR BELOW:   0    1.00 INCH OR MORE:   2

[HDD (BASE 65) ]
TOTAL THIS MO.   143    CLEAR  (SCALE 0-3)  11
DPTR FM NORMAL    41    PTCLDY (SCALE 4-7)  15
TOTAL FM JUL 1  4369    CLOUDY (SCALE 8-10)  2
DPTR FM NORMAL  -712

[CDD (BASE 65) ]
TOTAL THIS MO.    46
DPTR FM NORMAL   -33    [PRESSURE DATA]
TOTAL FM JAN 1    64    HIGHEST SLP M ON M
DPTR FM NORMAL   -38    LOWEST  SLP 29.52 ON  9

[REMARKS]
