000
CXUS56 KOTX 281500
CF6LWS
PRELIMINARY LOCAL CLIMATOLOGICAL DATA (WS FORM: F-6)

                                          STATION:   LEWISTON ID AIRPORT
                                          MONTH:     JANUARY
                                          YEAR:      2015
                                          LATITUDE:   46 22 N
                                          LONGITUDE: 117  1 W

  TEMPERATURE IN F:       :PCPN:    SNOW:  WIND      :SUNSHINE: SKY     :PK WND
================================================================================
1   2   3   4   5  6A  6B    7    8   9   10  11  12  13   14  15   16   17  18
                                     12Z  AVG MX 2MIN
DY MAX MIN AVG DEP HDD CDD  WTR  SNW DPTH SPD SPD DIR MIN PSBL S-S WX    SPD DR
================================================================================

 1  24  11  18 -16  47   0 0.00  0.0    0  3.6 12  60   M    M   1        15  60
 2  31  19  25  -9  40   0 0.03    T    0  4.7 18 190   M    M   9 1      26 200
 3  34  23  29  -5  36   0 0.01  0.9    1  2.2  8  60   M    M   8 1      11 100
 4  42  30  36   2  29   0 0.17  0.6    0  6.3 26 180   M    M  10 12     34 180
 5  50  39  45  11  20   0 0.01  0.0    0  7.8 30 180   M    M   8        37 180
 6  50  38  44  10  21   0 0.00  0.0    0  5.6 17  70   M    M   1        21  70
 7  46  32  39   5  26   0 0.00  0.0    0  3.4 10  60   M    M   0 12     14  50
 8  36  33  35   0  30   0 0.00  0.0    0  2.8  9  70   M    M  10 12     11  70
 9  36  33  35   0  30   0 0.00  0.0    0  3.3  9  60   M    M  10 1      11  80
10  37  33  35   0  30   0    T  0.0    0  2.1  7 260   M    M  10 12     10 280
11  39  34  37   2  28   0    T  0.0    0  0.9  7 250   M    M  10 1       8 250
12  38  35  37   2  28   0 0.06  0.0    0  2.8  9 290   M    M   9 1      12 290
13  41  34  38   3  27   0    T  0.0    0  2.8 10  20   M    M  10 1      11  30
14  42  30  36   0  29   0 0.00  0.0    0  5.9 13 160   M    M   5        17 150
15  45  26  36   0  29   0    T  0.0    0  8.7 28 170   M    M   4        36 180
16  54  31  43   7  22   0    T  0.0    0 12.2 30 180   M    M   5        36 180
17  47  32  40   4  25   0 0.51  0.0    0 10.8 23 110   M    M   6 1      27 120
18  54  41  48  12  17   0 0.01  0.0    0  7.8 37 240   M    M   5        43 240
19  51  36  44   8  21   0    T  0.0    0  5.4 16 290   M    M   6        21 290
20  40  28  34  -2  31   0 0.00  0.0    0  1.4  5 160   M    M   4 12      6 140
21  40  27  34  -2  31   0 0.00  0.0    0  4.2 12  70   M    M   3 12     15  70
22  41  28  35  -1  30   0 0.02  0.0    0  5.7 16 110   M    M   6 12     20 110
23  50  36  43   7  22   0 0.00  0.0    0  7.4 15  60   M    M   7        19  90
24  54  44  49  12  16   0 0.00  0.0    0  5.5 15 190   M    M   8        18 190
25  60  44  52  15  13   0 0.00  0.0    0  7.3 22 150   M    M   0        26 150
26  63  45  54  17  11   0 0.00  0.0    0 11.7 25  90   M    M   0        32  80
27  51  38  45   8  20   0 0.00  0.0    0  4.5 13  80   M    M   0        16  80
================================================================================
SM 1196  880       709   0  0.82     1.5 146.8          M      155
================================================================================
AV 44.3 32.6                               5.4 FASTST   M    M   6    MAX(MPH)
                                 MISC ---->  # 37 240               # 43  240
================================================================================
NOTES:
# LAST OF SEVERAL OCCURRENCES

COLUMN 17 PEAK WIND IN M.P.H.

PRELIMINARY LOCAL CLIMATOLOGICAL DATA (WS FORM: F-6) , PAGE 2

                                          STATION:  LEWISTON ID AIRPORT
                                          MONTH:    JANUARY
                                          YEAR:     2015
                                          LATITUDE:   46 22 N
                                          LONGITUDE: 117  1 W

[TEMPERATURE DATA]      [PRECIPITATION DATA]       SYMBOLS USED IN COLUMN 16

AVERAGE MONTHLY: 38.4   TOTAL FOR MONTH:   0.82    1 = FOG OR MIST
DPTR FM NORMAL:   3.0   DPTR FM NORMAL:   -0.13    2 = FOG REDUCING VISIBILITY
HIGHEST:    63 ON 26    GRTST 24HR  0.52 ON 17-18      TO 1/4 MILE OR LESS
LOWEST:     11 ON  1                               3 = THUNDER
                        SNOW, ICE PELLETS, HAIL    4 = ICE PELLETS
                        TOTAL MONTH:   1.5 INCHES  5 = HAIL
                        GRTST 24HR   0.9 ON   M    6 = FREEZING RAIN OR DRIZZLE
                        GRTST DEPTH:   1 ON  3     7 = DUSTSTORM OR SANDSTORM:
                                                       VSBY 1/2 MILE OR LESS
                                                   8 = SMOKE OR HAZE
[NO. OF DAYS WITH]      [WEATHER - DAYS WITH]      9 = BLOWING SNOW
                                                   X = TORNADO
MAX 32 OR BELOW:   2    0.01 INCH OR MORE:   8
MAX 90 OR ABOVE:   0    0.10 INCH OR MORE:   2
MIN 32 OR BELOW:  12    0.50 INCH OR MORE:   1
MIN  0 OR BELOW:   0    1.00 INCH OR MORE:   0

[HDD (BASE 65) ]
TOTAL THIS MO.   709    CLEAR  (SCALE 0-3)   7
DPTR FM NORMAL   -90    PTCLDY (SCALE 4-7)  11
TOTAL FM JUL 1  2519    CLOUDY (SCALE 8-10)  9
DPTR FM NORMAL  -488

[CDD (BASE 65) ]
TOTAL THIS MO.     0
DPTR FM NORMAL     0    [PRESSURE DATA]
TOTAL FM JAN 1     0    HIGHEST SLP M ON M
DPTR FM NORMAL     0    LOWEST  SLP  0.00 ON M

[REMARKS]
