000
CXUS53 KGID 010730
CF6LXN
PRELIMINARY LOCAL CLIMATOLOGICAL DATA (WS FORM: F-6)

                                          STATION:   LEXINGTON
                                          MONTH:     SEPTEMBER
                                          YEAR:      2014
                                          LATITUDE:   40 47 N
                                          LONGITUDE:  99 46 W

  TEMPERATURE IN F:       :PCPN:    SNOW:  WIND      :SUNSHINE: SKY     :PK WND
================================================================================
1   2   3   4   5  6A  6B    7    8   9   10  11  12  13   14  15   16   17  18
                                     12Z  AVG MX 2MIN
DY MAX MIN AVG DEP HDD CDD  WTR  SNW DPTH SPD SPD DIR MIN PSBL S-S WX    SPD DR
================================================================================

 1  73  52  63   M   2   0 0.02    M    M  4.6  9 220   M    M   2 8       M  M
 2  83  49  66   M   0   1 0.00    M    M  6.4 15 170   M    M   0        23 170
 3  91  68  80   M   0  15 0.01    M    M  9.5 15 160   M    M   4 13     22 180
 4  78  60  69   M   0   4 0.00    M    M 10.2 20 360   M    M   2 3      25  20
 5  67  51  59   M   6   0 0.17    M    M  4.7 13 360   M    M   6 3       M  M
 6  73  50  62   M   3   0 0.00    M    M  2.3  7 130   M    M   2 1       M  M
 7  80  52  66   M   0   1 0.00    M    M 10.4 17 160   M    M   0        23 170
 8  90  59  75   M   0  10 0.00    M    M  6.4 13 170   M    M   0        18 170
 9  75  61  68   M   0   3 0.08    M    M  6.6 20 150   M    M   4 3      21 110
10  65  51  58   M   7   0 0.01    M    M 12.5 17 350   M    M  10 1      23 330
11  51  40  46   M  19   0 0.39    M    M 10.3 14  10   M    M  10 1      20  10
12  52  37  45   M  20   0 0.11    M    M  6.7 15 360   M    M   9        17  20
13  62  33  48   M  17   0 0.00    M    M 10.1 22 190   M    M   2        29 210
14  72  38  55   M  10   0 0.00    M    M  7.2 18 150   M    M   2        27 150
15  66  47  57   M   8   0 0.00    M    M  8.8 15  20   M    M   2 1      21  10
16  73  46  60   M   5   0 0.00    M    M  9.1 15 160   M    M   3 1      20 170
17  82  45  64   M   1   0 0.00    M    M  4.8  9 150   M    M   0 1       M  M
18  72  56  64   M   1   0 0.00    M    M  7.7 15 160   M    M   8 12     17 160
19  92  59  76   M   0  11 0.00    M    M 11.8 20 210   M    M   0        29 210
20  86  54  70   M   0   5 0.00    M    M  7.5 15  40   M    M   0        24 220
21  76  44  60   M   5   0 0.00    M    M  5.3  9 340   M    M   1 1       M  M
22  74  46  60   M   5   0 0.20    M    M  8.6 17 170   M    M   5        23 170
23  78  56  67   M   0   2 0.08    M    M 11.3 18 170   M    M   4        24 170
24  85  50  68   M   0   3 0.00    M    M  4.9 13 130   M    M   2 12     18 130
25  87  52  70   M   0   5 0.00    M    M  4.6 10 140   M    M   2 12     16 130
26  84  53  69   M   0   4 0.00    M    M  9.3 20 170   M    M   0 1      25 170
27  83  59  71   M   0   6 0.00    M    M 13.6 23 160   M    M   0        29 170
28  83  55  69   M   0   4 0.00    M    M  9.2 16 190   M    M   1        17 150
29  83  53  68   M   0   3 0.04    M    M 11.5 23 150   M    M   4        28 160
30  79  54  67   M   0   2 0.10    M    M  7.8 15 160   M    M   2 1      16 190
================================================================================
SM 2295 1530       109  79  1.21    M    243.7          M       87
================================================================================
AV 76.5 51.0                               8.1 FASTST   M    M   3    MAX(MPH)
                                 MISC ---->  # 23 160                 29    M
================================================================================
NOTES:
# LAST OF SEVERAL OCCURRENCES

COLUMN 17 PEAK WIND IN M.P.H.

PRELIMINARY LOCAL CLIMATOLOGICAL DATA (WS FORM: F-6) , PAGE 2

                                          STATION:  LEXINGTON
                                          MONTH:    SEPTEMBER
                                          YEAR:     2014
                                          LATITUDE:   40 47 N
                                          LONGITUDE:  99 46 W

[TEMPERATURE DATA]      [PRECIPITATION DATA]       SYMBOLS USED IN COLUMN 16

AVERAGE MONTHLY: 63.8   TOTAL FOR MONTH:   1.21    1 = FOG OR MIST
DPTR FM NORMAL:     M   DPTR FM NORMAL:       M    2 = FOG REDUCING VISIBILITY
HIGHEST:    92 ON 19    GRTST 24HR  0.39 ON 11-11      TO 1/4 MILE OR LESS
LOWEST:     33 ON 13                               3 = THUNDER
                        SNOW, ICE PELLETS, HAIL    4 = ICE PELLETS
                        TOTAL MONTH:    M          5 = HAIL
                        GRTST 24HR    M  ON   M    6 = FREEZING RAIN OR DRIZZLE
                        GRTST DEPTH:  M  ON   M    7 = DUSTSTORM OR SANDSTORM:
                                                       VSBY 1/2 MILE OR LESS
                                                   8 = SMOKE OR HAZE
[NO. OF DAYS WITH]      [WEATHER - DAYS WITH]      9 = BLOWING SNOW
                                                   X = TORNADO
MAX 32 OR BELOW:   0    0.01 INCH OR MORE:  11
MAX 90 OR ABOVE:   3    0.10 INCH OR MORE:   5
MIN 32 OR BELOW:   0    0.50 INCH OR MORE:   0
MIN  0 OR BELOW:   0    1.00 INCH OR MORE:   0

[HDD (BASE 65) ]
TOTAL THIS MO.   109    CLEAR  (SCALE 0-3)  20
DPTR FM NORMAL     M    PTCLDY (SCALE 4-7)   6
TOTAL FM JUL 1   121    CLOUDY (SCALE 8-10)  4
DPTR FM NORMAL     M

[CDD (BASE 65) ]
TOTAL THIS MO.    79
DPTR FM NORMAL     M    [PRESSURE DATA]
TOTAL FM JAN 1   886    HIGHEST SLP M ON M
DPTR FM NORMAL     M    LOWEST  SLP M ON M

[REMARKS]
#FINAL-09-14#
