000
CXUS53 KGID 310730
CF6LXN
PRELIMINARY LOCAL CLIMATOLOGICAL DATA (WS FORM: F-6)

                                          STATION:   LEXINGTON
                                          MONTH:     AUGUST
                                          YEAR:      2015
                                          LATITUDE:   40 47 N
                                          LONGITUDE:  99 46 W

  TEMPERATURE IN F:       :PCPN:    SNOW:  WIND      :SUNSHINE: SKY     :PK WND
================================================================================
1   2   3   4   5  6A  6B    7    8   9   10  11  12  13   14  15   16   17  18
                                     12Z  AVG MX 2MIN
DY MAX MIN AVG DEP HDD CDD  WTR  SNW DPTH SPD SPD DIR MIN PSBL S-S WX    SPD DR
================================================================================

 1  87  63  75   M   0  10 0.00    M    M  9.1 21  90   M    M   0        29  90
 2  97  63  80   M   0  15 0.00    M    M  5.0 14 270   M    M   0 3      20 270
 3  86  59  73   M   0   8 0.00    M    M  9.2 15 140   M    M   0        23 100
 4  76  62  69   M   0   4 1.65    M    M  9.5 17 230   M    M   7 13     28 230
 5  82  64  73   M   0   8 0.00    M    M  4.6 12 140   M    M   4 12      M  M
 6  80  66  73   M   0   8 0.81    M    M 10.7 18 180   M    M   5 13     25 140
 7  88  62  75   M   0  10 0.96    M    M  6.1 14 130   M    M   4 123    24 130
 8  81  66  74   M   0   9 0.11    M    M  4.7 21 330   M    M   4 1      28 330
 9  86  68  77   M   0  12 0.00    M    M  3.5  8 140   M    M   4 12      M  M
10  82  66  74   M   0   9 0.00    M    M  5.3  9  20   M    M   1         M  M
11  82  61  72   M   0   7 0.00    M    M  5.4 10 150   M    M   2 1       M  M
12  85  62  74   M   0   9 0.00    M    M  8.4 17 170   M    M   1 8      23 170
13  87  65  76   M   0  11 0.03    M    M  8.4 16 200   M    M   1        21 200
14  87  64  76   M   0  11 0.00    M    M  5.0 10 140   M    M   1 1      16 160
15  90  68  79   M   0  14 0.00    M    M 11.4 18 180   M    M   0        25 170
16  83  69  76   M   0  11 0.22    M    M  8.7 15 180   M    M   4 13     18 180
17  69  62  66   M   0   1 0.00    M    M  7.5 10  50   M    M  10 1       M  M
18  70  52  61   M   4   0 0.01    M    M 10.4 18 350   M    M   7 1      24 310
19  73  50  62   M   3   0 0.00    M    M  7.9 15 320   M    M   2        24 310
20  84  47  66   M   0   1 0.00    M    M  9.0 20 170   M    M   1 1      25 180
21  85  58  72   M   0   7 0.00    M    M 12.5 21 160   M    M   1        25 160
22  82  54  68   M   0   3 0.00    M    M 11.2 18  20   M    M   4        27 350
23  72  46  59   M   6   0 0.00    M    M  7.6 15 350   M    M   0        21 350
24  81  45  63   M   2   0 0.00    M    M  3.5  8 120   M    M   0         M  M
25  83  51  67   M   0   2 0.00    M    M  5.7 10 170   M    M   0         M  M
26  88  54  71   M   0   6 0.00    M    M  8.3 15 140   M    M   0 1      21 140
27  92  63  78   M   0  13 0.00    M    M  8.3 17 130   M    M   0 13     22 110
28  81  59  70   M   0   5 0.00    M    M  8.2 15 350   M    M   5 1      21 350
29  88  55  72   M   0   7 0.00    M    M  4.5  9 150   M    M   0 1       M  M
30  90  57  74   M   0   9 0.00    M    M  9.3 17 150   M    M   0 1      23 140
================================================================================
SM 2497 1781        15 210  3.79    M    228.9          M       68
================================================================================
AV 83.2 59.4                               7.6 FASTST   M    M   2    MAX(MPH)
                                 MISC ---->    21   M                 29    M
================================================================================
NOTES:
# LAST OF SEVERAL OCCURRENCES

COLUMN 17 PEAK WIND IN M.P.H.

PRELIMINARY LOCAL CLIMATOLOGICAL DATA (WS FORM: F-6) , PAGE 2

                                          STATION:  LEXINGTON
                                          MONTH:    AUGUST
                                          YEAR:     2015
                                          LATITUDE:   40 47 N
                                          LONGITUDE:  99 46 W

[TEMPERATURE DATA]      [PRECIPITATION DATA]       SYMBOLS USED IN COLUMN 16

AVERAGE MONTHLY: 71.3   TOTAL FOR MONTH:   3.79    1 = FOG OR MIST
DPTR FM NORMAL:     M   DPTR FM NORMAL:       M    2 = FOG REDUCING VISIBILITY
HIGHEST:    97 ON  2    GRTST 24HR  1.65 ON  4- 4      TO 1/4 MILE OR LESS
LOWEST:     45 ON 24                               3 = THUNDER
                        SNOW, ICE PELLETS, HAIL    4 = ICE PELLETS
                        TOTAL MONTH:    M          5 = HAIL
                        GRTST 24HR    M  ON   M    6 = FREEZING RAIN OR DRIZZLE
                        GRTST DEPTH:  M  ON   M    7 = DUSTSTORM OR SANDSTORM:
                                                       VSBY 1/2 MILE OR LESS
                                                   8 = SMOKE OR HAZE
[NO. OF DAYS WITH]      [WEATHER - DAYS WITH]      9 = BLOWING SNOW
                                                   X = TORNADO
MAX 32 OR BELOW:   0    0.01 INCH OR MORE:   7
MAX 90 OR ABOVE:   4    0.10 INCH OR MORE:   5
MIN 32 OR BELOW:   0    0.50 INCH OR MORE:   3
MIN  0 OR BELOW:   0    1.00 INCH OR MORE:   1

[HDD (BASE 65) ]
TOTAL THIS MO.    15    CLEAR  (SCALE 0-3)  19
DPTR FM NORMAL     M    PTCLDY (SCALE 4-7)  10
TOTAL FM JUL 1    18    CLOUDY (SCALE 8-10)  1
DPTR FM NORMAL     M

[CDD (BASE 65) ]
TOTAL THIS MO.   210
DPTR FM NORMAL     M    [PRESSURE DATA]
TOTAL FM JAN 1   736    HIGHEST SLP M ON M
DPTR FM NORMAL     M    LOWEST  SLP M ON M

[REMARKS]
