000
CXUS52 KTAE 251930
CF6MAI
PRELIMINARY LOCAL CLIMATOLOGICAL DATA (WS FORM: F-6)

                                          STATION:   MARIANNA
                                          MONTH:     FEBRUARY
                                          YEAR:      2018
                                          LATITUDE:   30 50 N
                                          LONGITUDE:  85 11 W

  TEMPERATURE IN F:       :PCPN:    SNOW:  WIND      :SUNSHINE: SKY     :PK WND
================================================================================
1   2   3   4   5  6A  6B    7    8   9   10  11  12  13   14  15   16   17  18
                                     12Z  AVG MX 2MIN
DY MAX MIN AVG DEP HDD CDD  WTR  SNW DPTH SPD SPD DIR MIN PSBL S-S WX    SPD DR
================================================================================

 1  68  35  52   0  13   0    T  0.0    0  5.4 17 190   M    M   6        21 180
 2  61  39  50  -2  15   0    T  0.0    0 11.3 24  30   M    M   4        29 350
 3  60  32  46  -6  19   0    T  0.0    0  6.7 13  80   M    M   2        17 110
 4  74  50  62  10   3   0 1.53  0.0    0  9.1 26 310   M    M   6 13     39 300
 5  69  42  56   3   9   0 0.00  0.0    0  2.6  9  30   M    M   0 1      13  10
 6  78  44  61   8   4   0 0.00  0.0    0  5.0 16 190   M    M   2        19 190
 7  80  59  70  17   0   5 1.22  0.0    0  8.1 24 310   M    M  10 13     33 220
 8  70  47  59   6   6   0    T  0.0    0  7.7 20 340   M    M   2 1      25 340
 9  65  46  56   3   9   0 0.01  0.0    0  6.0 10  50   M    M   9        13  70
10  76  56  66  12   0   1    T  0.0    0  7.6 17 180   M    M   8 1      26 180
11  71  63  67  13   0   2 6.77  0.0    0  5.8 21 220   M    M  10 13     27 240
12  69  59  64  10   1   0 0.43  0.0    0  3.6 12 170   M    M   8 12     17 140
13  74  59  67  13   0   2 0.00  0.0    0  7.6 16  50   M    M  10 12     19  60
14  76  57  67  13   0   2 0.00  0.0    0  4.0 12  60   M    M   9        12  70
15  75  61  68  13   0   3 0.00  0.0    0  6.2 13 280   M    M   8 12     15 290
16  83  64  74  19   0   9    T  0.0    0  7.1 21 280   M    M   5 1      27 260
17  83  62  73  18   0   8 0.00  0.0    0  8.6 20 230   M    M   4 1      28 250
18  83  62  73  18   0   8    T  0.0    0  4.3 13 230   M    M   6 1      16 220
19  84  60  72  17   0   7 0.00  0.0    0  5.5 17 140   M    M   4 1      24 130
20  83  59  71  15   0   6    T  0.0    0  5.8 15 180   M    M   6 8      21 160
21  85  64  75  19   0  10 0.00  0.0    0  6.5 20 180   M    M   5 18     25 180
22  84  59  72  16   0   7 0.00  0.0    0  3.3 14 180   M    M   4 12     18 180
23  86  59  73  17   0   8 0.00  0.0    0  4.3 13 170   M    M   3        20 170
24  85  59  72  16   0   7 0.00  0.0    0  7.2 18 220   M    M   3 1      23 220
================================================================================
SM 1822 1297        79  85  9.96     0.0 149.3          M      134
================================================================================
AV 75.9 54.0                               6.2 FASTST   M    M   6    MAX(MPH)
                                 MISC ---->  # 26 310               # 39  300
================================================================================
NOTES:
# LAST OF SEVERAL OCCURRENCES

COLUMN 17 PEAK WIND IN M.P.H.

PRELIMINARY LOCAL CLIMATOLOGICAL DATA (WS FORM: F-6) , PAGE 2

                                          STATION:  MARIANNA
                                          MONTH:    FEBRUARY
                                          YEAR:     2018
                                          LATITUDE:   30 50 N
                                          LONGITUDE:  85 11 W

[TEMPERATURE DATA]      [PRECIPITATION DATA]       SYMBOLS USED IN COLUMN 16

AVERAGE MONTHLY: 65.0   TOTAL FOR MONTH:   9.96    1 = FOG OR MIST
DPTR FM NORMAL:  10.9   DPTR FM NORMAL:    5.77    2 = FOG REDUCING VISIBILITY
HIGHEST:    86 ON 23    GRTST 24HR  6.77 ON 11-11      TO 1/4 MILE OR LESS
LOWEST:     32 ON  3                               3 = THUNDER
                        SNOW, ICE PELLETS, HAIL    4 = ICE PELLETS
                        TOTAL MONTH:   0.0 INCH    5 = HAIL
                        GRTST 24HR     0.0         6 = FREEZING RAIN OR DRIZZLE
                        GRTST DEPTH:   0           7 = DUSTSTORM OR SANDSTORM:
                                                       VSBY 1/2 MILE OR LESS
                                                   8 = SMOKE OR HAZE
[NO. OF DAYS WITH]      [WEATHER - DAYS WITH]      9 = BLOWING SNOW
                                                   X = TORNADO
MAX 32 OR BELOW:   0    0.01 INCH OR MORE:   5
MAX 90 OR ABOVE:   0    0.10 INCH OR MORE:   4
MIN 32 OR BELOW:   1    0.50 INCH OR MORE:   3
MIN  0 OR BELOW:   0    1.00 INCH OR MORE:   3

[HDD (BASE 65) ]
TOTAL THIS MO.    79    CLEAR  (SCALE 0-3)   6
DPTR FM NORMAL  -190    PTCLDY (SCALE 4-7)  12
TOTAL FM JUL 1  1136    CLOUDY (SCALE 8-10)  6
DPTR FM NORMAL  -233

[CDD (BASE 65) ]
TOTAL THIS MO.    85
DPTR FM NORMAL    83    [PRESSURE DATA]
TOTAL FM JAN 1    94    HIGHEST SLP M ON M
DPTR FM NORMAL    88    LOWEST  SLP 29.88 ON  4

[REMARKS]
