000
CXUS53 KDTX 200800
CF6MBS
PRELIMINARY LOCAL CLIMATOLOGICAL DATA (WS FORM: F-6)

                                          STATION:   TRI CITIES MI
                                          MONTH:     APRIL
                                          YEAR:      2014
                                          LATITUDE:   43 31 N
                                          LONGITUDE:  84  5 W

  TEMPERATURE IN F:       :PCPN:    SNOW:  WIND      :SUNSHINE: SKY     :PK WND
================================================================================
1   2   3   4   5  6A  6B    7    8   9   10  11  12  13   14  15   16   17  18
                                     12Z  AVG MX 2MIN
DY MAX MIN AVG DEP HDD CDD  WTR  SNW DPTH SPD SPD DIR MIN PSBL S-S WX    SPD DR
================================================================================

 1  56  33  45   5  20   0 0.02  0.0    0 19.2 36 250   M    M   8        41 250
 2  50  27  39  -2  26   0 0.00  0.0    0  6.2 15 280   M    M   0        19 280
 3  36  31  34  -7  31   0    T  0.0    0 14.1 23  50   M    M   8        28  50
 4  44  34  39  -2  26   0 0.41  0.0    0 12.7 31 250   M    M  10 12     41 240
 5  47  30  39  -3  26   0 0.00  0.0    0 13.5 28 300   M    M   3        38 270
 6  56  31  44   2  21   0 0.00  0.0    0  7.9 17 220   M    M   0        22 210
 7  50  32  41  -2  24   0 0.00  0.0    0  8.8 21  30   M    M   3        23  30
 8  62  39  51   8  14   0 0.00  0.0    0 11.0 21 330   M    M   5        27 300
 9  57  32  45   1  20   0 0.00  0.0    0  9.9 21 230   M    M   0        26 230
10  68  44  56  12   9   0    T  0.0    0 14.7 32 260   M    M   2        40 260
11  65  35  50   6  15   0    T  0.0    M  6.9 29 280   M    M   3        39 290
12  63  37  50   5  15   0 1.31  0.0    0 10.9 30 110   M    M   5 13     38 100
13  67  48  58  13   7   0 0.64  0.0    0  9.2 22 150   M    M   9 138    29 140
14  65  28  47   1  18   0 0.13  0.5    0 16.4 37 230   M    M  10 1      51 230
15  34  25  30 -16  35   0 0.09  0.9    1 13.3 24 330   M    M   7 1      32 340
16  45  24  35 -11  30   0 0.00  0.0    1  9.6 20 120   M    M   0        23 120
17  65  32  49   2  16   0 0.00  0.0    0 11.4 25 220   M    M   0        29 160
18  60  35  48   1  17   0 0.00  0.0    0  7.5 17  30   M    M   5        22  30
19  53  30  42  -6  23   0 0.00  0.0    0  9.2 17  40   M    M   1        20  30
================================================================================
SM 1043  627       393   0  2.60     1.4 212.4          M       79
================================================================================
AV 54.9 33.0                              11.2 FASTST   M    M   4    MAX(MPH)
                                 MISC ---->  # 37 230               # 51  230
================================================================================
NOTES:
# LAST OF SEVERAL OCCURRENCES

COLUMN 17 PEAK WIND IN M.P.H.

PRELIMINARY LOCAL CLIMATOLOGICAL DATA (WS FORM: F-6) , PAGE 2

                                          STATION:  TRI CITIES MI
                                          MONTH:    APRIL
                                          YEAR:     2014
                                          LATITUDE:   43 31 N
                                          LONGITUDE:  84  5 W

[TEMPERATURE DATA]      [PRECIPITATION DATA]       SYMBOLS USED IN COLUMN 16

AVERAGE MONTHLY: 43.9   TOTAL FOR MONTH:   2.60    1 = FOG OR MIST
DPTR FM NORMAL:   0.0   DPTR FM NORMAL:    0.80    2 = FOG REDUCING VISIBILITY
HIGHEST:    68 ON 10    GRTST 24HR  1.36 ON 12-13      TO 1/4 MILE OR LESS
LOWEST:     24 ON 16                               3 = THUNDER
                        SNOW, ICE PELLETS, HAIL    4 = ICE PELLETS
                        TOTAL MONTH:   1.4 INCHES  5 = HAIL
                        GRTST 24HR   0.9 ON   M    6 = FREEZING RAIN OR DRIZZLE
                        GRTST DEPTH:   1 ON 16,15  7 = DUSTSTORM OR SANDSTORM:
                                                       VSBY 1/2 MILE OR LESS
                                                   8 = SMOKE OR HAZE
[NO. OF DAYS WITH]      [WEATHER - DAYS WITH]      9 = BLOWING SNOW
                                                   X = TORNADO
MAX 32 OR BELOW:   0    0.01 INCH OR MORE:   6
MAX 90 OR ABOVE:   0    0.10 INCH OR MORE:   4
MIN 32 OR BELOW:  11    0.50 INCH OR MORE:   2
MIN  0 OR BELOW:   0    1.00 INCH OR MORE:   1

[HDD (BASE 65) ]
TOTAL THIS MO.   393    CLEAR  (SCALE 0-3)  10
DPTR FM NORMAL   -10    PTCLDY (SCALE 4-7)   5
TOTAL FM JUL 1  7208    CLOUDY (SCALE 8-10)  4
DPTR FM NORMAL   737

[CDD (BASE 65) ]
TOTAL THIS MO.     0
DPTR FM NORMAL     0    [PRESSURE DATA]
TOTAL FM JAN 1     0    HIGHEST SLP M ON M
DPTR FM NORMAL     0    LOWEST  SLP 29.37 ON 14

[REMARKS]
