000
CXUS56 KHNX 011146
CF6MCE
PRELIMINARY LOCAL CLIMATOLOGICAL DATA (WS FORM: F-6)

                                          STATION:   MERCED CA AIRPORT
                                          MONTH:     FEBRUARY
                                          YEAR:      2015
                                          LATITUDE:   37 16 N
                                          LONGITUDE: 120 36 W

  TEMPERATURE IN F:       :PCPN:    SNOW:  WIND      :SUNSHINE: SKY     :PK WND
================================================================================
1   2   3   4   5  6A  6B    7    8   9   10  11  12  13   14  15   16   17  18
                                     12Z  AVG MX 2MIN
DY MAX MIN AVG DEP HDD CDD  WTR  SNW DPTH SPD SPD DIR MIN PSBL S-S WX    SPD DR
================================================================================

 1  66  40  53   6  12   0 0.00  0.0    0  3.8 12 140   M    M   0 18     13 140
 2  69  36  53   6  12   0 0.00  0.0    0  0.8  6 280   M    M   2 128     8 220
 3  68  41  55   7  10   0 0.00  0.0    0  2.9  8 140   M    M   3 128    14 170
 4  72  39  56   8   9   0 0.00  0.0    0  4.1 10 150   M    M   0 128    13 160
 5  66  39  53   5  12   0 0.00  0.0    0  4.5 12 140   M    M   2 128    15 120
 6  69  54  62  14   3   0 0.31  0.0    0 13.4 22 140   M    M   4 1      30 130
 7  70  56  63  15   2   0 0.43  0.0    0 13.3 28 130   M    M   8 1      34 120
 8  71  54  63  15   2   0 0.28  0.0    0 12.1 30 130   M    M   6 12     36 130
 9  70  52  61  12   4   0 0.01  0.0    0  7.7 18 340   M    M   2        22 340
10  64  42  53   4  12   0 0.00  0.0    0  5.8 14 310   M    M   0 1      19 310
11  67  39  53   4  12   0 0.00  0.0    0  2.4  8 120   M    M   0 18      9 180
12  72  41  57   8   8   0 0.00  0.0    0  1.3  6 280   M    M   2 128     7 280
13  75  41  58   9   7   0 0.00  0.0    0  2.8  9 150   M    M   2 128    12 150
14  72  40  56   6   9   0 0.00  0.0    0  2.4  8  20   M    M   3 128    10  20
15  71  43  57   7   8   0 0.00  0.0    0  2.1  6 270   M    M   3 128     9 310
16  74  41  58   8   7   0 0.00  0.0    0  2.4  9 350   M    M   1 128    14 320
17  69  42  56   6   9   0 0.00  0.0    0  4.8 12 320   M    M   4 128    16 320
18  69  42  56   6   9   0 0.00  0.0    0  3.9 13 320   M    M   0 128    16 320
19  60  44  52   2  13   0 0.00  0.0    0  3.8 10 340   M    M   8 128    12 340
20  56  47  52   1  13   0    T  0.0    0  4.8 10 350   M    M  10 128    13 360
21  57  42  50  -1  15   0 0.00  0.0    0  2.9  7 240   M    M   7 18      9 120
22  55  40  48  -3  17   0 0.02  0.0    0  4.0 12 300   M    M   7 18     13 300
23  58  39  49  -2  16   0    T  0.0    0  4.4 14 140   M    M   5 18     19 180
24  64  32  48  -3  17   0 0.00  0.0    0  1.9  7 100   M    M   0 12      9 270
25  67  33  50  -2  15   0 0.00  0.0    0  2.6  9 350   M    M   0 18     12 350
26  68  38  53   1  12   0 0.00  0.0    0  4.5 14 350   M    M   0 18     19 330
27  66  39  53   1  12   0    T    M    0  4.1 10 320   M    M   4 18     13 250
28  61  36  49  -3  16   0 0.00  0.0    0  5.0 13 220   M    M   4        17 140
================================================================================
SM 1866 1172       293   0  1.05     0.0 128.5          M       87
================================================================================
AV 66.6 41.9                               4.6 FASTST   M    M   3    MAX(MPH)
                                 MISC ---->  # 30 130               # 36  130
================================================================================
NOTES:
# LAST OF SEVERAL OCCURRENCES

COLUMN 17 PEAK WIND IN M.P.H.

PRELIMINARY LOCAL CLIMATOLOGICAL DATA (WS FORM: F-6) , PAGE 2

                                          STATION:  MERCED CA AIRPORT
                                          MONTH:    FEBRUARY
                                          YEAR:     2015
                                          LATITUDE:   37 16 N
                                          LONGITUDE: 120 36 W

[TEMPERATURE DATA]      [PRECIPITATION DATA]       SYMBOLS USED IN COLUMN 16

AVERAGE MONTHLY: 54.2   TOTAL FOR MONTH:   1.05    1 = FOG OR MIST
DPTR FM NORMAL:   4.5   DPTR FM NORMAL:   -1.29    2 = FOG REDUCING VISIBILITY
HIGHEST:    75 ON 13    GRTST 24HR  0.74 ON  6- 7      TO 1/4 MILE OR LESS
LOWEST:     32 ON 24                               3 = THUNDER
                        SNOW, ICE PELLETS, HAIL    4 = ICE PELLETS
                        TOTAL MONTH:   0.0 INCH    5 = HAIL
                        GRTST 24HR     0.0         6 = FREEZING RAIN OR DRIZZLE
                        GRTST DEPTH:   0           7 = DUSTSTORM OR SANDSTORM:
                                                       VSBY 1/2 MILE OR LESS
                                                   8 = SMOKE OR HAZE
[NO. OF DAYS WITH]      [WEATHER - DAYS WITH]      9 = BLOWING SNOW
                                                   X = TORNADO
MAX 32 OR BELOW:   0    0.01 INCH OR MORE:   5
MAX 90 OR ABOVE:   0    0.10 INCH OR MORE:   3
MIN 32 OR BELOW:   1    0.50 INCH OR MORE:   0
MIN  0 OR BELOW:   0    1.00 INCH OR MORE:   0

[HDD (BASE 65) ]
TOTAL THIS MO.   293    CLEAR  (SCALE 0-3)  16
DPTR FM NORMAL  -137    PTCLDY (SCALE 4-7)  11
TOTAL FM JUL 1  1464    CLOUDY (SCALE 8-10)  1
DPTR FM NORMAL  -706

[CDD (BASE 65) ]
TOTAL THIS MO.     0
DPTR FM NORMAL     0    [PRESSURE DATA]
TOTAL FM JAN 1     0    HIGHEST SLP 30.36 ON 24
DPTR FM NORMAL     0    LOWEST  SLP 29.71 ON 27

[REMARKS]
#FINAL-02-15#
