000
CXUS55 KEAX 290736
CF6MCI
PRELIMINARY LOCAL CLIMATOLOGICAL DATA (WS FORM: F-6)

                                          STATION:   Kansas City International MO
                                          MONTH:     MARCH
                                          YEAR:      2015
                                          LATITUDE:   39 19 N
                                          LONGITUDE:  94 43 W

  TEMPERATURE IN F:       :PCPN:    SNOW:  WIND      :SUNSHINE: SKY     :PK WND
================================================================================
1   2   3   4   5  6A  6B    7    8   9   10  11  12  13   14  15   16   17  18
                                     12Z  AVG MX 2MIN
DY MAX MIN AVG DEP HDD CDD  WTR  SNW DPTH SPD SPD DIR MIN PSBL S-S WX    SPD DR
================================================================================

 1  33  20  27 -12  38   0    T    T    1  3.2 13 300   M    M   8 1      20  20
 2  40  20  30  -9  35   0 0.00  0.0    1  9.2 21 120   M    M   8        24 130
 3  47  27  37  -2  28   0    T  0.0    0 14.9 25 210   M    M  10 1      31 210
 4  29  18  24 -16  41   0    T    T    0 12.1 22  10   M    M   8        29  10
 5  32   6  19 -21  46   0 0.00  0.0    0  7.0 14 160   M    M   0 8      17  30
 6  60  23  42   2  23   0 0.00  0.0    0 13.7 21 230   M    M   1 8      35 180
 7  70  37  54  13  11   0 0.00  0.0    0 10.6 17 220   M    M   0        23 220
 8  69  36  53  12  12   0 0.00  0.0    0  9.7 23  40   M    M   5        27  40
 9  63  32  48   6  17   0 0.00  0.0    0  6.4 14 220   M    M   5 18     17 220
10  71  38  55  13  10   0 0.00  0.0    0  5.7 10 200   M    M   5 18     15 150
11  75  39  57  15   8   0 0.00  0.0    0  7.2 18 100   M    M   0 8      23 110
12  73  43  58  15   7   0 0.00  0.0    0  8.5 17 150   M    M   3 8      21 180
13  75  44  60  17   5   0 0.00  0.0    0  9.0 18  20   M    M   8 8      23  10
14  66  41  54  10  11   0 0.00  0.0    0 10.1 21  10   M    M   5        32  50
15  73  36  55  11  10   0 0.00  0.0    0 12.0 21 200   M    M   4 8      27 210
16  83  51  67  23   0   2 0.00  0.0    0 15.0 26 210   M    M   2 8      35 220
17  59  39  49   4  16   0 0.00  0.0    0 17.3 29  30   M    M   3        34  30
18  42  36  39  -6  26   0 0.29  0.0    0 12.3 18 100   M    M   9 1      23 100
19  40  36  38  -7  27   0 0.08  0.0    0  5.6 13 110   M    M  10 1      16 110
20  66  30  48   2  17   0 0.00  0.0    0  7.0 14 210   M    M   6 128    17 200
21  70  39  55   9  10   0 0.00  0.0    0  9.2 15 100   M    M   4        22  80
22  73  45  59  13   6   0 0.00  0.0    0  7.8 17 140   M    M   2        23 150
23  59  35  47   0  18   0 0.12    T    0 10.9 23  90   M    M   8 135    26  90
24  46  38  42  -5  23   0 0.21    M    0 12.3 24 120   M    M   9 13     30 100
25  50  39  45  -3  20   0 0.17  0.0    0 10.1 24  30   M    M  10 12     27  10
26  51  30  41  -7  24   0 0.01  0.0    0  9.3 21  10   M    M   5        25  10
27  44  29  37 -11  28   0    T  0.0    0  8.7 15 350   M    M   8        20 360
28  53  36  45  -4  20   0 0.00  0.0    0 13.8 21 150   M    M   6        29 130
================================================================================
SM 1612  943       537   2  0.88    T    278.6          M      152
================================================================================
AV 57.6 33.7                               9.9 FASTST   M    M   5    MAX(MPH)
                                 MISC ---->  # 29  30               # 35  180
================================================================================
NOTES:
# LAST OF SEVERAL OCCURRENCES

COLUMN 17 PEAK WIND IN M.P.H.

PRELIMINARY LOCAL CLIMATOLOGICAL DATA (WS FORM: F-6) , PAGE 2

                                          STATION:  Kansas City International MO
                                          MONTH:    MARCH
                                          YEAR:     2015
                                          LATITUDE:   39 19 N
                                          LONGITUDE:  94 43 W

[TEMPERATURE DATA]      [PRECIPITATION DATA]       SYMBOLS USED IN COLUMN 16

AVERAGE MONTHLY: 45.6   TOTAL FOR MONTH:   0.88    1 = FOG OR MIST
DPTR FM NORMAL:   1.9   DPTR FM NORMAL:   -1.21    2 = FOG REDUCING VISIBILITY
HIGHEST:    83 ON 16    GRTST 24HR  0.29 ON 18-18      TO 1/4 MILE OR LESS
LOWEST:      6 ON  5                               3 = THUNDER
                        SNOW, ICE PELLETS, HAIL    4 = ICE PELLETS
                        TOTAL MONTH:    T          5 = HAIL
                        GRTST 24HR    T  ON 23-23  6 = FREEZING RAIN OR DRIZZLE
                        GRTST DEPTH:   1 ON  2, 1  7 = DUSTSTORM OR SANDSTORM:
                                                       VSBY 1/2 MILE OR LESS
                                                   8 = SMOKE OR HAZE
[NO. OF DAYS WITH]      [WEATHER - DAYS WITH]      9 = BLOWING SNOW
                                                   X = TORNADO
MAX 32 OR BELOW:   2    0.01 INCH OR MORE:   6
MAX 90 OR ABOVE:   0    0.10 INCH OR MORE:   4
MIN 32 OR BELOW:  10    0.50 INCH OR MORE:   0
MIN  0 OR BELOW:   0    1.00 INCH OR MORE:   0

[HDD (BASE 65) ]
TOTAL THIS MO.   537    CLEAR  (SCALE 0-3)   8
DPTR FM NORMAL   -62    PTCLDY (SCALE 4-7)  14
TOTAL FM JUL 1  4751    CLOUDY (SCALE 8-10)  6
DPTR FM NORMAL   107

[CDD (BASE 65) ]
TOTAL THIS MO.     2
DPTR FM NORMAL     2    [PRESSURE DATA]
TOTAL FM JAN 1     2    HIGHEST SLP  0.00 ON M
DPTR FM NORMAL     2    LOWEST  SLP  0.00 ON M

[REMARKS]
