000
CXUS53 KGLD 260800
CF6MCK
PRELIMINARY LOCAL CLIMATOLOGICAL DATA (WS FORM: F-6)

                                          STATION:   MCCOOK NE
                                          MONTH:     FEBRUARY
                                          YEAR:      2015
                                          LATITUDE:   40 13 N
                                          LONGITUDE: 100 35 W

  TEMPERATURE IN F:       :PCPN:    SNOW:  WIND      :SUNSHINE: SKY     :PK WND
================================================================================
1   2   3   4   5  6A  6B    7    8   9   10  11  12  13   14  15   16   17  18
                                     12Z  AVG MX 2MIN
DY MAX MIN AVG DEP HDD CDD  WTR  SNW DPTH SPD SPD DIR MIN PSBL S-S WX    SPD DR
================================================================================

 1  25   5  15 -13  50   0 0.01    M    M 20.8 33 330   M    M   6 189    42 330
 2  50   3  27  -1  38   0 0.00    M    M  6.1 16 190   M    M   0        19 190
 3  65  27  46  18  19   0 0.00    M    M  9.2 21 340   M    M   1        24 340
 4  35  16  26  -3  39   0    T    T    0 12.8 35  20   M    M   5 68     42  30
 5  56  17  37   8  28   0 0.00  0.0    0  8.1 17 180   M    M   1        22 180
 6  73  35  54  25  11   0 0.00  0.0    0  8.4 17 240   M    M   0        21 230
 7  80  33  57  28   8   0 0.00  0.0    0 12.0 32 330   M    M   0        38 320
 8  70  35  53  24  12   0 0.00    M    M 11.0 24 320   M    M   0        41 310
 9  71  27  49  20  16   0 0.00    M    M  9.2 20 190   M    M   0 8      25 170
10  68  31  50  20  15   0 0.00    M    M  8.9 22 360   M    M   1 128    26 360
11  53  28  41  11  24   0 0.00    M    M 11.0 22 330   M    M   2        27 310
12  39  22  31   1  34   0 0.00    M    M 10.7 20 200   M    M   5        24 200
13  62  21  42  12  23   0 0.00    M    M  8.3 16 310   M    M   0        21 280
14  43  22  33   3  32   0 0.00    M    M 12.2 29  50   M    M   3        34  40
15  31  18  25  -6  40   0 0.00    M    M  5.4 14 120   M    M   9        16 120
16  47  21  34   3  31   0    T    M    M  9.4 26 360   M    M   5        31 360
17  35  16  26  -5  39   0    T    M    M 15.4 32 320   M    M   3        39 320
18  35  17  26  -6  39   0 0.00    M    M  6.4 15 330   M    M   8        20 310
19  46  15  31  -1  34   0 0.00    M    M  8.6 16 130   M    M   0        19 140
20  51  19  35   3  30   0    T    M    M  6.5 16  70   M    M   3        22  80
21  45  23  34   2  31   0 0.20    M    M 12.8 26  30   M    M   9 1      33  40
22  24  12  18 -15  47   0 0.01    M    M  9.1 22  20   M    M   9 18     26  20
23  27   0  14 -19  51   0 0.00    M    M  7.9 16 250   M    M   2 8      23 250
24  55  13  34   1  31   0 0.00    M    M 10.9 18 330   M    M   0        25 330
25  52  18  35   1  30   0 0.00  0.0    0 16.4 32  20   M    M   4        41 360
================================================================================
SM 1238  494       752   0  0.22    T    257.5          M       76
================================================================================
AV 49.5 19.8                              10.3 FASTST   M    M   3    MAX(MPH)
                                 MISC ---->  # 35  20               # 42  330
================================================================================
NOTES:
# LAST OF SEVERAL OCCURRENCES

COLUMN 17 PEAK WIND IN M.P.H.

PRELIMINARY LOCAL CLIMATOLOGICAL DATA (WS FORM: F-6) , PAGE 2

                                          STATION:  MCCOOK NE
                                          MONTH:    FEBRUARY
                                          YEAR:     2015
                                          LATITUDE:   40 13 N
                                          LONGITUDE: 100 35 W

[TEMPERATURE DATA]      [PRECIPITATION DATA]       SYMBOLS USED IN COLUMN 16

AVERAGE MONTHLY: 34.6   TOTAL FOR MONTH:   0.22    1 = FOG OR MIST
DPTR FM NORMAL:   4.2   DPTR FM NORMAL:   -0.32    2 = FOG REDUCING VISIBILITY
HIGHEST:    80 ON  7    GRTST 24HR  0.20 ON 21-21      TO 1/4 MILE OR LESS
LOWEST:      0 ON 23                               3 = THUNDER
                        SNOW, ICE PELLETS, HAIL    4 = ICE PELLETS
                        TOTAL MONTH:    T          5 = HAIL
                        GRTST 24HR    T  ON  4- 4  6 = FREEZING RAIN OR DRIZZLE
                        GRTST DEPTH:   0           7 = DUSTSTORM OR SANDSTORM:
                                                       VSBY 1/2 MILE OR LESS
                                                   8 = SMOKE OR HAZE
[NO. OF DAYS WITH]      [WEATHER - DAYS WITH]      9 = BLOWING SNOW
                                                   X = TORNADO
MAX 32 OR BELOW:   4    0.01 INCH OR MORE:   3
MAX 90 OR ABOVE:   0    0.10 INCH OR MORE:   1
MIN 32 OR BELOW:  22    0.50 INCH OR MORE:   0
MIN  0 OR BELOW:   1    1.00 INCH OR MORE:   0

[HDD (BASE 65) ]
TOTAL THIS MO.   752    CLEAR  (SCALE 0-3)  14
DPTR FM NORMAL  -110    PTCLDY (SCALE 4-7)   7
TOTAL FM JUL 1  4124    CLOUDY (SCALE 8-10)  4
DPTR FM NORMAL  -419

[CDD (BASE 65) ]
TOTAL THIS MO.     0
DPTR FM NORMAL     0    [PRESSURE DATA]
TOTAL FM JAN 1     0    HIGHEST SLP M ON M
DPTR FM NORMAL     0    LOWEST  SLP 29.63 ON  7

[REMARKS]
