000
CXUS52 KFFC 311110
CF6MCN
PRELIMINARY LOCAL CLIMATOLOGICAL DATA (WS FORM: F-6)

                                          STATION:   MACON
                                          MONTH:     AUGUST
                                          YEAR:      2015
                                          LATITUDE:   32 42 N
                                          LONGITUDE:  83 39 W

  TEMPERATURE IN F:       :PCPN:    SNOW:  WIND      :SUNSHINE: SKY     :PK WND
================================================================================
1   2   3   4   5  6A  6B    7    8   9   10  11  12  13   14  15   16   17  18
                                     12Z  AVG MX 2MIN
DY MAX MIN AVG DEP HDD CDD  WTR  SNW DPTH SPD SPD DIR MIN PSBL S-S WX    SPD DR
================================================================================

 1  94  71  83   1   0  18 0.00  0.0    0  4.4 20  40   M    M   2 1      23  40
 2  93  71  82   0   0  17 0.00  0.0    0  5.6 13 130   M    M   4 18     20 110
 3  95  74  85   3   0  20 0.00  0.0    0  4.0 12  80   M    M   5        17  30
 4 100  72  86   4   0  21 0.00  0.0    0  4.3 18  80   M    M   0 1      23  80
 5  97  73  85   3   0  20 0.00  0.0    0  4.8 14 220   M    M   1 1      23 220
 6  94  74  84   2   0  19 1.48  0.0    0  4.9 28 240   M    M   6 13     43 260
 7  93  74  84   2   0  19 0.00  0.0    0  8.9 20 310   M    M   5        26 260
 8  94  69  82   0   0  17 0.00  0.0    0  2.6 32 110   M    M   1       106 210
 9  92  72  82   0   0  17 0.00  0.0    0  3.1 13 130   M    M   1 1      16 120
10  89  71  80  -2   0  15 1.16  0.0    0  6.4 24  30   M    M   3 1      29  30
11  91  71  81   0   0  16 0.13  0.0    0  4.7 20 280   M    M   4 1      23 270
12  94  72  83   2   0  18 0.00  0.0    0  5.1 12 270   M    M   2 1      18 360
13  90  69  80  -1   0  15 0.00  0.0    0  4.6 14 100   M    M   5        18 100
14  90  71  81   0   0  16 0.00  0.0    0  5.0 14  80   M    M   2        17  80
15  91  64  78  -3   0  13 0.00  0.0    0  4.6 15  70   M    M   1 1      22  90
16  90  69  80  -1   0  15    T  0.0    0  4.5 14 140   M    M   2        18 140
17  91  71  81   0   0  16 0.27  0.0    0  3.4 17 120   M    M   5 1      22 120
18  90  72  81   0   0  16 0.00  0.0    0  2.7 14 220   M    M   4        21 220
19  90  74  82   1   0  17 0.14  0.0    0  2.4 15 240   M    M   3 1      20 260
20  92  72  82   1   0  17 0.06  0.0    0  2.7 15 320   M    M   3 18     18 320
21  91  73  82   2   0  17 0.18  0.0    0  1.5 17 290   M    M   1 13     24 290
22  94  72  83   3   0  18 0.00  0.0    0  2.0 13  10   M    M   1 1      16  20
23  86  70  78  -2   0  13 0.60  0.0    0  3.6 29 270   M    M   1 138    41 250
24  93  73  83   3   0  18 0.00  0.0    0  3.4 10  10   M    M   5 1      18  10
25  89  65  77  -3   0  12 0.00  0.0    0  6.1 12 290   M    M   0 1      16 290
26  90  57  74  -6   0   9 0.00  0.0    0  2.8  8  70   M    M   0        14 130
27  89  63  76  -4   0  11 0.00  0.0    0  6.2 16  50   M    M   4 1      20  40
28  87  68  78  -2   0  13 0.00  0.0    0  6.2 16  40   M    M   3 1      21  50
29  81  70  76  -3   0  11 0.13  0.0    0  4.5 12  90   M    M   6 1      18  50
30  83  69  76  -3   0  11 0.92  0.0    0  4.9 15  40   M    M   7 12     30  50
================================================================================
SM 2733 2106         0 475  5.07     0.0 129.9          M       87
================================================================================
AV 91.1 70.2                               4.3 FASTST   M    M   3    MAX(MPH)
                                 MISC ---->  # 32 110               #106  210
================================================================================
NOTES:
# LAST OF SEVERAL OCCURRENCES

COLUMN 17 PEAK WIND IN M.P.H.

PRELIMINARY LOCAL CLIMATOLOGICAL DATA (WS FORM: F-6) , PAGE 2

                                          STATION:  MACON
                                          MONTH:    AUGUST
                                          YEAR:     2015
                                          LATITUDE:   32 42 N
                                          LONGITUDE:  83 39 W

[TEMPERATURE DATA]      [PRECIPITATION DATA]       SYMBOLS USED IN COLUMN 16

AVERAGE MONTHLY: 80.6   TOTAL FOR MONTH:   5.07    1 = FOG OR MIST
DPTR FM NORMAL:  -0.3   DPTR FM NORMAL:    1.10    2 = FOG REDUCING VISIBILITY
HIGHEST:   100 ON  4    GRTST 24HR  1.48 ON  6- 6      TO 1/4 MILE OR LESS
LOWEST:     57 ON 26                               3 = THUNDER
                        SNOW, ICE PELLETS, HAIL    4 = ICE PELLETS
                        TOTAL MONTH:   0.0 INCH    5 = HAIL
                        GRTST 24HR     0.0         6 = FREEZING RAIN OR DRIZZLE
                        GRTST DEPTH:   0           7 = DUSTSTORM OR SANDSTORM:
                                                       VSBY 1/2 MILE OR LESS
                                                   8 = SMOKE OR HAZE
[NO. OF DAYS WITH]      [WEATHER - DAYS WITH]      9 = BLOWING SNOW
                                                   X = TORNADO
MAX 32 OR BELOW:   0    0.01 INCH OR MORE:  10
MAX 90 OR ABOVE:  23    0.10 INCH OR MORE:   9
MIN 32 OR BELOW:   0    0.50 INCH OR MORE:   4
MIN  0 OR BELOW:   0    1.00 INCH OR MORE:   2

[HDD (BASE 65) ]
TOTAL THIS MO.     0    CLEAR  (SCALE 0-3)  17
DPTR FM NORMAL     0    PTCLDY (SCALE 4-7)  13
TOTAL FM JUL 1     0    CLOUDY (SCALE 8-10)  0
DPTR FM NORMAL     0

[CDD (BASE 65) ]
TOTAL THIS MO.   475
DPTR FM NORMAL    -3    [PRESSURE DATA]
TOTAL FM JAN 1  1932    HIGHEST SLP M ON M
DPTR FM NORMAL   201    LOWEST  SLP 29.77 ON  7

[REMARKS]
