342
CXUS52 KMLB 270816
CF6MCO
PRELIMINARY LOCAL CLIMATOLOGICAL DATA (WS FORM: F-6)

                                          STATION:   ORLANDO INTL
                                          MONTH:     AUGUST
                                          YEAR:      2016
                                          LATITUDE:   28 25 N
                                          LONGITUDE:  81 19 W

  TEMPERATURE IN F:       :PCPN:    SNOW:  WIND      :SUNSHINE: SKY     :PK WND
================================================================================
1   2   3   4   5  6A  6B    7    8   9   10  11  12  13   14  15   16   17  18
                                     12Z  AVG MX 2MIN
DY MAX MIN AVG DEP HDD CDD  WTR  SNW DPTH SPD SPD DIR MIN PSBL S-S WX    SPD DR
================================================================================

 1  95  74  85   2   0  20 0.00  0.0    0  6.4 17 110   M    M   4        22 110
 2  95  77  86   3   0  21 0.02  0.0    0  4.6 25 110   M    M   5 3      30 110
 3  92  75  84   1   0  19 0.01  0.0    0  5.5 17 330   M    M   5        20 110
 4  91  74  83   0   0  18 1.35  0.0    0  6.4 22 200   M    M   5 13     27 160
 5  94  74  84   1   0  19 0.01  0.0    0  6.2 22 280   M    M   6        27 290
 6  90  75  83   0   0  18 0.00  0.0    0  6.7 21 280   M    M   9        24 280
 7  91  75  83   0   0  18 0.29  0.0    0 10.3 26 230   M    M   8 1      34 220
 8  86  75  81  -2   0  16 0.77  0.0    0  8.1 31 270   M    M   8 13     40 250
 9  89  74  82  -1   0  17 0.07  0.0    0  7.6 28 250   M    M   8 38     33 250
10  92  74  83   0   0  18 0.42  0.0    0  6.9 30 100   M    M   7 13     37 100
11  93  75  84   1   0  19 0.00  0.0    0  4.4 29 170   M    M   6 3      38 170
12  93  75  84   1   0  19 0.33  0.0    0  5.3 16  80   M    M   5 3      19  80
13  94  70  82  -1   0  17 1.01  0.0    0  5.4 47 150   M    M   4 138    59 150
14  90  77  84   1   0  19 0.12  0.0    0  6.2 16 120   M    M   8 13     21  90
15  92  78  85   2   0  20    T  0.0    0  6.9 15 200   M    M   6 3      19 200
16  89  74  82  -1   0  17 2.62  0.0    0  6.6 26  10   M    M   5 13     33 190
17  92  76  84   1   0  19 0.00  0.0    0  6.9 16  80   M    M   4 3      22  80
18  91  75  83   0   0  18 0.61  0.0    0  3.7 22 120   M    M   4 13     29 130
19  94  75  85   2   0  20 0.00  0.0    0  3.6 15 110   M    M   3 1      17 110
20  94  75  85   2   0  20 0.00  0.0    0  3.6 16 270   M    M   6 3      19 270
21  95  77  86   3   0  21 0.00  0.0    0  3.9 14 280   M    M   6        18 280
22  96  76  86   3   0  21 0.00  0.0    0  4.5 10 150   M    M   3        15 120
23  97  78  88   5   0  23 0.07  0.0    0  5.7 23  50   M    M   4 3      30  50
24  90  77  84   1   0  19 0.46  0.0    0 10.2 21  60   M    M   7 13     26  50
25  92  76  84   1   0  19 0.00  0.0    0 11.7 22  30   M    M   3        29  70
26  91  78  85   2   0  20    T  0.0    0 12.1 24  60   M    M   7        30  70
================================================================================
SM 2398 1959         0 495  8.16     0.0 169.4          M      146
================================================================================
AV 92.2 75.3                               6.5 FASTST   M    M   6    MAX(MPH)
                                 MISC ---->  # 47 150               # 59  150
================================================================================
NOTES:
# LAST OF SEVERAL OCCURRENCES

COLUMN 17 PEAK WIND IN M.P.H.

PRELIMINARY LOCAL CLIMATOLOGICAL DATA (WS FORM: F-6) , PAGE 2

                                          STATION:  ORLANDO INTL
                                          MONTH:    AUGUST
                                          YEAR:     2016
                                          LATITUDE:   28 25 N
                                          LONGITUDE:  81 19 W

[TEMPERATURE DATA]      [PRECIPITATION DATA]       SYMBOLS USED IN COLUMN 16

AVERAGE MONTHLY: 83.8   TOTAL FOR MONTH:   8.16    1 = FOG OR MIST
DPTR FM NORMAL:   0.8   DPTR FM NORMAL:    2.13    2 = FOG REDUCING VISIBILITY
HIGHEST:    97 ON 23    GRTST 24HR  2.62 ON 15-16      TO 1/4 MILE OR LESS
LOWEST:     70 ON 13                               3 = THUNDER
                        SNOW, ICE PELLETS, HAIL    4 = ICE PELLETS
                        TOTAL MONTH:   0.0 INCH    5 = HAIL
                        GRTST 24HR     0.0         6 = FREEZING RAIN OR DRIZZLE
                        GRTST DEPTH:   0           7 = DUSTSTORM OR SANDSTORM:
                                                       VSBY 1/2 MILE OR LESS
                                                   8 = SMOKE OR HAZE
[NO. OF DAYS WITH]      [WEATHER - DAYS WITH]      9 = BLOWING SNOW
                                                   X = TORNADO
MAX 32 OR BELOW:   0    0.01 INCH OR MORE:  15
MAX 90 OR ABOVE:  23    0.10 INCH OR MORE:  10
MIN 32 OR BELOW:   0    0.50 INCH OR MORE:   5
MIN  0 OR BELOW:   0    1.00 INCH OR MORE:   3

[HDD (BASE 65) ]
TOTAL THIS MO.     0    CLEAR  (SCALE 0-3)   2
DPTR FM NORMAL     0    PTCLDY (SCALE 4-7)  22
TOTAL FM JUL 1     0    CLOUDY (SCALE 8-10)  2
DPTR FM NORMAL     0

[CDD (BASE 65) ]
TOTAL THIS MO.   495
DPTR FM NORMAL    27    [PRESSURE DATA]
TOTAL FM JAN 1  2583    HIGHEST SLP M ON M
DPTR FM NORMAL   275    LOWEST  SLP 29.88 ON  7

[REMARKS]
