000
CXUS53 KPAH 010632
CF6MDH
PRELIMINARY LOCAL CLIMATOLOGICAL DATA (WS FORM: F-6)

                                          STATION:   CARBONDALE IL
                                          MONTH:     JUNE
                                          YEAR:      2015
                                          LATITUDE:   37 46 N
                                          LONGITUDE:  89 15 W

  TEMPERATURE IN F:       :PCPN:    SNOW:  WIND      :SUNSHINE: SKY     :PK WND
================================================================================
1   2   3   4   5  6A  6B    7    8   9   10  11  12  13   14  15   16   17  18
                                     12Z  AVG MX 2MIN
DY MAX MIN AVG DEP HDD CDD  WTR  SNW DPTH SPD SPD DIR MIN PSBL S-S WX    SPD DR
================================================================================

 1  64  57  61 -10   4   0 0.00  0.0    0  5.9 12 350   M    M  10 1      14 350
 2  65  58  62  -9   3   0 0.00  0.0    0  3.3  8  70   M    M  10 1      11  30
 3  78  53  66  -6   0   1 0.00  0.0    0  2.5  8 110   M    M   4 12     10 110
 4  81  56  69  -3   0   4 0.00  0.0    0  4.6 12 260   M    M   3 18     15 170
 5  84  64  74   2   0   9 0.10  0.0    0  2.6 10 300   M    M   3 1      26  30
 6  87  65  76   4   0  11 0.00  0.0    0  3.4 10  40   M    M   1 1      12  40
 7  89  66  78   5   0  13 0.00  0.0    0 10.0 21 210   M    M   0 18     26 210
 8  83  68  76   3   0  11 1.13  0.0    0  7.5 24  60   M    M   5 13     28  60
 9  90  62  76   3   0  11 0.00  0.0    0  2.3 10 300   M    M   1 1      14 310
10  90  63  77   3   0  12 0.00  0.0    0  4.3 12 200   M    M   0 1      16 250
11  91  66  79   5   0  14 0.00  0.0    0  7.4 16 210   M    M   1 1      22 220
12  92  75  84  10   0  19    T  0.0    0 11.9 22 250   M    M   1 38     29 250
13  89  72  81   7   0  16 0.13  0.0    0 11.0 30 200   M    M   4 13     40 190
14  88  72  80   5   0  15 0.26  0.0    0  9.9 20 220   M    M   3 13     25 240
15  88  72  80   5   0  15 0.00  0.0    0  9.5 21 180   M    M   3        26 180
16  86  72  79   4   0  14 2.46  0.0    0  3.7 13  40   M    M   5 13     14  40
17  87  72  80   5   0  15 1.10  0.0    0  5.2 17 210   M    M   3 13     24 340
18  86  73  80   4   0  15 0.01  0.0    0  4.0 16 200   M    M   4        20 200
19  80  72  76   0   0  11 3.17  0.0    0 10.7 24  60   M    M   9 13     34  80
20  85  72  79   3   0  14    T  0.0    0  8.5 15 210   M    M   5 1      19 190
21  92  72  82   6   0  17 0.00  0.0    0  8.7 24 200   M    M   2        30 210
22  89  73  81   5   0  16 0.00  0.0    0 11.0 21 210   M    M   2        25 230
23  88  71  80   3   0  15    T  0.0    0  7.0 22 230   M    M   4        29 210
24  87  69  78   1   0  13 0.00  0.0    0  4.8 13  60   M    M   2        16  70
25  91  70  81   4   0  16 0.16  0.0    0  7.9 31 330   M    M   1 13     42 320
26  85  69  77   0   0  12 0.02  0.0    0  5.8 15 330   M    M   3        20 340
27  80  63  72  -5   0   7 0.00  0.0    0  9.2 17 350   M    M   5        22 360
28  83  60  72  -5   0   7 0.15  0.0    0  7.4 17 200   M    M   2 138    21 220
29  85  68  77  -1   0  12 0.00  0.0    0  6.5 14 300   M    M   2        18 300
30  84  67  76  -2   0  11 0.00  0.0    0  4.4 12 300   M    M   1 1      14 250
================================================================================
SM 2547 2012         7 346  8.69     0.0 200.9          M       99
================================================================================
AV 84.9 67.1                               6.7 FASTST   M    M   3    MAX(MPH)
                                 MISC ---->  # 31 330               # 42  320
================================================================================
NOTES:
# LAST OF SEVERAL OCCURRENCES

COLUMN 17 PEAK WIND IN M.P.H.

PRELIMINARY LOCAL CLIMATOLOGICAL DATA (WS FORM: F-6) , PAGE 2

                                          STATION:  CARBONDALE IL
                                          MONTH:    JUNE
                                          YEAR:     2015
                                          LATITUDE:   37 46 N
                                          LONGITUDE:  89 15 W

[TEMPERATURE DATA]      [PRECIPITATION DATA]       SYMBOLS USED IN COLUMN 16

AVERAGE MONTHLY: 76.0   TOTAL FOR MONTH:   8.69    1 = FOG OR MIST
DPTR FM NORMAL:   1.3   DPTR FM NORMAL:    4.70    2 = FOG REDUCING VISIBILITY
HIGHEST:    92 ON 21,12 GRTST 24HR  3.17 ON 19-19      TO 1/4 MILE OR LESS
LOWEST:     53 ON  3                               3 = THUNDER
                        SNOW, ICE PELLETS, HAIL    4 = ICE PELLETS
                        TOTAL MONTH:   0.0 INCH    5 = HAIL
                        GRTST 24HR     0.0         6 = FREEZING RAIN OR DRIZZLE
                        GRTST DEPTH:   0           7 = DUSTSTORM OR SANDSTORM:
                                                       VSBY 1/2 MILE OR LESS
                                                   8 = SMOKE OR HAZE
[NO. OF DAYS WITH]      [WEATHER - DAYS WITH]      9 = BLOWING SNOW
                                                   X = TORNADO
MAX 32 OR BELOW:   0    0.01 INCH OR MORE:  11
MAX 90 OR ABOVE:   6    0.10 INCH OR MORE:   9
MIN 32 OR BELOW:   0    0.50 INCH OR MORE:   4
MIN  0 OR BELOW:   0    1.00 INCH OR MORE:   4

[HDD (BASE 65) ]
TOTAL THIS MO.     7    CLEAR  (SCALE 0-3)  16
DPTR FM NORMAL     3    PTCLDY (SCALE 4-7)  11
TOTAL FM JUL 1  4957    CLOUDY (SCALE 8-10)  3
DPTR FM NORMAL   480

[CDD (BASE 65) ]
TOTAL THIS MO.   346
DPTR FM NORMAL    50    [PRESSURE DATA]
TOTAL FM JAN 1   511    HIGHEST SLP M ON M
DPTR FM NORMAL    79    LOWEST  SLP 29.63 ON 20

[REMARKS]
#FINAL-06-15#
