000
CXUS55 KCTP 010824
CF6MDT
PRELIMINARY LOCAL CLIMATOLOGICAL DATA (WS FORM: F-6)

                                          STATION:   HARRISBURG PA
                                          MONTH:     AUGUST
                                          YEAR:      2015
                                          LATITUDE:   40 11 N
                                          LONGITUDE:  76 46 W

  TEMPERATURE IN F:       :PCPN:    SNOW:  WIND      :SUNSHINE: SKY     :PK WND
================================================================================
1   2   3   4   5  6A  6B    7    8   9   10  11  12  13   14  15   16   17  18
                                     12Z  AVG MX 2MIN
DY MAX MIN AVG DEP HDD CDD  WTR  SNW DPTH SPD SPD DIR MIN PSBL S-S WX    SPD DR
================================================================================

 1  88  67  78   3   0  13 0.00  0.0    0  6.1 17 310   M    M   4        22 300
 2  88  63  76   1   0  11 0.00  0.0    0  5.8 16 230   M    M   3        28 190
 3  90  68  79   4   0  14 0.03  0.0    0  5.4 17 220   M    M   5 8      22 220
 4  89  68  79   4   0  14 0.02  0.0    0  6.6 21 260   M    M   5 38     27 280
 5  87  66  77   2   0  12 0.00  0.0    0  6.9 18 310   M    M   6        24 300
 6  82  62  72  -3   0   7    T  0.0    0  4.0 12 210   M    M   9        15 210
 7  86  63  75   0   0  10 0.00  0.0    0  3.3 12  90   M    M   6        18 100
 8  86  63  75   0   0  10 0.00  0.0    0  1.9 10 130   M    M   4        13 150
 9  86  69  78   3   0  13    T  0.0    0  4.8 13 130   M    M   8        16 130
10  76  67  72  -3   0   7 0.17  0.0    0  7.8 15 160   M    M  10 1      22 160
11  86  70  78   3   0  13 0.91  0.0    0  6.3 21 320   M    M   7 138    29 320
12  83  67  75   0   0  10 0.04  0.0    0  8.0 18 300   M    M   5        22 280
13  82  62  72  -2   0   7 0.00  0.0    0  5.1 13 300   M    M   3        18 300
14  87  61  74   0   0   9 0.00  0.0    0  3.8 10 200   M    M   1        16 210
15  91  66  79   5   0  14 0.00  0.0    0  3.5 12 220   M    M   2        16 230
16  93  68  81   7   0  16 0.00  0.0    0  3.2 12 200   M    M   2        17 210
17  94  71  83   9   0  18 0.00  0.0    0  3.8 10 220   M    M   3        11 180
18  93  71  82   8   0  17    T  0.0    0  6.6 16 230   M    M   6 3      21 210
19  90  75  83   9   0  18 0.00  0.0    0  8.3 15 130   M    M   8 8      21 210
20  82  71  77   3   0  12 1.05  0.0    0  6.9 17 130   M    M   9 13     22 130
21  83  64  74   0   0   9 0.00  0.0    0  6.9 14 310   M    M   3 1      19 330
22  80  62  71  -2   0   6 0.00  0.0    0  5.7 16 340   M    M   2        20 340
23  83  60  72  -1   0   7 0.00  0.0    0  3.5 12 310   M    M   5        13 310
24  87  65  76   3   0  11 0.14  0.0    0  3.5 21 290   M    M   6 13     32 300
25  81  63  72  -1   0   7 0.00  0.0    0  5.8 12 300   M    M   4 1      17 320
26  77  64  71  -2   0   6 0.00  0.0    0  6.3 15 310   M    M   6        18 310
27  77  60  69  -3   0   4 0.00  0.0    0  4.7 15 310   M    M   5        19 340
28  82  59  71  -1   0   6 0.00  0.0    0  2.0  9 280   M    M   3        10 290
29  86  60  73   1   0   8 0.00  0.0    0  2.2  8 130   M    M   5 8      11 210
30  89  67  78   6   0  13 0.00  0.0    0  3.3 16 220   M    M   7 18     22 220
31  89  71  80   8   0  15 0.00  0.0    0  1.4 15 210   M    M   7        19 250
================================================================================
SM 2653 2033         0 337  2.36     0.0 153.4          M      159
================================================================================
AV 85.6 65.6                               4.9 FASTST   M    M   5    MAX(MPH)
                                 MISC ---->  # 21 260               # 32  300
================================================================================
NOTES:
# LAST OF SEVERAL OCCURRENCES

COLUMN 17 PEAK WIND IN M.P.H.

PRELIMINARY LOCAL CLIMATOLOGICAL DATA (WS FORM: F-6) , PAGE 2

                                          STATION:  HARRISBURG PA
                                          MONTH:    AUGUST
                                          YEAR:     2015
                                          LATITUDE:   40 11 N
                                          LONGITUDE:  76 46 W

[TEMPERATURE DATA]      [PRECIPITATION DATA]       SYMBOLS USED IN COLUMN 16

AVERAGE MONTHLY: 75.6   TOTAL FOR MONTH:   2.36    1 = FOG OR MIST
DPTR FM NORMAL:   1.6   DPTR FM NORMAL:   -0.84    2 = FOG REDUCING VISIBILITY
HIGHEST:    94 ON 17    GRTST 24HR  1.05 ON 20-20      TO 1/4 MILE OR LESS
LOWEST:     59 ON 28                               3 = THUNDER
                        SNOW, ICE PELLETS, HAIL    4 = ICE PELLETS
                        TOTAL MONTH:   0.0 INCH    5 = HAIL
                        GRTST 24HR     0.0         6 = FREEZING RAIN OR DRIZZLE
                        GRTST DEPTH:   0           7 = DUSTSTORM OR SANDSTORM:
                                                       VSBY 1/2 MILE OR LESS
                                                   8 = SMOKE OR HAZE
[NO. OF DAYS WITH]      [WEATHER - DAYS WITH]      9 = BLOWING SNOW
                                                   X = TORNADO
MAX 32 OR BELOW:   0    0.01 INCH OR MORE:   7
MAX 90 OR ABOVE:   6    0.10 INCH OR MORE:   4
MIN 32 OR BELOW:   0    0.50 INCH OR MORE:   2
MIN  0 OR BELOW:   0    1.00 INCH OR MORE:   1

[HDD (BASE 65) ]
TOTAL THIS MO.     0    CLEAR  (SCALE 0-3)   8
DPTR FM NORMAL    -2    PTCLDY (SCALE 4-7)  18
TOTAL FM JUL 1     0    CLOUDY (SCALE 8-10)  5
DPTR FM NORMAL    -2

[CDD (BASE 65) ]
TOTAL THIS MO.   337
DPTR FM NORMAL    57    [PRESSURE DATA]
TOTAL FM JAN 1  1120    HIGHEST SLP 30.22 ON 28
DPTR FM NORMAL   224    LOWEST  SLP 29.74 ON 11

[REMARKS]
#FINAL-08-15#
