000
CXUS54 KJAN 221200
CF6MEI
PRELIMINARY LOCAL CLIMATOLOGICAL DATA (WS FORM: F-6)

                                          STATION:   MERIDIAN
                                          MONTH:     AUGUST
                                          YEAR:      2017
                                          LATITUDE:   32 19 N
                                          LONGITUDE:  88 45 W

  TEMPERATURE IN F:       :PCPN:    SNOW:  WIND      :SUNSHINE: SKY     :PK WND
================================================================================
1   2   3   4   5  6A  6B    7    8   9   10  11  12  13   14  15   16   17  18
                                     12Z  AVG MX 2MIN
DY MAX MIN AVG DEP HDD CDD  WTR  SNW DPTH SPD SPD DIR MIN PSBL S-S WX    SPD DR
================================================================================

 1  91  66  79  -2   0  14 0.00  0.0    0  2.4 10 120   M    M   0        15  90
 2  87  71  79  -2   0  14    T  0.0    0  2.4 12 350   M    M   1        13 350
 3  91  71  81   0   0  16    T  0.0    0  2.4 10 190   M    M   3        13 190
 4  94  71  83   2   0  18 0.00  0.0    0  3.5 15 350   M    M   4 123    19 350
 5  94  70  82   1   0  17 0.00  0.0    0  3.1 16  70   M    M   1 3      19  80
 6  88  72  80  -1   0  15 0.28  0.0    0  6.9 20 180   M    M   5 18     24 150
 7  90  74  82   1   0  17 4.16  0.0    0  6.2 25 280   M    M   8 1238   29 270
 8  83  74  79  -2   0  14 0.01  0.0    0  3.2 13  10   M    M   9 1      14  20
 9  86  74  80  -1   0  15 1.49  0.0    0  4.3 26 160   M    M   8 123    34 180
10  89  71  80  -1   0  15 1.20  0.0    0  4.1 22 170   M    M   6 123    28 170
11  93  74  84   3   0  19 0.08  0.0    0  5.0 12 250   M    M   7 13     15 260
12  93  75  84   3   0  19 0.02  0.0    0  2.8 14  30   M    M   6 13     19 360
13  95  73  84   3   0  19 0.00  0.0    0  2.0 12 250   M    M   4 123    16 250
14  94  76  85   5   0  20 0.00  0.0    0  5.9 14 180   M    M   2        18 180
15  94  75  85   5   0  20 0.04  0.0    0  5.5 26 200   M    M   4 13     33 200
16  92  75  84   4   0  19 0.42  0.0    0  5.3 21 250   M    M   4 13     27 230
17  93  73  83   3   0  18 0.00  0.0    0  6.2 14 210   M    M   4 1      18 220
18  95  76  86   6   0  21 0.00  0.0    0  3.1 12 300   M    M   2        15 310
19  96  75  86   6   0  21 0.00  0.0    0  4.7 16 130   M    M   1 3      23  60
20  96  73  85   5   0  20 0.00  0.0    0  2.6  9  90   M    M   0        12 100
21  94  75  85   5   0  20 0.00  0.0    0  3.0 13 170   M    M   0 1      18 170
================================================================================
SM 1928 1534         0 371  7.70     0.0  84.6          M       79
================================================================================
AV 91.8 73.1                               4.0 FASTST   M    M   4    MAX(MPH)
                                 MISC ---->  # 26 160               # 34  180
================================================================================
NOTES:
# LAST OF SEVERAL OCCURRENCES

COLUMN 17 PEAK WIND IN M.P.H.

PRELIMINARY LOCAL CLIMATOLOGICAL DATA (WS FORM: F-6) , PAGE 2

                                          STATION:  MERIDIAN
                                          MONTH:    AUGUST
                                          YEAR:     2017
                                          LATITUDE:   32 19 N
                                          LONGITUDE:  88 45 W

[TEMPERATURE DATA]      [PRECIPITATION DATA]       SYMBOLS USED IN COLUMN 16

AVERAGE MONTHLY: 82.4   TOTAL FOR MONTH:   7.70    1 = FOG OR MIST
DPTR FM NORMAL:   1.8   DPTR FM NORMAL:    4.84    2 = FOG REDUCING VISIBILITY
HIGHEST:    96 ON 20,19 GRTST 24HR  4.16 ON  7- 7      TO 1/4 MILE OR LESS
LOWEST:     66 ON  1                               3 = THUNDER
                        SNOW, ICE PELLETS, HAIL    4 = ICE PELLETS
                        TOTAL MONTH:   0.0 INCH    5 = HAIL
                        GRTST 24HR     0.0         6 = FREEZING RAIN OR DRIZZLE
                        GRTST DEPTH:   0           7 = DUSTSTORM OR SANDSTORM:
                                                       VSBY 1/2 MILE OR LESS
                                                   8 = SMOKE OR HAZE
[NO. OF DAYS WITH]      [WEATHER - DAYS WITH]      9 = BLOWING SNOW
                                                   X = TORNADO
MAX 32 OR BELOW:   0    0.01 INCH OR MORE:   9
MAX 90 OR ABOVE:  16    0.10 INCH OR MORE:   5
MIN 32 OR BELOW:   0    0.50 INCH OR MORE:   3
MIN  0 OR BELOW:   0    1.00 INCH OR MORE:   3

[HDD (BASE 65) ]
TOTAL THIS MO.     0    CLEAR  (SCALE 0-3)   9
DPTR FM NORMAL     0    PTCLDY (SCALE 4-7)  11
TOTAL FM JUL 1     0    CLOUDY (SCALE 8-10)  1
DPTR FM NORMAL     0

[CDD (BASE 65) ]
TOTAL THIS MO.   371
DPTR FM NORMAL    42    [PRESSURE DATA]
TOTAL FM JAN 1  1823    HIGHEST SLP M ON M
DPTR FM NORMAL   347    LOWEST  SLP 29.83 ON 14

[REMARKS]
