000
CXUS54 KLZK 020711
CF6MEZ
PRELIMINARY LOCAL CLIMATOLOGICAL DATA (WS FORM: F-6)

                                          STATION:   Mena Airport
                                          MONTH:     JULY
                                          YEAR:      2014
                                          LATITUDE:   34  9 N
                                          LONGITUDE:  94 15 W

  TEMPERATURE IN F:       :PCPN:    SNOW:  WIND      :SUNSHINE: SKY     :PK WND
================================================================================
1   2   3   4   5  6A  6B    7    8   9   10  11  12  13   14  15   16   17  18
                                     12Z  AVG MX 2MIN
DY MAX MIN AVG DEP HDD CDD  WTR  SNW DPTH SPD SPD DIR MIN PSBL S-S WX    SPD DR
================================================================================

 1  93  75  84   7   0  19 0.00    M    M  4.0 12 270   M    M   1        20 240
 2  75  73  74  -3   0   9 0.31    M    M  1.8 12 360   M    M   2 3      16 360
 3   M   M   M   M   M   M 0.00    M    M  1.0  7  40   M    M   0         M  M
 4   M   M   M   M   M   M 0.00    M    M  0.8  6  80   M    M   3         M  M
 5   M   M   M   M   M   M 0.00    M    M  0.1  4 170   M    M   2         M  M
 6   M   M   M   M   M   M 0.00    M    M  1.5  8 230   M    M   2         M  M
 7   M   M   M   M   M   M 0.00    M    M  2.9 10 260   M    M   1        16 260
 8  72  72  72  -6   0   7 2.09    M    M  2.6 12  60   M    M   3 3      18 240
 9  73  70  72  -6   0   7 3.34    M    M  1.0 15  60   M    M   5        18  60
10  88  72  80   2   0  15 0.12    M    M  0.7  9  70   M    M   7 3       M  M
11  93  70  82   4   0  17 0.01    M    M  0.5  6 260   M    M   1         M  M
12  95  70  83   5   0  18 0.00    M    M  0.4  7 270   M    M   0         M  M
13  97  70  84   6   0  19 0.00    M    M  2.1 10 280   M    M   0         M  M
14  95  70  83   5   0  18 0.94    M    M  2.3 17 310   M    M   4 3      28 310
15  81  61  71  -8   0   6 0.03    M    M  1.0  7  20   M    M   2         M  M
16  81  57  69 -10   0   4 0.05    M    M  0.0  M   M   M    M   4         M  M
17  68  63  66 -13   0   1 0.77    M    M  3.5 10  70   M    M  10        17  60
18  70  61  66 -13   0   1 0.39    M    M  1.7 12  80   M    M  10         M  M
19  79  61  70  -9   0   5 0.03    M    M  0.0  M   M   M    M   8         M  M
20  81  63  72  -7   0   7 0.00    M    M  0.0  M   M   M    M   7         M  M
21  90  61  76  -3   0  11 0.02    M    M  0.2  5 240   M    M   4         M  M
22  90  66  78  -1   0  13 0.00    M    M  0.0  M   M   M    M   5         M  M
23  95  68  82   3   0  17 0.00    M    M  1.4  9 320   M    M   4 3       M  M
24  88  64  76  -3   0  11 0.00    M    M  0.5  6  70   M    M   3         M  M
25  90  73  82   3   0  17 0.00    M    M  0.0  M   M   M    M   5         M  M
26  93  72  83   4   0  18 0.00    M    M  2.5 10 240   M    M   1         M  M
27  97  77  87   8   0  22 0.00    M    M  3.4 12 260   M    M   1 3       M  M
28  88  66  77  -2   0  12 0.00    M    M  0.8  8 350   M    M   1         M  M
29  88  61  75  -4   0  10 0.00    M    M  0.1  4  30   M    M   1         M  M
30  73  68  71  -8   0   6 0.03    M    M  0.6  8  70   M    M   9         M  M
31  72  66  69 -10   0   4 0.00    M    M  2.6  8  70   M    M  10         M  M
================================================================================
SM 2205 1750         0 294  8.13    M     40.0          M      116
================================================================================
AV 84.8 67.3                               1.3 FASTST   M    M   4    MAX(MPH)
                                 MISC ---->    17   M                 28    M
================================================================================
NOTES:
# LAST OF SEVERAL OCCURRENCES

COLUMN 17 PEAK WIND IN M.P.H.

PRELIMINARY LOCAL CLIMATOLOGICAL DATA (WS FORM: F-6) , PAGE 2

                                          STATION:  Mena Airport
                                          MONTH:    JULY
                                          YEAR:     2014
                                          LATITUDE:   34  9 N
                                          LONGITUDE:  94 15 W

[TEMPERATURE DATA]      [PRECIPITATION DATA]       SYMBOLS USED IN COLUMN 16

AVERAGE MONTHLY: 76.1   TOTAL FOR MONTH:   8.13    1 = FOG OR MIST
DPTR FM NORMAL:  -2.4   DPTR FM NORMAL:    3.08    2 = FOG REDUCING VISIBILITY
HIGHEST:    97 ON 27,13 GRTST 24HR  3.34 ON  9- 9      TO 1/4 MILE OR LESS
LOWEST:     57 ON 16                               3 = THUNDER
                        SNOW, ICE PELLETS, HAIL    4 = ICE PELLETS
                        TOTAL MONTH:    M          5 = HAIL
                        GRTST 24HR    M  ON   M    6 = FREEZING RAIN OR DRIZZLE
                        GRTST DEPTH:  M  ON   M    7 = DUSTSTORM OR SANDSTORM:
                                                       VSBY 1/2 MILE OR LESS
                                                   8 = SMOKE OR HAZE
[NO. OF DAYS WITH]      [WEATHER - DAYS WITH]      9 = BLOWING SNOW
                                                   X = TORNADO
MAX 32 OR BELOW:   0    0.01 INCH OR MORE:  13
MAX 90 OR ABOVE:  11    0.10 INCH OR MORE:   7
MIN 32 OR BELOW:   0    0.50 INCH OR MORE:   4
MIN  0 OR BELOW:   0    1.00 INCH OR MORE:   2

[HDD (BASE 65) ]
TOTAL THIS MO.     0    CLEAR  (SCALE 0-3)  16
DPTR FM NORMAL     0    PTCLDY (SCALE 4-7)  11
TOTAL FM JUL 1     0    CLOUDY (SCALE 8-10)  4
DPTR FM NORMAL     0

[CDD (BASE 65) ]
TOTAL THIS MO.   294
DPTR FM NORMAL  -125    [PRESSURE DATA]
TOTAL FM JAN 1   821    HIGHEST SLP M ON M
DPTR FM NORMAL   -29    LOWEST  SLP M ON M

[REMARKS]
#FINAL-07-14#
