000
CXUS51 KCLE 171004
CF6MFD
PRELIMINARY LOCAL CLIMATOLOGICAL DATA (WS FORM: F-6)

                                          STATION:   MANSFIELD OH
                                          MONTH:     SEPTEMBER
                                          YEAR:      2014
                                          LATITUDE:   40 49 N
                                          LONGITUDE:  82 31 W

  TEMPERATURE IN F:       :PCPN:    SNOW:  WIND      :SUNSHINE: SKY     :PK WND
================================================================================
1   2   3   4   5  6A  6B    7    8   9   10  11  12  13   14  15   16   17  18
                                     12Z  AVG MX 2MIN
DY MAX MIN AVG DEP HDD CDD  WTR  SNW DPTH SPD SPD DIR MIN PSBL S-S WX    SPD DR
================================================================================

 1  85  68  77   9   0  12 0.00  0.0    0 11.7 23 200   M    M   5 1      28 210
 2  76  63  70   2   0   5 0.05  0.0    0  7.0 17 230   M    M   5 1      23 230
 3  84  61  73   6   0   8 0.00  0.0    0  2.4  9 250   M    M   2 12     13 260
 4  86  60  73   6   0   8 0.00  0.0    0  5.3 15 200   M    M   1        20 210
 5  90  68  79  12   0  14    T  0.0    0 10.5 32 310   M    M   3 3      39 320
 6  71  54  63  -3   2   0 0.07  0.0    0  5.4 16 340   M    M   5 13     18 330
 7  76  50  63  -3   2   0 0.00  0.0    0  3.6 10  30   M    M   2 1      13 360
 8  78  52  65  -1   0   0 0.00  0.0    0  6.1 14 130   M    M   2        21 110
 9  79  63  71   5   0   6 0.00  0.0    0  6.8 15 160   M    M   6        17 170
10  79  63  71   6   0   6 0.18  0.0    0 14.6 28 190   M    M   5 1      38 200
11  73  56  65   0   0   0 0.40  0.0    0  8.3 23 200   M    M  10 1      28 190
12  61  54  58  -6   7   0 0.00  0.0    0  4.8 10  20   M    M  10        13  20
13  63  45  54 -10  11   0 0.01  0.0    0  6.7 18 310   M    M   7 1      23 300
14  66  40  53 -11  12   0 0.00  0.0    0  2.2  9 210   M    M   1 1      30 330
15  70  43  57  -6   8   0 0.22  0.0    0  5.3 17 160   M    M   3 1      23 140
16  68  46  57  -6   8   0    T  0.0    0  4.8 12 320   M    M   6 1      24  20
================================================================================
SM 1205  886        50  59  0.93     0.0 105.5          M       73
================================================================================
AV 75.3 55.4                               6.6 FASTST   M    M   5    MAX(MPH)
                                 MISC ---->  # 32 310               # 39  320
================================================================================
NOTES:
# LAST OF SEVERAL OCCURRENCES

COLUMN 17 PEAK WIND IN M.P.H.

PRELIMINARY LOCAL CLIMATOLOGICAL DATA (WS FORM: F-6) , PAGE 2

                                          STATION:  MANSFIELD OH
                                          MONTH:    SEPTEMBER
                                          YEAR:     2014
                                          LATITUDE:   40 49 N
                                          LONGITUDE:  82 31 W

[TEMPERATURE DATA]      [PRECIPITATION DATA]       SYMBOLS USED IN COLUMN 16

AVERAGE MONTHLY: 65.3   TOTAL FOR MONTH:   0.93    1 = FOG OR MIST
DPTR FM NORMAL:  -0.2   DPTR FM NORMAL:   -0.90    2 = FOG REDUCING VISIBILITY
HIGHEST:    90 ON  5    GRTST 24HR  0.58 ON 10-11      TO 1/4 MILE OR LESS
LOWEST:     40 ON 14                               3 = THUNDER
                        SNOW, ICE PELLETS, HAIL    4 = ICE PELLETS
                        TOTAL MONTH:   0.0 INCH    5 = HAIL
                        GRTST 24HR     0.0         6 = FREEZING RAIN OR DRIZZLE
                        GRTST DEPTH:   0           7 = DUSTSTORM OR SANDSTORM:
                                                       VSBY 1/2 MILE OR LESS
                                                   8 = SMOKE OR HAZE
[NO. OF DAYS WITH]      [WEATHER - DAYS WITH]      9 = BLOWING SNOW
                                                   X = TORNADO
MAX 32 OR BELOW:   0    0.01 INCH OR MORE:   6
MAX 90 OR ABOVE:   1    0.10 INCH OR MORE:   3
MIN 32 OR BELOW:   0    0.50 INCH OR MORE:   0
MIN  0 OR BELOW:   0    1.00 INCH OR MORE:   0

[HDD (BASE 65) ]
TOTAL THIS MO.    50    CLEAR  (SCALE 0-3)   7
DPTR FM NORMAL    13    PTCLDY (SCALE 4-7)   7
TOTAL FM JUL 1    77    CLOUDY (SCALE 8-10)  2
DPTR FM NORMAL    15

[CDD (BASE 65) ]
TOTAL THIS MO.    59
DPTR FM NORMAL    13    [PRESSURE DATA]
TOTAL FM JAN 1   613    HIGHEST SLP M ON M
DPTR FM NORMAL     5    LOWEST  SLP 29.62 ON 11

[REMARKS]
