000
CXUS54 KBRO 210900
CF6MFE
PRELIMINARY LOCAL CLIMATOLOGICAL DATA (WS FORM: F-6)

                                          STATION:   MCALLEN
                                          MONTH:     APRIL
                                          YEAR:      2014
                                          LATITUDE:   26 10 N
                                          LONGITUDE:  98 14 W

  TEMPERATURE IN F:       :PCPN:    SNOW:  WIND      :SUNSHINE: SKY     :PK WND
================================================================================
1   2   3   4   5  6A  6B    7    8   9   10  11  12  13   14  15   16   17  18
                                     12Z  AVG MX 2MIN
DY MAX MIN AVG DEP HDD CDD  WTR  SNW DPTH SPD SPD DIR MIN PSBL S-S WX    SPD DR
================================================================================

 1  83  71  77   3   0  12 0.00  0.0    0 14.2 23 130   M    M  10        29 140
 2  94  72  83   9   0  18 0.00  0.0    0 16.7 26 150   M    M   3        36 140
 3  99  73  86  12   0  21 0.00  0.0    0 13.9 25 160   M    M   5        31 150
 4  81  69  75   0   0  10 0.01  0.0    0 11.9 25  10   M    M   9 1      31  10
 5  71  65  68  -7   0   3    T  0.0    0  6.2 13  40   M    M  10 1      23  30
 6  80  63  72  -3   0   7    T  0.0    0  6.1 16  10   M    M   9 18     21  10
 7  87  54  71  -4   0   6 0.02  0.0    0  7.4 18 100   M    M   1        22  40
 8  88  56  72  -3   0   7 0.00  0.0    0  7.3 22 340   M    M   0        28 340
 9  88  54  71  -5   0   6 0.00  0.0    0 10.8 22 130   M    M   0        26 130
10  87  64  76   0   0  11 0.00  0.0    0 17.8 29 130   M    M   0        35 130
11  89  65  77   1   0  12 0.00  0.0    0 16.1 25 130   M    M   0        31 140
12  86  70  78   2   0  13 0.00  0.0    0 18.6 28 140   M    M   6 1      38 140
13  91  73  82   6   0  17 0.00  0.0    0 16.5 26 160   M    M   6        35 160
14  87  58  73  -3   0   8    T  0.0    0 13.8 36 350   M    M   9 18     44 350
15  72  48  60 -16   5   0 0.00  0.0    0 11.5 24  10   M    M   0        31  20
16  78  44  61 -16   4   0 0.00  0.0    0 10.6 22 130   M    M   1        29 140
17  77  63  70  -7   0   5    T  0.0    0  8.8 15  70   M    M   7 1      20  80
18  78  62  70  -7   0   5 0.00  0.0    0  8.2 16  80   M    M   7        20  80
19  82  61  72  -5   0   7 0.00  0.0    0 10.3 21 130   M    M   8        24 130
20  80  69  75  -2   0  10 0.00  0.0    0 12.7 20 130   M    M   9 8      25 170
================================================================================
SM 1678 1254         9 178  0.03     0.0 239.4          M      100
================================================================================
AV 83.9 62.7                              12.0 FASTST   M    M   5    MAX(MPH)
                                 MISC ---->  # 36 350               # 44  350
================================================================================
NOTES:
# LAST OF SEVERAL OCCURRENCES

COLUMN 17 PEAK WIND IN M.P.H.

PRELIMINARY LOCAL CLIMATOLOGICAL DATA (WS FORM: F-6) , PAGE 2

                                          STATION:  MCALLEN
                                          MONTH:    APRIL
                                          YEAR:     2014
                                          LATITUDE:   26 10 N
                                          LONGITUDE:  98 14 W

[TEMPERATURE DATA]      [PRECIPITATION DATA]       SYMBOLS USED IN COLUMN 16

AVERAGE MONTHLY: 73.3   TOTAL FOR MONTH:   0.03    1 = FOG OR MIST
DPTR FM NORMAL:  -2.4   DPTR FM NORMAL:   -0.73    2 = FOG REDUCING VISIBILITY
HIGHEST:    99 ON  3    GRTST 24HR  0.02 ON  7- 7      TO 1/4 MILE OR LESS
LOWEST:     44 ON 16                               3 = THUNDER
                        SNOW, ICE PELLETS, HAIL    4 = ICE PELLETS
                        TOTAL MONTH:   0.0 INCH    5 = HAIL
                        GRTST 24HR     0.0         6 = FREEZING RAIN OR DRIZZLE
                        GRTST DEPTH:   0           7 = DUSTSTORM OR SANDSTORM:
                                                       VSBY 1/2 MILE OR LESS
                                                   8 = SMOKE OR HAZE
[NO. OF DAYS WITH]      [WEATHER - DAYS WITH]      9 = BLOWING SNOW
                                                   X = TORNADO
MAX 32 OR BELOW:   0    0.01 INCH OR MORE:   2
MAX 90 OR ABOVE:   3    0.10 INCH OR MORE:   0
MIN 32 OR BELOW:   0    0.50 INCH OR MORE:   0
MIN  0 OR BELOW:   0    1.00 INCH OR MORE:   0

[HDD (BASE 65) ]
TOTAL THIS MO.     9    CLEAR  (SCALE 0-3)   7
DPTR FM NORMAL     6    PTCLDY (SCALE 4-7)   6
TOTAL FM JUL 1   883    CLOUDY (SCALE 8-10)  7
DPTR FM NORMAL   309

[CDD (BASE 65) ]
TOTAL THIS MO.   178
DPTR FM NORMAL   -43    [PRESSURE DATA]
TOTAL FM JAN 1   442    HIGHEST SLP M ON M
DPTR FM NORMAL  -156    LOWEST  SLP 29.59 ON  6

[REMARKS]
