000
CXUS53 KGRB 280730
CF6MFI
PRELIMINARY LOCAL CLIMATOLOGICAL DATA (WS FORM: F-6)

                                          STATION:   MARSHFIELD WI
                                          MONTH:     JUNE
                                          YEAR:      2017
                                          LATITUDE:   44 37 N
                                          LONGITUDE:  90 11 W

  TEMPERATURE IN F:       :PCPN:    SNOW:  WIND      :SUNSHINE: SKY     :PK WND
================================================================================
1   2   3   4   5  6A  6B    7    8   9   10  11  12  13   14  15   16   17  18
                                     12Z  AVG MX 2MIN
DY MAX MIN AVG DEP HDD CDD  WTR  SNW DPTH SPD SPD DIR MIN PSBL S-S WX    SPD DR
================================================================================

 1  75  43  59  -1   6   0 0.00  0.0    0  4.2 14 310   M    M   0        18 310
 2  83  47  65   4   0   0 0.00  0.0    0  3.6 12 240   M    M   1        16 260
 3  87  61  74  13   0   9 0.21  0.0    0  8.0 26 290   M    M   4 13     35 280
 4  83  59  71  10   0   6 0.00  0.0    0  9.2 18 320   M    M   1        33 290
 5  78  54  66   4   0   1    T  0.0    0  9.4 18  70   M    M   1        25  80
 6  77  49  63   1   2   0 0.00  0.0    0  5.3 13  70   M    M   0        18  90
 7  79  50  65   3   0   0 0.00  0.0    0  3.7 10 190   M    M   0        16 190
 8  81  54  68   6   0   3    T  0.0    0  9.1 21 210   M    M   5 3      26 220
 9  80  58  69   6   0   4 0.00  0.0    0  5.5 13  60   M    M   3        17  30
10  87  60  74  11   0   9 0.00  0.0    0 15.6 31 210   M    M   1        38 220
11  81  65  73   9   0   8 0.44  0.0    0  7.0 28 340   M    M   6 13     35 340
12  83  62  73   9   0   8 0.63  0.0    0  7.3 41 300   M    M   4 13     54 300
13  81  63  72   8   0   7 0.27  0.0    0 10.8 20 110   M    M   4 13     26 110
14  83  63  73   9   0   8 0.10  0.0    0  8.4 21 260   M    M   1 12     28 260
15  82  61  72   7   0   7 0.00  0.0    0  8.0 23 270   M    M   3 12     32 280
16  81  58  70   5   0   5 0.75  0.0    0  5.2 24 240   M    M   5 1      33 240
17  80  60  70   5   0   5 0.21  0.0    0  7.7 21 320   M    M   4 1      28 320
18  71  57  64  -2   1   0 0.74  0.0    0 12.8 26 290   M    M   9 1      32 280
19  68  54  61  -5   4   0    T  0.0    0  9.4 25 320   M    M   6        33 300
20  72  49  61  -5   4   0 0.08  0.0    0  7.2 17 260   M    M   3 1      26 270
21  75  51  63  -3   2   0 0.00  0.0    0  6.0 15 180   M    M   2        20 170
22  70  62  66   0   0   1 1.61  0.0    0  6.2 22 330   M    M   8 12     27 330
23  72  55  64  -3   1   0 0.00  0.0    0 10.0 21 310   M    M   4 1      29 310
24  66  50  58  -9   7   0    T  0.0    0 11.7 24 310   M    M   6        32 300
25  64  48  56 -11   9   0 0.19  0.0    0  9.6 25 310   M    M   6 1      34 310
26  65  45  55 -12  10   0    T  0.0    0 10.0 25 320   M    M   3        32 320
27  73  49  61  -7   4   0 0.00  0.0    0  7.9 15 240   M    M   2        19 220
================================================================================
SM 2077 1487        50  81  5.23     0.0 218.8          M       92
================================================================================
AV 76.9 55.1                               8.1 FASTST   M    M   3    MAX(MPH)
                                 MISC ---->  # 41 300               # 54  300
================================================================================
NOTES:
# LAST OF SEVERAL OCCURRENCES

COLUMN 17 PEAK WIND IN M.P.H.

PRELIMINARY LOCAL CLIMATOLOGICAL DATA (WS FORM: F-6) , PAGE 2

                                          STATION:  MARSHFIELD WI
                                          MONTH:    JUNE
                                          YEAR:     2017
                                          LATITUDE:   44 37 N
                                          LONGITUDE:  90 11 W

[TEMPERATURE DATA]      [PRECIPITATION DATA]       SYMBOLS USED IN COLUMN 16

AVERAGE MONTHLY: 66.0   TOTAL FOR MONTH:   5.23    1 = FOG OR MIST
DPTR FM NORMAL:   1.8   DPTR FM NORMAL:    1.48    2 = FOG REDUCING VISIBILITY
HIGHEST:    87 ON 10, 3 GRTST 24HR  1.61 ON 22-22      TO 1/4 MILE OR LESS
LOWEST:     43 ON  1                               3 = THUNDER
                        SNOW, ICE PELLETS, HAIL    4 = ICE PELLETS
                        TOTAL MONTH:   0.0 INCH    5 = HAIL
                        GRTST 24HR     0.0         6 = FREEZING RAIN OR DRIZZLE
                        GRTST DEPTH:   0           7 = DUSTSTORM OR SANDSTORM:
                                                       VSBY 1/2 MILE OR LESS
                                                   8 = SMOKE OR HAZE
[NO. OF DAYS WITH]      [WEATHER - DAYS WITH]      9 = BLOWING SNOW
                                                   X = TORNADO
MAX 32 OR BELOW:   0    0.01 INCH OR MORE:  11
MAX 90 OR ABOVE:   0    0.10 INCH OR MORE:  10
MIN 32 OR BELOW:   0    0.50 INCH OR MORE:   4
MIN  0 OR BELOW:   0    1.00 INCH OR MORE:   1

[HDD (BASE 65) ]
TOTAL THIS MO.    50    CLEAR  (SCALE 0-3)  12
DPTR FM NORMAL   -33    PTCLDY (SCALE 4-7)  13
TOTAL FM JUL 1  7100    CLOUDY (SCALE 8-10)  2
DPTR FM NORMAL -1085

[CDD (BASE 65) ]
TOTAL THIS MO.    81
DPTR FM NORMAL    21    [PRESSURE DATA]
TOTAL FM JAN 1    84    HIGHEST SLP M ON M
DPTR FM NORMAL     8    LOWEST  SLP 29.44 ON 18

[REMARKS]
