000
CXUS53 KGRB 230645
CF6MFI
PRELIMINARY LOCAL CLIMATOLOGICAL DATA (WS FORM: F-6)

                                          STATION:   MARSHFIELD WI
                                          MONTH:     JANUARY
                                          YEAR:      2018
                                          LATITUDE:   44 37 N
                                          LONGITUDE:  90 11 W

  TEMPERATURE IN F:       :PCPN:    SNOW:  WIND      :SUNSHINE: SKY     :PK WND
================================================================================
1   2   3   4   5  6A  6B    7    8   9   10  11  12  13   14  15   16   17  18
                                     12Z  AVG MX 2MIN
DY MAX MIN AVG DEP HDD CDD  WTR  SNW DPTH SPD SPD DIR MIN PSBL S-S WX    SPD DR
================================================================================

 1  -3 -17 -10 -25  75   0 0.00  0.0    M  9.2 14 280   M    M   0        18 270
 2  11 -11   0 -15  65   0    M    M    M 12.3 23 240   M    M   2 1      31 230
 3  10  -8   1 -14  64   0    M    M    M 13.5 23 320   M    M   5 18     26 330
 4   4 -13  -4 -19  69   0 0.00  0.0    M  9.5 16 330   M    M   3        20 330
 5   5 -10  -2 -17  67   0 0.00  0.0    M  9.6 16 330   M    M   2        19 330
 6   8 -16  -4 -19  69   0 0.00  0.0    M  8.2 21 180   M    M   2        24 170
 7  28   7  18   4  47   0    M    M    M 10.8 18 210   M    M   6 1      25 190
 8  34  15  25  11  40   0 0.00  0.0    M 10.0 18 290   M    M   3 18     24 280
 9  38  18  28  14  37   0 0.00  0.0    M  8.2 15 160   M    M   5        20 170
10  36  30  33  19  32   0    T  0.0    M 10.5 21 180   M    M   8 128    25 170
11  39  10  25  11  40   0 0.16    M    M 13.2 28 310   M    M  10 126    33 310
12  10  -6   2 -12  63   0    T    T    M 13.6 23 360   M    M   3 8      30 330
13   1 -12  -5 -19  70   0 0.00  0.0    M  6.9 14 320   M    M   0        17 320
14  14 -14   0 -14  65   0    T    M    M  8.1 16 160   M    M   5 1      21 180
15  19  14  17   3  48   0    T    M    M  7.3 15 320   M    M  10 18     18 320
16  19  -2   9  -5  56   0 0.00  0.0    M  8.4 14 310   M    M   2        16 300
17  24  -4  10  -4  55   0 0.00  0.0    M 11.5 23 240   M    M   1        29 230
18  35  16  26  12  39   0 0.00  0.0    M 10.3 16 210   M    M   0        19 240
19  40  21  31  17  34   0 0.00  0.0    M  8.7 16 230   M    M   0        21 220
20  41  24  33  19  32   0 0.00  0.0    M  1.8  9 310   M    M   2 1      10 310
21  43  24  34  20  31   0 0.00  0.0    M  5.1 16  70   M    M   6 18     20  80
22  36  26  31  17  34   0    M    M    M 15.5 26  60   M    M  10 12     37  60
================================================================================
SM  492   92      1132   0  0.16    T    212.2          M       85
================================================================================
AV 22.4  4.2                               9.6 FASTST   M    M   4    MAX(MPH)
                                 MISC ---->  # 28 310               # 37   60
================================================================================
NOTES:
# LAST OF SEVERAL OCCURRENCES

COLUMN 17 PEAK WIND IN M.P.H.

PRELIMINARY LOCAL CLIMATOLOGICAL DATA (WS FORM: F-6) , PAGE 2

                                          STATION:  MARSHFIELD WI
                                          MONTH:    JANUARY
                                          YEAR:     2018
                                          LATITUDE:   44 37 N
                                          LONGITUDE:  90 11 W

[TEMPERATURE DATA]      [PRECIPITATION DATA]       SYMBOLS USED IN COLUMN 16

AVERAGE MONTHLY: 13.3   TOTAL FOR MONTH:   0.16    1 = FOG OR MIST
DPTR FM NORMAL:  -1.0   DPTR FM NORMAL:   -0.27    2 = FOG REDUCING VISIBILITY
HIGHEST:    43 ON 21    GRTST 24HR  0.16 ON 11-11      TO 1/4 MILE OR LESS
LOWEST:    -17 ON  1                               3 = THUNDER
                        SNOW, ICE PELLETS, HAIL    4 = ICE PELLETS
                        TOTAL MONTH:    T          5 = HAIL
                        GRTST 24HR    T  ON 12-12  6 = FREEZING RAIN OR DRIZZLE
                        GRTST DEPTH:  M  ON   M    7 = DUSTSTORM OR SANDSTORM:
                                                       VSBY 1/2 MILE OR LESS
                                                   8 = SMOKE OR HAZE
[NO. OF DAYS WITH]      [WEATHER - DAYS WITH]      9 = BLOWING SNOW
                                                   X = TORNADO
MAX 32 OR BELOW:  13    0.01 INCH OR MORE:   1
MAX 90 OR ABOVE:   0    0.10 INCH OR MORE:   1
MIN 32 OR BELOW:  22    0.50 INCH OR MORE:   0
MIN  0 OR BELOW:  11    1.00 INCH OR MORE:   0

[HDD (BASE 65) ]
TOTAL THIS MO.  1132    CLEAR  (SCALE 0-3)  11
DPTR FM NORMAL    17    PTCLDY (SCALE 4-7)   8
TOTAL FM JUL 1  4337    CLOUDY (SCALE 8-10)  3
DPTR FM NORMAL   -44

[CDD (BASE 65) ]
TOTAL THIS MO.     0
DPTR FM NORMAL     0    [PRESSURE DATA]
TOTAL FM JAN 1     0    HIGHEST SLP M ON M
DPTR FM NORMAL     0    LOWEST  SLP 29.53 ON 19

[REMARKS]
