000
CXUS55 KFSD 230905
CF6MHE
PRELIMINARY LOCAL CLIMATOLOGICAL DATA (WS FORM: F-6)

                                          STATION:   MITCHELL SD
                                          MONTH:     JULY
                                          YEAR:      2016
                                          LATITUDE:   43 46 N
                                          LONGITUDE:  98  2 W

  TEMPERATURE IN F:       :PCPN:    SNOW:  WIND      :SUNSHINE: SKY     :PK WND
================================================================================
1   2   3   4   5  6A  6B    7    8   9   10  11  12  13   14  15   16   17  18
                                     12Z  AVG MX 2MIN
DY MAX MIN AVG DEP HDD CDD  WTR  SNW DPTH SPD SPD DIR MIN PSBL S-S WX    SPD DR
================================================================================

 1  75  49  62 -12   3   0    T  0.0    0  3.7  9 220   M    M   1        13 140
 2  80  57  69  -5   0   4 0.00  0.0    0  8.8 20 160   M    M   2        30 150
 3  81  58  70  -4   0   5 0.00  0.0    0 10.6 18 170   M    M   4        24 160
 4  95  64  80   5   0  15 0.00  0.0    0 11.3 20 170   M    M   3        24 170
 5  94  68  81   6   0  16    T  0.0    0 10.3 23 300   M    M   0 3      30 300
 6  89  63  76   1   0  11 0.43  0.0    0  7.3 41 310   M    M   1 13     58 300
 7  77  62  70  -5   0   5 0.21  0.0    0  6.6 20 340   M    M   3 13     25 320
 8  84  58  71  -4   0   6 0.00  0.0    0  6.0 10 330   M    M   0        15 330
 9  90  62  76   1   0  11 0.00  0.0    0 15.4 25 150   M    M   1        33 140
10  90  68  79   4   0  14 0.06  0.0    0 18.3 37 150   M    M   3 3      46 150
11  88  64  76   1   0  11 0.00  0.0    0 12.4 22 170   M    M   2        31 150
12  88  61  75   0   0  10 0.00  0.0    0 12.0 21 250   M    M   0        31 230
13  87  61  74  -1   0   9 0.00  0.0    0  8.9 17 320   M    M   1        25 290
14  81  58  70  -5   0   5 0.00  0.0    0 10.7 22 320   M    M   1        31 330
15  79  54  67  -8   0   2 0.00  0.0    0  5.5 13 170   M    M   0        16 160
16  87  58  73  -2   0   8 0.02  0.0    0 13.7 31 250   M    M   1 13     42 220
17  85  62  74  -1   0   9 0.13  0.0    0  5.5 24 320   M    M   0 138    33 340
18  89  62  76   1   0  11 0.00  0.0    0  9.6 18 130   M    M   1        24 130
19  90  73  82   7   0  17 0.07  0.0    0 12.9 26 150   M    M   3 13     33 130
20 100  76  88  13   0  23    T  0.0    0 11.1 18 180   M    M   0        27 200
21  96  73  85  10   0  20 0.00  0.0    0  8.5 16  70   M    M   0        21  80
22  95  78  87  12   0  22 0.00  0.0    0  9.7 24 120   M    M   2 3      31 130
================================================================================
SM 1920 1389         3 234  0.92     0.0 218.8          M       29
================================================================================
AV 87.3 63.1                               9.9 FASTST   M    M   1    MAX(MPH)
                                 MISC ---->  # 41 310               # 58  300
================================================================================
NOTES:
# LAST OF SEVERAL OCCURRENCES

COLUMN 17 PEAK WIND IN M.P.H.

PRELIMINARY LOCAL CLIMATOLOGICAL DATA (WS FORM: F-6) , PAGE 2

                                          STATION:  MITCHELL SD
                                          MONTH:    JULY
                                          YEAR:     2016
                                          LATITUDE:   43 46 N
                                          LONGITUDE:  98  2 W

[TEMPERATURE DATA]      [PRECIPITATION DATA]       SYMBOLS USED IN COLUMN 16

AVERAGE MONTHLY: 75.2   TOTAL FOR MONTH:   0.92    1 = FOG OR MIST
DPTR FM NORMAL:   0.3   DPTR FM NORMAL:   -1.35    2 = FOG REDUCING VISIBILITY
HIGHEST:   100 ON 20    GRTST 24HR  0.64 ON  6- 7      TO 1/4 MILE OR LESS
LOWEST:     49 ON  1                               3 = THUNDER
                        SNOW, ICE PELLETS, HAIL    4 = ICE PELLETS
                        TOTAL MONTH:   0.0 INCH    5 = HAIL
                        GRTST 24HR     0.0         6 = FREEZING RAIN OR DRIZZLE
                        GRTST DEPTH:   0           7 = DUSTSTORM OR SANDSTORM:
                                                       VSBY 1/2 MILE OR LESS
                                                   8 = SMOKE OR HAZE
[NO. OF DAYS WITH]      [WEATHER - DAYS WITH]      9 = BLOWING SNOW
                                                   X = TORNADO
MAX 32 OR BELOW:   0    0.01 INCH OR MORE:   6
MAX 90 OR ABOVE:   8    0.10 INCH OR MORE:   3
MIN 32 OR BELOW:   0    0.50 INCH OR MORE:   0
MIN  0 OR BELOW:   0    1.00 INCH OR MORE:   0

[HDD (BASE 65) ]
TOTAL THIS MO.     3    CLEAR  (SCALE 0-3)  20
DPTR FM NORMAL     3    PTCLDY (SCALE 4-7)   2
TOTAL FM JUL 1     3    CLOUDY (SCALE 8-10)  0
DPTR FM NORMAL     3

[CDD (BASE 65) ]
TOTAL THIS MO.   234
DPTR FM NORMAL    16    [PRESSURE DATA]
TOTAL FM JAN 1   562    HIGHEST SLP M ON M
DPTR FM NORMAL   134    LOWEST  SLP 29.48 ON 11

[REMARKS]
