000
CXUS53 KTOP 290200
CF6MHK
PRELIMINARY LOCAL CLIMATOLOGICAL DATA (WS FORM: F-6)

                                          STATION:   Manhattan KS
                                          MONTH:     MAY
                                          YEAR:      2015
                                          LATITUDE:   39  9 N
                                          LONGITUDE:  96 40 W

  TEMPERATURE IN F:       :PCPN:    SNOW:  WIND      :SUNSHINE: SKY     :PK WND
================================================================================
1   2   3   4   5  6A  6B    7    8   9   10  11  12  13   14  15   16   17  18
                                     12Z  AVG MX 2MIN
DY MAX MIN AVG DEP HDD CDD  WTR  SNW DPTH SPD SPD DIR MIN PSBL S-S WX    SPD DR
================================================================================

 1  78  45  62   3   3   0 0.00    M    M  5.5 17 220   M    M   2        23 160
 2  83  57  70  11   0   5    T    M    M 11.8 25 210   M    M   3        33 180
 3  87  65  76  17   0  11 0.04    M    M 13.9 24 210   M    M   0 3      29 200
 4  85  60  73  13   0   8 4.22    M    M  8.8 23 220   M    M   4 123    30 210
 5  80  58  69   9   0   4    T    M    M  9.0 23 170   M    M   6 1      29 160
 6  74  62  68   8   0   3 0.42    M    M 19.6 33 170   M    M   7 1      43 170
 7  77  61  69   8   0   4 0.31    M    M 10.2 22 220   M    M   7 138    33 240
 8  70  58  64   3   1   0    T    M    M  8.1 15  40   M    M   8 18     19  40
 9  72  57  65   4   0   0 0.35    M    M 10.3 18  80   M    M   8 138    22  90
10  69  47  58  -4   7   0 0.13    M    M  9.2 24 130   M    M   5 13     35 130
11  64  40  52 -10  13   0 0.00    M    M  9.4 21 270   M    M   2        32 260
12  71  36  54  -8  11   0 0.00    M    M  4.6 15 180   M    M   0        18 180
13  68  45  57  -6   8   0 0.50    M    M  8.4 21 160   M    M   4 1      27 170
14  75  58  67   4   0   2 0.21    M    M  7.3 17 170   M    M   7 1      22 170
15  80  56  68   5   0   3 0.25    M    M  6.0 29 200   M    M   5 13     38 200
16  80  61  71   7   0   6 0.69    M    M  9.7 24 250   M    M   7 13     32 250
17  82  62  72   8   0   7 0.00    M    M 12.1 25 230   M    M   2        31 220
18  66  51  59  -5   6   0 0.00    M    M  8.9 18  30   M    M   0        24  40
19  57  46  52 -13  13   0 0.11    M    M 10.9 21  60   M    M   4 1      26  60
20  56  46  51 -14  14   0 0.43    M    M  8.9 16  30   M    M   9 1      22  30
21  68  38  53 -12  12   0 0.00    M    M  2.9 12  20   M    M   0        15  30
22  66  45  56 -10   9   0 0.01    M    M  5.4 16 140   M    M   6        21 160
23  65  57  61  -5   4   0 0.79    M    M  8.1 33 100   M    M   9 13     48 110
24  71  60  66   0   0   1 0.05    M    M  5.9 15 180   M    M   7 12     20 170
25  82  56  69   2   0   4 0.48    M    M  7.4 23 190   M    M   7 13     31 260
26  78  57  68   1   0   3 0.04    M    M  6.5 21 240   M    M   4        27 240
27  82  51  67   0   0   2 0.00    M    M  3.9 13 140   M    M   0        16 180
================================================================================
SM 1986 1435       101  63  9.03    M    232.7          M      123
================================================================================
AV 73.6 53.1                               8.6 FASTST   M    M   5    MAX(MPH)
                                 MISC ---->  # 33 170               # 48  110
================================================================================
NOTES:
# LAST OF SEVERAL OCCURRENCES

COLUMN 17 PEAK WIND IN M.P.H.

PRELIMINARY LOCAL CLIMATOLOGICAL DATA (WS FORM: F-6) , PAGE 2

                                          STATION:  Manhattan KS
                                          MONTH:    MAY
                                          YEAR:     2015
                                          LATITUDE:   39  9 N
                                          LONGITUDE:  96 40 W

[TEMPERATURE DATA]      [PRECIPITATION DATA]       SYMBOLS USED IN COLUMN 16

AVERAGE MONTHLY: 63.4   TOTAL FOR MONTH:   9.03    1 = FOG OR MIST
DPTR FM NORMAL:   0.4   DPTR FM NORMAL:    5.25    2 = FOG REDUCING VISIBILITY
HIGHEST:    87 ON  3    GRTST 24HR  4.22 ON  4- 4      TO 1/4 MILE OR LESS
LOWEST:     36 ON 12                               3 = THUNDER
                        SNOW, ICE PELLETS, HAIL    4 = ICE PELLETS
                        TOTAL MONTH:    M          5 = HAIL
                        GRTST 24HR    M  ON   M    6 = FREEZING RAIN OR DRIZZLE
                        GRTST DEPTH:  M  ON   M    7 = DUSTSTORM OR SANDSTORM:
                                                       VSBY 1/2 MILE OR LESS
                                                   8 = SMOKE OR HAZE
[NO. OF DAYS WITH]      [WEATHER - DAYS WITH]      9 = BLOWING SNOW
                                                   X = TORNADO
MAX 32 OR BELOW:   0    0.01 INCH OR MORE:  17
MAX 90 OR ABOVE:   0    0.10 INCH OR MORE:  13
MIN 32 OR BELOW:   0    0.50 INCH OR MORE:   4
MIN  0 OR BELOW:   0    1.00 INCH OR MORE:   1

[HDD (BASE 65) ]
TOTAL THIS MO.   101    CLEAR  (SCALE 0-3)   8
DPTR FM NORMAL   -17    PTCLDY (SCALE 4-7)  16
TOTAL FM JUL 1  5120    CLOUDY (SCALE 8-10)  3
DPTR FM NORMAL  -179

[CDD (BASE 65) ]
TOTAL THIS MO.    63
DPTR FM NORMAL    -1    [PRESSURE DATA]
TOTAL FM JAN 1    71    HIGHEST SLP M ON M
DPTR FM NORMAL   -10    LOWEST  SLP 29.64 ON 16

[REMARKS]
