000
CXUS53 KTOP 230800
CF6MHK
PRELIMINARY LOCAL CLIMATOLOGICAL DATA (WS FORM: F-6)

                                          STATION:   Manhattan KS
                                          MONTH:     APRIL
                                          YEAR:      2017
                                          LATITUDE:   39  9 N
                                          LONGITUDE:  96 40 W

  TEMPERATURE IN F:       :PCPN:    SNOW:  WIND      :SUNSHINE: SKY     :PK WND
================================================================================
1   2   3   4   5  6A  6B    7    8   9   10  11  12  13   14  15   16   17  18
                                     12Z  AVG MX 2MIN
DY MAX MIN AVG DEP HDD CDD  WTR  SNW DPTH SPD SPD DIR MIN PSBL S-S WX    SPD DR
================================================================================

 1  55  41  48  -1  17   0 0.08    M    M  8.8 18  70   M    M   8 13     23  60
 2  55  47  51   1  14   0 0.04    M    M  2.7  8 110   M    M   8 1       9 110
 3  69  49  59   9   6   0 0.59    M    M  5.9 13 350   M    M   7 1      22 340
 4  50  45  48  -2  17   0 0.90    M    M  9.0 22  30   M    M  10 1      30  20
 5  62  39  51   0  14   0 0.30    M    M  9.7 26  20   M    M   6 18     37  30
 6  61  34  48  -3  17   0 0.00    M    M  6.2 18  20   M    M   1        25  30
 7  71  30  51   0  14   0 0.00    M    M  8.0 22 170   M    M   4 8      28 150
 8  80  55  68  16   0   3 0.00    M    M 13.1 23 170   M    M   0 8      29 210
 9  81  62  72  20   0   7 0.00    M    M 15.1 25 210   M    M   0        32 210
10  64  37  51  -1  14   0 0.00    M    M  9.4 21 280   M    M   1        30 240
11  69  29  49  -4  16   0 0.00    M    M  2.5 10 130   M    M   4 8      13 120
12  79  44  62   9   3   0 0.25    M    M  8.0 25 210   M    M   3 138    33 180
13  79  55  67  14   0   2 0.04    M    M  7.6 16 210   M    M   2 18     23 180
14  80  59  70  16   0   5 0.09    M    M 13.4 33 200   M    M   6 1      48 210
15  83  64  74  20   0   9 0.06    M    M 17.6 30 200   M    M   4 3      39 210
16  65  51  58   4   7   0 0.24    M    M  8.1 22  60   M    M   6 1      27  60
17  75  45  60   6   5   0 0.00    M    M  6.6 14 130   M    M   0 8      21 160
18  83  56  70  15   0   5    T    M    M  8.6 23 210   M    M   3 3      29 220
19  84  59  72  17   0   7 0.52    M    M 13.3 32 180   M    M   3 13     42 190
20  70  52  61   6   4   0    T    M    M  6.5 15  70   M    M   1 1      22 350
21  56  48  52  -4  13   0 0.04    M    M 12.1 23  50   M    M   7        32  40
22  66  39  53  -3  12   0    T    M    M  9.9 21  30   M    M   4        27  40
================================================================================
SM 1537 1040       173  38  3.15    M    202.1          M       88
================================================================================
AV 69.9 47.3                               9.2 FASTST   M    M   4    MAX(MPH)
                                 MISC ---->  # 33 200               # 48  210
================================================================================
NOTES:
# LAST OF SEVERAL OCCURRENCES

COLUMN 17 PEAK WIND IN M.P.H.

PRELIMINARY LOCAL CLIMATOLOGICAL DATA (WS FORM: F-6) , PAGE 2

                                          STATION:  Manhattan KS
                                          MONTH:    APRIL
                                          YEAR:     2017
                                          LATITUDE:   39  9 N
                                          LONGITUDE:  96 40 W

[TEMPERATURE DATA]      [PRECIPITATION DATA]       SYMBOLS USED IN COLUMN 16

AVERAGE MONTHLY: 58.6   TOTAL FOR MONTH:   3.15    1 = FOG OR MIST
DPTR FM NORMAL:   5.8   DPTR FM NORMAL:    1.35    2 = FOG REDUCING VISIBILITY
HIGHEST:    84 ON 19    GRTST 24HR  1.20 ON  4- 5      TO 1/4 MILE OR LESS
LOWEST:     29 ON 11                               3 = THUNDER
                        SNOW, ICE PELLETS, HAIL    4 = ICE PELLETS
                        TOTAL MONTH:    M          5 = HAIL
                        GRTST 24HR    M  ON   M    6 = FREEZING RAIN OR DRIZZLE
                        GRTST DEPTH:  M  ON   M    7 = DUSTSTORM OR SANDSTORM:
                                                       VSBY 1/2 MILE OR LESS
                                                   8 = SMOKE OR HAZE
[NO. OF DAYS WITH]      [WEATHER - DAYS WITH]      9 = BLOWING SNOW
                                                   X = TORNADO
MAX 32 OR BELOW:   0    0.01 INCH OR MORE:  12
MAX 90 OR ABOVE:   0    0.10 INCH OR MORE:   6
MIN 32 OR BELOW:   2    0.50 INCH OR MORE:   3
MIN  0 OR BELOW:   0    1.00 INCH OR MORE:   0

[HDD (BASE 65) ]
TOTAL THIS MO.   173    CLEAR  (SCALE 0-3)  10
DPTR FM NORMAL  -107    PTCLDY (SCALE 4-7)  10
TOTAL FM JUL 1  3966    CLOUDY (SCALE 8-10)  2
DPTR FM NORMAL -1150

[CDD (BASE 65) ]
TOTAL THIS MO.    38
DPTR FM NORMAL    27    [PRESSURE DATA]
TOTAL FM JAN 1    44    HIGHEST SLP M ON M
DPTR FM NORMAL    31    LOWEST  SLP 29.49 ON  3

[REMARKS]
