000
CXUS53 KIND 280730
CF6MIE
PRELIMINARY LOCAL CLIMATOLOGICAL DATA (WS FORM: F-6)

                                          STATION:   MUNCIE IN
                                          MONTH:     APRIL
                                          YEAR:      2017
                                          LATITUDE:   40 13 N
                                          LONGITUDE:  85 23 W

  TEMPERATURE IN F:       :PCPN:    SNOW:  WIND      :SUNSHINE: SKY     :PK WND
================================================================================
1   2   3   4   5  6A  6B    7    8   9   10  11  12  13   14  15   16   17  18
                                     12Z  AVG MX 2MIN
DY MAX MIN AVG DEP HDD CDD  WTR  SNW DPTH SPD SPD DIR MIN PSBL S-S WX    SPD DR
================================================================================

 1  56  40  48   2  17   0 0.00    M    M  7.1 14 350   M    M   6 1      19 330
 2  62  38  50   4  15   0 0.00    M    M  6.6 16 140   M    M   0        20 130
 3  69  51  60  13   5   0 0.31    M    M  9.4 18 180   M    M   7 13     25 170
 4  60  44  52   5  13   0 0.02    M    M 13.8 28 270   M    M   9 1      36 260
 5  64  43  54   6  11   0 0.89    M    M 14.4 29  50   M    M   7 13     36  60
 6  45  37  41  -7  24   0 0.06    M    M 19.6 36 320   M    M  10 1      50 330
 7  54  35  45  -3  20   0 0.00    M    M 14.5 26 330   M    M   3        34 320
 8  63  31  47  -2  18   0 0.00    M    M  6.7 17 190   M    M   0        21 220
 9  77  52  65  16   0   0 0.00    M    M 15.0 26 190   M    M   0        35 180
10  76  60  68  19   0   3 0.54    M    M 12.6 25 310   M    M   3 3      32 220
11  65  49  57   7   8   0 0.01    M    M 10.0 20 270   M    M   4 3      24 260
12  66  41  54   4  11   0 0.00    M    M  4.2 12 290   M    M   0        16 280
13  71  44  58   8   7   0 0.06    M    M  7.9 13  50   M    M   4        16 120
14  77  51  64  13   1   0    T    M    M  7.0 17 360   M    M   5 3      22 350
15  82  56  69  18   0   4 0.00    M    M 10.1 26 230   M    M   2        39 240
16  74  61  68  16   0   3 0.04    M    M 11.6 23 260   M    M   4 8      32 270
17  71  50  61   9   4   0 0.00    M    M  3.7 14  60   M    M   0        20  60
18  78  44  61   9   4   0 0.00    M    M  8.7 22 120   M    M   1        31 120
19  82  64  73  20   0   8 0.00    M    M  8.7 17 240   M    M   3 18     23 220
20  81  57  69  16   0   4 0.05    M    M 11.7 25 240   M    M   3 138    34 240
21  59  46  53  -1  12   0 0.00    M    M 10.5 20 360   M    M   5        23 360
22  58  40  49  -5  16   0 0.00    M    M 13.2 23  50   M    M   0        29  50
23  72  34  53  -1  12   0 0.00    M    M  9.8 20  50   M    M   0        26  30
24  78  39  59   4   6   0 0.00    M    M 11.0 22 110   M    M   0        32  70
25  77  55  66  11   0   1 0.00    M    M  7.7 13 140   M    M   2 8      20 150
26  86  62  74  19   0   9 0.00    M    M 11.5 24 190   M    M   0        33 190
27  73  47  60   4   5   0 0.04    M    M 12.3 32 240   M    M   7 8      43 270
================================================================================
SM 1876 1271       209  32  2.02    M    279.3          M       85
================================================================================
AV 69.5 47.1                              10.3 FASTST   M    M   3    MAX(MPH)
                                 MISC ---->  # 36 320               # 50  330
================================================================================
NOTES:
# LAST OF SEVERAL OCCURRENCES

COLUMN 17 PEAK WIND IN M.P.H.

PRELIMINARY LOCAL CLIMATOLOGICAL DATA (WS FORM: F-6) , PAGE 2

                                          STATION:  MUNCIE IN
                                          MONTH:    APRIL
                                          YEAR:     2017
                                          LATITUDE:   40 13 N
                                          LONGITUDE:  85 23 W

[TEMPERATURE DATA]      [PRECIPITATION DATA]       SYMBOLS USED IN COLUMN 16

AVERAGE MONTHLY: 58.3   TOTAL FOR MONTH:   2.02    1 = FOG OR MIST
DPTR FM NORMAL:   7.4   DPTR FM NORMAL:   -1.28    2 = FOG REDUCING VISIBILITY
HIGHEST:    86 ON 26    GRTST 24HR  0.92 ON  5- 6      TO 1/4 MILE OR LESS
LOWEST:     31 ON  8                               3 = THUNDER
                        SNOW, ICE PELLETS, HAIL    4 = ICE PELLETS
                        TOTAL MONTH:    M          5 = HAIL
                        GRTST 24HR    M  ON   M    6 = FREEZING RAIN OR DRIZZLE
                        GRTST DEPTH:  M  ON   M    7 = DUSTSTORM OR SANDSTORM:
                                                       VSBY 1/2 MILE OR LESS
                                                   8 = SMOKE OR HAZE
[NO. OF DAYS WITH]      [WEATHER - DAYS WITH]      9 = BLOWING SNOW
                                                   X = TORNADO
MAX 32 OR BELOW:   0    0.01 INCH OR MORE:  10
MAX 90 OR ABOVE:   0    0.10 INCH OR MORE:   3
MIN 32 OR BELOW:   1    0.50 INCH OR MORE:   2
MIN  0 OR BELOW:   0    1.00 INCH OR MORE:   0

[HDD (BASE 65) ]
TOTAL THIS MO.   209    CLEAR  (SCALE 0-3)  16
DPTR FM NORMAL  -184    PTCLDY (SCALE 4-7)   9
TOTAL FM JUL 1  4183    CLOUDY (SCALE 8-10)  2
DPTR FM NORMAL -1380

[CDD (BASE 65) ]
TOTAL THIS MO.    32
DPTR FM NORMAL    22    [PRESSURE DATA]
TOTAL FM JAN 1    34    HIGHEST SLP M ON M
DPTR FM NORMAL    23    LOWEST  SLP 29.38 ON  3

[REMARKS]
