000
CXUS53 KIND 010730
CF6MIE
PRELIMINARY LOCAL CLIMATOLOGICAL DATA (WS FORM: F-6)

                                          STATION:   MUNCIE IN
                                          MONTH:     FEBRUARY
                                          YEAR:      2015
                                          LATITUDE:   40 13 N
                                          LONGITUDE:  85 23 W

  TEMPERATURE IN F:       :PCPN:    SNOW:  WIND      :SUNSHINE: SKY     :PK WND
================================================================================
1   2   3   4   5  6A  6B    7    8   9   10  11  12  13   14  15   16   17  18
                                     12Z  AVG MX 2MIN
DY MAX MIN AVG DEP HDD CDD  WTR  SNW DPTH SPD SPD DIR MIN PSBL S-S WX    SPD DR
================================================================================

 1  36  24  30   3  35   0 0.46    M    M  8.4 20  10   M    M  10 1268   23  10
 2  24  13  19  -8  46   0    T    M    M 12.7 24 330   M    M   6 18     28 340
 3  34  12  23  -4  42   0 0.00    M    M 10.7 21 210   M    M   6        28 210
 4  37  17  27   0  38   0 0.04    M    M 12.6 23 350   M    M   6 128    28 220
 5  19   5  12 -15  53   0    T    M    M  5.5 15 320   M    M   2 1      19 320
 6  32  15  24  -4  41   0 0.00    M    M  9.8 15 240   M    M   7        20 230
 7  49  30  40  12  25   0 0.00    M    M 11.2 18 190   M    M   0        26 200
 8  56  37  47  19  18   0    T    M    M 10.3 21 240   M    M   4 18     28 240
 9  37  24  31   3  34   0    T    M    M 12.7 18  20   M    M   9 168    22  20
10  27  18  23  -5  42   0 0.00    M    M  7.5 15 360   M    M   8 18     19  10
11  36  22  29   1  36   0 0.00    M    M 10.5 21 300   M    M   9 18     28 300
12  28  16  22  -7  43   0    T    M    M 16.9 29 320   M    M   9 18     36 330
13  28   8  18 -11  47   0 0.00    M    M  9.6 20 250   M    M   5 8      25 240
14  30   7  19 -10  46   0 0.01    M    M 20.3 37 340   M    M   9 1289   47 320
15  12   3   8 -22  57   0    T    M    M  9.1 16 360   M    M   3 18     20 320
16  14   4   9 -21  56   0 0.00    M    M  9.0 14  90   M    M   4        17 100
17  24   2  13 -17  52   0    T    M    M  8.4 16 210   M    M   7 18     39 320
18  15   0   8 -22  57   0    T    M    M 13.2 25 310   M    M   6 18     36 230
19   6  -4   1 -30  64   0 0.00    M    M 11.0 21 310   M    M   1        25 310
20  19  -6   7 -24  58   0 0.00    M    M  9.1 18 180   M    M   4        25 190
21  30  12  21 -10  44   0 0.35    M    M  4.1 16 180   M    M   8 128    24 190
22  29  11  20 -12  45   0 0.00    M    M  8.1 18 310   M    M   7 18     23 300
23  14  -3   6 -26  59   0 0.00    M    M  3.9 10 360   M    M   0 128    12 360
24  26   0  13 -19  52   0 0.00    M    M 13.7 25 240   M    M   3        34 230
25  28  11  20 -12  45   0 0.00    M    M  6.8 14 260   M    M   2 1      24 260
26  20   5  13 -20  52   0    T    M    M 10.7 20  50   M    M  10 18     23  60
27  16  -2   7 -26  58   0 0.00    M    M  3.7 12 300   M    M   1 18     16 280
28  22  -6   8 -26  57   0 0.15    M    M  6.7 23 200   M    M   5 1      41 200
================================================================================
SM  748  275      1302   0  1.01    M    276.2          M      151
================================================================================
AV 26.7  9.8                               9.9 FASTST   M    M   5    MAX(MPH)
                                 MISC ---->  # 37 340               # 47  320
================================================================================
NOTES:
# LAST OF SEVERAL OCCURRENCES

COLUMN 17 PEAK WIND IN M.P.H.

PRELIMINARY LOCAL CLIMATOLOGICAL DATA (WS FORM: F-6) , PAGE 2

                                          STATION:  MUNCIE IN
                                          MONTH:    FEBRUARY
                                          YEAR:     2015
                                          LATITUDE:   40 13 N
                                          LONGITUDE:  85 23 W

[TEMPERATURE DATA]      [PRECIPITATION DATA]       SYMBOLS USED IN COLUMN 16

AVERAGE MONTHLY: 18.3   TOTAL FOR MONTH:   1.01    1 = FOG OR MIST
DPTR FM NORMAL: -11.4   DPTR FM NORMAL:   -1.30    2 = FOG REDUCING VISIBILITY
HIGHEST:    56 ON  8    GRTST 24HR  0.48 ON 31- 1      TO 1/4 MILE OR LESS
LOWEST:     -6 ON 28,20                            3 = THUNDER
                        SNOW, ICE PELLETS, HAIL    4 = ICE PELLETS
                        TOTAL MONTH:    M          5 = HAIL
                        GRTST 24HR    M  ON   M    6 = FREEZING RAIN OR DRIZZLE
                        GRTST DEPTH:  M  ON   M    7 = DUSTSTORM OR SANDSTORM:
                                                       VSBY 1/2 MILE OR LESS
                                                   8 = SMOKE OR HAZE
[NO. OF DAYS WITH]      [WEATHER - DAYS WITH]      9 = BLOWING SNOW
                                                   X = TORNADO
MAX 32 OR BELOW:  21    0.01 INCH OR MORE:   5
MAX 90 OR ABOVE:   0    0.10 INCH OR MORE:   3
MIN 32 OR BELOW:  27    0.50 INCH OR MORE:   0
MIN  0 OR BELOW:   7    1.00 INCH OR MORE:   0

[HDD (BASE 65) ]
TOTAL THIS MO.  1302    CLEAR  (SCALE 0-3)   7
DPTR FM NORMAL   312    PTCLDY (SCALE 4-7)  14
TOTAL FM JUL 1  4865    CLOUDY (SCALE 8-10)  7
DPTR FM NORMAL   482

[CDD (BASE 65) ]
TOTAL THIS MO.     0
DPTR FM NORMAL     0    [PRESSURE DATA]
TOTAL FM JAN 1     0    HIGHEST SLP 30.77 ON 28
DPTR FM NORMAL     0    LOWEST  SLP 29.54 ON  1

[REMARKS]
#FINAL-02-15#
