000
CXUS53 KDMX 290920
CF6MIW
PRELIMINARY LOCAL CLIMATOLOGICAL DATA (WS FORM: F-6)

                                          STATION:   MARSHALLTOWN IA
                                          MONTH:     JUNE
                                          YEAR:      2015
                                          LATITUDE:   42  6 N
                                          LONGITUDE:  92 55 W

  TEMPERATURE IN F:       :PCPN:    SNOW:  WIND      :SUNSHINE: SKY     :PK WND
================================================================================
1   2   3   4   5  6A  6B    7    8   9   10  11  12  13   14  15   16   17  18
                                     12Z  AVG MX 2MIN
DY MAX MIN AVG DEP HDD CDD  WTR  SNW DPTH SPD SPD DIR MIN PSBL S-S WX    SPD DR
================================================================================

 1  70  45  58  -8   7   0 0.00  0.0    0  8.2 15 100   M    M   0        24 120
 2  74  50  62  -4   3   0 0.00  0.0    0 10.7 21 190   M    M   3 1      27 160
 3  78  58  68   2   0   3 0.00  0.0    0 12.0 25 160   M    M   3        30 160
 4  83  62  73   6   0   8 0.00  0.0    0  6.0 14  60   M    M   3 12     20 210
 5  84  65  75   8   0  10 0.00  0.0    0 10.8 18 100   M    M   2        23 100
 6  76  61  69   2   0   4    T  0.0    0 13.1 23 130   M    M   4        27 120
 7  83  62  73   5   0   8 1.06  0.0    0  9.9 33 240   M    M   4 13     42 250
 8  84  59  72   4   0   7 0.00  0.0    0  9.6 23 320   M    M   1        30 310
 9  93  59  76   8   0  11 0.00  0.0    0 10.8 23 220   M    M   1 18     29 220
10  89  66  78  10   0  13 0.00  0.0    0  9.1 18  60   M    M   1        24  10
11  72  62  67  -2   0   2 1.86  0.0    0 11.4 25  20   M    M   7 13     34  30
12  66  60  63  -6   2   0 0.45  0.0    0  9.4 17  30   M    M  10 1      23  10
13  75  63  69   0   0   4 0.01  0.0    0  5.2 13 190   M    M   8 1      17 250
14  81  64  73   4   0   8    T  0.0    0  3.4 15 180   M    M   6 1      24 220
15  73  59  66  -4   0   1 0.92  0.0    0  8.1 22 350   M    M   7 1      28 350
16  78  53  66  -4   0   1 0.00  0.0    0  8.0 15 110   M    M   0        27 340
17  81  65  73   3   0   8 0.55  0.0    0  6.8 22  30   M    M   7 13     27 310
18  77  58  68  -2   0   3 0.00  0.0    0  7.9 15  20   M    M   1 1      20  20
19  79  57  68  -2   0   3 0.00  0.0    0  8.9 16 110   M    M   0        20 100
20  80  62  71   0   0   6 0.32  0.0    0  8.3 26  20   M    M   4 1238   35 270
21  83  60  72   1   0   7 0.00  0.0    0  5.3 13 160   M    M   3 12     23 120
22  86  64  75   4   0  10 0.16  0.0    0 13.7 29 320   M    M   6 13     35 300
23  78  56  67  -4   0   2 0.00  0.0    0  6.1 13  20   M    M   0        18  10
24  70  61  66  -6   0   1 0.73  0.0    0  8.6 29 130   M    M   7 13     36 130
25  80  62  71  -1   0   6 0.00  0.0    0  5.2 12  20   M    M   7 13     24 210
26  73  60  67  -5   0   2 0.08  0.0    0  6.5 18  30   M    M   4 1      24  30
27  80  55  68  -4   0   3 0.00  0.0    0  3.9 13 360   M    M   0 1      19 360
28  81  63  72   0   0   7 0.43  0.0    0  6.8 20  40   M    M   5 123    24  20
================================================================================
SM 2207 1671        12 138  6.57     0.0 233.7          M      104
================================================================================
AV 78.8 59.7                               8.3 FASTST   M    M   4    MAX(MPH)
                                 MISC ---->  # 33 240               # 42  250
================================================================================
NOTES:
# LAST OF SEVERAL OCCURRENCES

COLUMN 17 PEAK WIND IN M.P.H.

PRELIMINARY LOCAL CLIMATOLOGICAL DATA (WS FORM: F-6) , PAGE 2

                                          STATION:  MARSHALLTOWN IA
                                          MONTH:    JUNE
                                          YEAR:     2015
                                          LATITUDE:   42  6 N
                                          LONGITUDE:  92 55 W

[TEMPERATURE DATA]      [PRECIPITATION DATA]       SYMBOLS USED IN COLUMN 16

AVERAGE MONTHLY: 69.2   TOTAL FOR MONTH:   6.57    1 = FOG OR MIST
DPTR FM NORMAL:  -0.1   DPTR FM NORMAL:    1.76    2 = FOG REDUCING VISIBILITY
HIGHEST:    93 ON  9    GRTST 24HR  2.30 ON 11-12      TO 1/4 MILE OR LESS
LOWEST:     45 ON  1                               3 = THUNDER
                        SNOW, ICE PELLETS, HAIL    4 = ICE PELLETS
                        TOTAL MONTH:   0.0 INCH    5 = HAIL
                        GRTST 24HR     0.0         6 = FREEZING RAIN OR DRIZZLE
                        GRTST DEPTH:   0           7 = DUSTSTORM OR SANDSTORM:
                                                       VSBY 1/2 MILE OR LESS
                                                   8 = SMOKE OR HAZE
[NO. OF DAYS WITH]      [WEATHER - DAYS WITH]      9 = BLOWING SNOW
                                                   X = TORNADO
MAX 32 OR BELOW:   0    0.01 INCH OR MORE:  11
MAX 90 OR ABOVE:   1    0.10 INCH OR MORE:   9
MIN 32 OR BELOW:   0    0.50 INCH OR MORE:   5
MIN  0 OR BELOW:   0    1.00 INCH OR MORE:   2

[HDD (BASE 65) ]
TOTAL THIS MO.    12    CLEAR  (SCALE 0-3)  13
DPTR FM NORMAL   -16    PTCLDY (SCALE 4-7)  14
TOTAL FM JUL 1  7069    CLOUDY (SCALE 8-10)  1
DPTR FM NORMAL    57

[CDD (BASE 65) ]
TOTAL THIS MO.   138
DPTR FM NORMAL   -10    [PRESSURE DATA]
TOTAL FM JAN 1   183    HIGHEST SLP M ON M
DPTR FM NORMAL   -15    LOWEST  SLP 29.63 ON 11

[REMARKS]
