000
CXUS53 KDMX 290920
CF6MIW
PRELIMINARY LOCAL CLIMATOLOGICAL DATA (WS FORM: F-6)

                                          STATION:   MARSHALLTOWN IA
                                          MONTH:     AUGUST
                                          YEAR:      2015
                                          LATITUDE:   42  6 N
                                          LONGITUDE:  92 55 W

  TEMPERATURE IN F:       :PCPN:    SNOW:  WIND      :SUNSHINE: SKY     :PK WND
================================================================================
1   2   3   4   5  6A  6B    7    8   9   10  11  12  13   14  15   16   17  18
                                     12Z  AVG MX 2MIN
DY MAX MIN AVG DEP HDD CDD  WTR  SNW DPTH SPD SPD DIR MIN PSBL S-S WX    SPD DR
================================================================================

 1  85  59  72   0   0   7 0.00  0.0    0  6.3 14 250   M    M   0        18 240
 2  89  67  78   6   0  13    T  0.0    0 10.7 21 240   M    M   0        25 230
 3  79  57  68  -4   0   3 0.00  0.0    0  5.2 13 340   M    M   0        21  80
 4  79  56  68  -4   0   3 0.00  0.0    0  2.8 12  40   M    M   1        14  50
 5  79  61  70  -2   0   5 0.00  0.0    0  5.7 12  90   M    M   3        15  70
 6  79  62  71  -1   0   6 0.00  0.0    0  6.3 15 150   M    M   2        18 150
 7  84  64  74   2   0   9 0.00  0.0    0  6.9 16 310   M    M   4        21 230
 8  82  66  74   2   0   9 0.17  0.0    0  6.8 16 110   M    M   5 13     20 130
 9  80  67  74   2   0   9 2.70  0.0    0  6.5 39 300   M    M   6 13     50 290
10  82  62  72   0   0   7 0.08  0.0    0  9.2 20 340   M    M   4 1      23 340
11  82  58  70  -2   0   5 0.00  0.0    0  7.5 14 340   M    M   1        18 320
12  81  57  69  -2   0   4 0.00  0.0    0  2.7  7  30   M    M   0        10 240
13  83  60  72   1   0   7 0.00  0.0    0  7.3 16 240   M    M   0        21 240
14  86  68  77   6   0  12 0.00  0.0    0  4.1 10 230   M    M   0        15 280
15  85  65  75   4   0  10 0.00  0.0    0  4.6 13 200   M    M   0 1      15 200
16  85  68  77   6   0  12 0.00  0.0    0  8.1 16 210   M    M   0        21 210
17  76  68  72   1   0   7 0.01  0.0    0  4.0 13 130   M    M   6        15 140
18  69  57  63  -8   2   0 1.49  0.0    0  7.9 18 280   M    M   8 13     27 270
19  64  55  60 -10   5   0 0.11  0.0    0 14.6 26 240   M    M   9 1      33 240
20  76  50  63  -7   2   0 0.00  0.0    0  7.8 16 300   M    M   0        21 290
21  80  58  69  -1   0   4 0.00  0.0    0 11.5 24 190   M    M   2        32 180
22  80  61  71   1   0   6 0.61  0.0    0 12.6 24 150   M    M   4 13     32 160
23  71  52  62  -8   3   0    T  0.0    0 13.4 26 300   M    M   1 13     35 290
24  71  47  59 -11   6   0 0.00  0.0    0 10.8 25 300   M    M   0        30 290
25  73  48  61  -8   4   0 0.00  0.0    0  9.2 21 310   M    M   0        26 310
26  75  46  61  -8   4   0 0.00  0.0    0  3.2  8 110   M    M   0        10 310
27  71  51  61  -8   4   0    T  0.0    0  8.2 22 140   M    M   0        28 130
28  66  61  64  -5   1   0 2.10  0.0    0 10.8 24 110   M    M   9 13     30 100
================================================================================
SM 2192 1651        31 138  7.27     0.0 214.7          M       65
================================================================================
AV 78.3 59.0                               7.7 FASTST   M    M   2    MAX(MPH)
                                 MISC ---->  # 39 300               # 50  290
================================================================================
NOTES:
# LAST OF SEVERAL OCCURRENCES

COLUMN 17 PEAK WIND IN M.P.H.

PRELIMINARY LOCAL CLIMATOLOGICAL DATA (WS FORM: F-6) , PAGE 2

                                          STATION:  MARSHALLTOWN IA
                                          MONTH:    AUGUST
                                          YEAR:     2015
                                          LATITUDE:   42  6 N
                                          LONGITUDE:  92 55 W

[TEMPERATURE DATA]      [PRECIPITATION DATA]       SYMBOLS USED IN COLUMN 16

AVERAGE MONTHLY: 68.6   TOTAL FOR MONTH:   7.27    1 = FOG OR MIST
DPTR FM NORMAL:  -2.3   DPTR FM NORMAL:    3.45    2 = FOG REDUCING VISIBILITY
HIGHEST:    89 ON  2    GRTST 24HR  2.70 ON  9- 9      TO 1/4 MILE OR LESS
LOWEST:     46 ON 26                               3 = THUNDER
                        SNOW, ICE PELLETS, HAIL    4 = ICE PELLETS
                        TOTAL MONTH:   0.0 INCH    5 = HAIL
                        GRTST 24HR     0.0         6 = FREEZING RAIN OR DRIZZLE
                        GRTST DEPTH:   0           7 = DUSTSTORM OR SANDSTORM:
                                                       VSBY 1/2 MILE OR LESS
                                                   8 = SMOKE OR HAZE
[NO. OF DAYS WITH]      [WEATHER - DAYS WITH]      9 = BLOWING SNOW
                                                   X = TORNADO
MAX 32 OR BELOW:   0    0.01 INCH OR MORE:   8
MAX 90 OR ABOVE:   0    0.10 INCH OR MORE:   6
MIN 32 OR BELOW:   0    0.50 INCH OR MORE:   4
MIN  0 OR BELOW:   0    1.00 INCH OR MORE:   3

[HDD (BASE 65) ]
TOTAL THIS MO.    31    CLEAR  (SCALE 0-3)  18
DPTR FM NORMAL    23    PTCLDY (SCALE 4-7)   7
TOTAL FM JUL 1    40    CLOUDY (SCALE 8-10)  3
DPTR FM NORMAL    26

[CDD (BASE 65) ]
TOTAL THIS MO.   138
DPTR FM NORMAL   -39    [PRESSURE DATA]
TOTAL FM JAN 1   567    HIGHEST SLP M ON M
DPTR FM NORMAL   -76    LOWEST  SLP 29.58 ON 18

[REMARKS]
