000
CXUS53 KDMX 221648
CF6MIW
PRELIMINARY LOCAL CLIMATOLOGICAL DATA (WS FORM: F-6)

                                          STATION:   MARSHALLTOWN IA
                                          MONTH:     FEBRUARY
                                          YEAR:      2017
                                          LATITUDE:   42  6 N
                                          LONGITUDE:  92 55 W

  TEMPERATURE IN F:       :PCPN:    SNOW:  WIND      :SUNSHINE: SKY     :PK WND
================================================================================
1   2   3   4   5  6A  6B    7    8   9   10  11  12  13   14  15   16   17  18
                                     12Z  AVG MX 2MIN
DY MAX MIN AVG DEP HDD CDD  WTR  SNW DPTH SPD SPD DIR MIN PSBL S-S WX    SPD DR
================================================================================

 1  33  19  26   6  39   0    T    M    M 16.6 28 320   M    M   6        33 320
 2  23  12  18  -2  47   0 0.00  0.0    M 13.4 22 320   M    M   3        26 310
 3  27  11  19  -1  46   0 0.00  0.0    M  8.2 14 270   M    M   2        18 290
 4  41  11  26   6  39   0 0.00  0.0    M 14.5 30 180   M    M   2        39 190
 5  32  20  26   6  39   0 0.00  0.0    M  9.7 29 310   M    M   4        33 310
 6  53  19  36  15  29   0 0.00  0.0    M  7.2 14 190   M    M   2 1      16 190
 7  41  19  30   9  35   0 0.00  0.0    M 14.8 31 310   M    M   8 12     37 310
 8  19  12  16  -5  49   0    M    M    M 14.6 23 350   M    M   7 1      28 340
 9  22   6  14  -7  51   0 0.00  0.0    M  8.6 15 220   M    M   1        18 280
10  52  18  35  13  30   0 0.00  0.0    M 10.7 22 190   M    M   0        27 190
11  49  32  41  19  24   0 0.00  0.0    M  7.6 14  20   M    M   2        17 350
12  44  25  35  13  30   0 0.00  0.0    M 15.1 30 320   M    M   2        37 310
13  49  22  36  14  29   0 0.00  0.0    0 11.4 25 230   M    M   0        31 240
14  47  29  38  15  27   0 0.00  0.0    0 15.3 30 320   M    M   0        39 320
15  39  20  30   7  35   0 0.00  0.0    0  8.7 18 340   M    M   0        23 340
16  55  23  39  16  26   0 0.00  0.0    0  7.7 16 150   M    M   0        19 150
17  71  31  51  27  14   0 0.00  0.0    0  9.6 21 200   M    M   0        27 220
18  62  30  46  22  19   0 0.00  0.0    0  4.4  9 330   M    M   0 12     12 330
19  69  27  48  24  17   0 0.00  0.0    0  8.7 22 160   M    M   3 12     27 160
20  58  47  53  28  12   0 0.10    M    0 12.2 21 270   M    M   6 1      25 260
21  63  29  46  21  19   0 0.00  0.0    0  6.9 13 190   M    M   2 12      M  M
================================================================================
SM  949  462       656   0  0.10     0.0 225.9          M       50
================================================================================
AV 45.2 22.0                              10.8 FASTST   M    M   2    MAX(MPH)
                                 MISC ---->  # 31 310               # 39  190
================================================================================
NOTES:
# LAST OF SEVERAL OCCURRENCES

COLUMN 17 PEAK WIND IN M.P.H.

PRELIMINARY LOCAL CLIMATOLOGICAL DATA (WS FORM: F-6) , PAGE 2

                                          STATION:  MARSHALLTOWN IA
                                          MONTH:    FEBRUARY
                                          YEAR:     2017
                                          LATITUDE:   42  6 N
                                          LONGITUDE:  92 55 W

[TEMPERATURE DATA]      [PRECIPITATION DATA]       SYMBOLS USED IN COLUMN 16

AVERAGE MONTHLY: 33.6   TOTAL FOR MONTH:   0.10    1 = FOG OR MIST
DPTR FM NORMAL:  11.5   DPTR FM NORMAL:   -0.44    2 = FOG REDUCING VISIBILITY
HIGHEST:    71 ON 17    GRTST 24HR  0.10 ON 20-20      TO 1/4 MILE OR LESS
LOWEST:      6 ON  9                               3 = THUNDER
                        SNOW, ICE PELLETS, HAIL    4 = ICE PELLETS
                        TOTAL MONTH:   0.0 INCH    5 = HAIL
                        GRTST 24HR     0.0         6 = FREEZING RAIN OR DRIZZLE
                        GRTST DEPTH:   0           7 = DUSTSTORM OR SANDSTORM:
                                                       VSBY 1/2 MILE OR LESS
                                                   8 = SMOKE OR HAZE
[NO. OF DAYS WITH]      [WEATHER - DAYS WITH]      9 = BLOWING SNOW
                                                   X = TORNADO
MAX 32 OR BELOW:   5    0.01 INCH OR MORE:   1
MAX 90 OR ABOVE:   0    0.10 INCH OR MORE:   1
MIN 32 OR BELOW:  20    0.50 INCH OR MORE:   0
MIN  0 OR BELOW:   0    1.00 INCH OR MORE:   0

[HDD (BASE 65) ]
TOTAL THIS MO.   656    CLEAR  (SCALE 0-3)  15
DPTR FM NORMAL  -245    PTCLDY (SCALE 4-7)   5
TOTAL FM JUL 1  4134    CLOUDY (SCALE 8-10)  1
DPTR FM NORMAL -1000

[CDD (BASE 65) ]
TOTAL THIS MO.     0
DPTR FM NORMAL     0    [PRESSURE DATA]
TOTAL FM JAN 1     0    HIGHEST SLP M ON M
DPTR FM NORMAL     0    LOWEST  SLP 29.43 ON  7

[REMARKS]
