000
CXUS55 KEAX 250736
CF6MKC
PRELIMINARY LOCAL CLIMATOLOGICAL DATA (WS FORM: F-6)

                                          STATION:   Downtown Kansas City MO
                                          MONTH:     MAY
                                          YEAR:      2016
                                          LATITUDE:   39  7 N
                                          LONGITUDE:  94 36 W

  TEMPERATURE IN F:       :PCPN:    SNOW:  WIND      :SUNSHINE: SKY     :PK WND
================================================================================
1   2   3   4   5  6A  6B    7    8   9   10  11  12  13   14  15   16   17  18
                                     12Z  AVG MX 2MIN
DY MAX MIN AVG DEP HDD CDD  WTR  SNW DPTH SPD SPD DIR MIN PSBL S-S WX    SPD DR
================================================================================

 1  63  51  57  -5   8   0    T    M    M  8.1 17 320   M    M   9        22 320
 2  57  48  53  -9  12   0    T    M    M  3.3 10 350   M    M   8        15 320
 3  71  43  57  -5   8   0 0.00    M    M  3.2 14 240   M    M   1 1      19 270
 4  71  51  61  -2   4   0 0.00    M    M  8.2 20  10   M    M   0        25 310
 5  74  46  60  -3   5   0 0.00    M    M  2.4 12  20   M    M   0 8      17  10
 6  83  50  67   4   0   2 0.00    M    M  5.7 16 200   M    M   0        20 210
 7  86  65  76  12   0  11 0.00    M    M  7.9 15 220   M    M   1        20 230
 8  76  60  68   4   0   3 0.62    M    M  7.6 20 150   M    M   4 138    28 140
 9  75  59  67   3   0   2 0.23    M    M  9.1 21 220   M    M   7 13     32 200
10  83  57  70   5   0   5 0.00    M    M  4.1 10 130   M    M   1        13 130
11  78  59  69   4   0   4 0.77    M    M  7.6 23 330   M    M   4 13     32 320
12  72  55  64  -1   1   0 0.00    M    M  8.0 21 280   M    M   1        28 330
13  81  49  65  -1   0   0 0.06    M    M 10.8 25 220   M    M   3 3      35 360
14  61  46  54 -12  11   0 0.00    M    M  8.9 18 330   M    M   2        26 360
15  68  43  56 -10   9   0 0.13    M    M  4.6 13 360   M    M   3 1      17 250
16  55  52  54 -12  11   0 0.61    M    M  9.3 17  70   M    M  10 1      22  60
17  62  49  56 -11   9   0 0.19    M    M  9.3 18  50   M    M   7 1      22  70
18  70  49  60  -7   5   0 0.00    M    M  3.3 12  70   M    M   5        14  80
19  69  48  59  -8   6   0 0.09    M    M  4.0 14 170   M    M   4        21 180
20  68  54  61  -7   4   0 0.01    M    M  5.7 14  80   M    M   8        18  80
21  76  50  63  -5   2   0 0.01    M    M  4.9 15 100   M    M   2 1      22  70
22  82  54  68   0   0   3 0.00    M    M  8.9 16 130   M    M   0        22 150
23  73  63  68  -1   0   3 2.65    M    M  7.5 23 120   M    M   4 13     35 270
24  81  63  72   3   0   7 0.12    M    M  7.0 20 150   M    M   3 13     27 140
================================================================================
SM 1735 1264        95  40  5.49    M    159.4          M       87
================================================================================
AV 72.3 52.7                               6.6 FASTST   M    M   4    MAX(MPH)
                                 MISC ---->  # 25 220               # 35  360
================================================================================
NOTES:
# LAST OF SEVERAL OCCURRENCES

COLUMN 17 PEAK WIND IN M.P.H.

PRELIMINARY LOCAL CLIMATOLOGICAL DATA (WS FORM: F-6) , PAGE 2

                                          STATION:  Downtown Kansas City MO
                                          MONTH:    MAY
                                          YEAR:     2016
                                          LATITUDE:   39  7 N
                                          LONGITUDE:  94 36 W

[TEMPERATURE DATA]      [PRECIPITATION DATA]       SYMBOLS USED IN COLUMN 16

AVERAGE MONTHLY: 62.5   TOTAL FOR MONTH:   5.49    1 = FOG OR MIST
DPTR FM NORMAL:  -2.9   DPTR FM NORMAL:    1.54    2 = FOG REDUCING VISIBILITY
HIGHEST:    86 ON  7    GRTST 24HR  2.75 ON 23-24      TO 1/4 MILE OR LESS
LOWEST:     43 ON 15, 3                            3 = THUNDER
                        SNOW, ICE PELLETS, HAIL    4 = ICE PELLETS
                        TOTAL MONTH:    M          5 = HAIL
                        GRTST 24HR    M  ON   M    6 = FREEZING RAIN OR DRIZZLE
                        GRTST DEPTH:  M  ON   M    7 = DUSTSTORM OR SANDSTORM:
                                                       VSBY 1/2 MILE OR LESS
                                                   8 = SMOKE OR HAZE
[NO. OF DAYS WITH]      [WEATHER - DAYS WITH]      9 = BLOWING SNOW
                                                   X = TORNADO
MAX 32 OR BELOW:   0    0.01 INCH OR MORE:  12
MAX 90 OR ABOVE:   0    0.10 INCH OR MORE:   8
MIN 32 OR BELOW:   0    0.50 INCH OR MORE:   4
MIN  0 OR BELOW:   0    1.00 INCH OR MORE:   1

[HDD (BASE 65) ]
TOTAL THIS MO.    95    CLEAR  (SCALE 0-3)  12
DPTR FM NORMAL    27    PTCLDY (SCALE 4-7)   9
TOTAL FM JUL 1  3621    CLOUDY (SCALE 8-10)  3
DPTR FM NORMAL -1054

[CDD (BASE 65) ]
TOTAL THIS MO.    40
DPTR FM NORMAL   -38    [PRESSURE DATA]
TOTAL FM JAN 1    70    HIGHEST SLP  0.00 ON M
DPTR FM NORMAL   -46    LOWEST  SLP  0.00 ON M

[REMARKS]
