000
CXHW52 PHFO 251250
CF6MKK
PRELIMINARY LOCAL CLIMATOLOGICAL DATA (WS FORM: F-6)

                                          STATION:   MOLOKAI HI
                                          MONTH:     FEBRUARY
                                          YEAR:      2018
                                          LATITUDE:   21  8 N
                                          LONGITUDE: 157  6 W

  TEMPERATURE IN F:       :PCPN:    SNOW:  WIND      :SUNSHINE: SKY     :PK WND
================================================================================
1   2   3   4   5  6A  6B    7    8   9   10  11  12  13   14  15   16   17  18
                                     12Z  AVG MX 2MIN
DY MAX MIN AVG DEP HDD CDD  WTR  SNW DPTH SPD SPD DIR MIN PSBL S-S WX    SPD DR
================================================================================

 1   M   M   M   M   M   M    M    M    M   M   M   M   M    M   M         M  M
 2   M   M   M   M   M   M    M    M    M   M   M   M   M    M   M         M  M
 3   M   M   M   M   M   M    M    M    M   M   M   M   M    M   M         M  M
 4   M   M   M   M   M   M    M    M    M   M   M   M   M    M   M         M  M
 5   M   M   M   M   M   M    M    M    M   M   M   M   M    M   M         M  M
 6   M   M   M   M   M   M    M    M    M   M   M   M   M    M   M         M  M
 7   M   M   M   M   M   M    M    M    M   M   M   M   M    M   M         M  M
 8   M   M   M   M   M   M    M    M    M   M   M   M   M    M   M         M  M
 9  75  66  71   1   0   6 0.00  0.0    M 14.7 22 350   M    M   M        29 340
10  74  64  69  -1   0   4 0.03  0.0    M  9.9 18 360   M    M   M 1      27 360
11  76  60  68  -2   0   3 0.01  0.0    M  5.9 15 360   M    M   M 1      18 360
12  80  56  68  -2   0   3 0.00  0.0    M  4.0 12  40   M    M   M 18     14 180
13  80  60  70   0   0   5 0.00  0.0    M  6.4 18 180   M    M   M        24 170
14  79  68  74   4   0   9 1.05  0.0    M 10.8 28 190   M    M   M 18     38 180
15  77  64  71   1   0   6 0.12  0.0    M  7.2 18 210   M    M   M 1      25 210
16  79  63  71   1   0   6 0.00  0.0    M  4.1 14 170   M    M   M        17 170
17  81  64  73   3   0   8 0.16  0.0    M  5.5 12 360   M    M   M 1      15 350
18  73  63  68  -2   0   3 0.67  0.0    M  8.6 31  50   M    M   M 13     42  60
19  77  62  70   0   0   5    T  0.0    M  7.2 14  50   M    M   M        19  50
20  79  60  70   0   0   5 0.00  0.0    M  4.9 13 360   M    M   M        16 360
21  81  62  72   2   0   7 0.00  0.0    M  4.7 12 170   M    M   M        15 200
22  78  67  73   3   0   8 0.02  0.0    M  4.9 15 120   M    M   M        22 130
23  84  69  77   7   0  12    T  0.0    M  7.3 24 130   M    M   M        34 130
24  83  68  76   6   0  11 0.62  0.0    M  6.4 20  50   M    M   M 1      29  50
================================================================================
SM 1256 1016         0 101  2.68     0.0 112.5          M        M
================================================================================
AV 78.5 63.5                               7.0 FASTST   M    M -nan   MAX(MPH)
                                 MISC ---->  # 31  50               # 42   60
================================================================================
NOTES:
# LAST OF SEVERAL OCCURRENCES

COLUMN 17 PEAK WIND IN M.P.H.

PRELIMINARY LOCAL CLIMATOLOGICAL DATA (WS FORM: F-6) , PAGE 2

                                          STATION:  MOLOKAI HI
                                          MONTH:    FEBRUARY
                                          YEAR:     2018
                                          LATITUDE:   21  8 N
                                          LONGITUDE: 157  6 W

[TEMPERATURE DATA]      [PRECIPITATION DATA]       SYMBOLS USED IN COLUMN 16

AVERAGE MONTHLY: 71.0   TOTAL FOR MONTH:   2.68    1 = FOG OR MIST
DPTR FM NORMAL:   1.0   DPTR FM NORMAL:   -0.08    2 = FOG REDUCING VISIBILITY
HIGHEST:    84 ON 23    GRTST 24HR  1.05 ON 14-14      TO 1/4 MILE OR LESS
LOWEST:     56 ON 12                               3 = THUNDER
                        SNOW, ICE PELLETS, HAIL    4 = ICE PELLETS
                        TOTAL MONTH:   0.0 INCH    5 = HAIL
                        GRTST 24HR     0.0         6 = FREEZING RAIN OR DRIZZLE
                        GRTST DEPTH:  M  ON   M    7 = DUSTSTORM OR SANDSTORM:
                                                       VSBY 1/2 MILE OR LESS
                                                   8 = SMOKE OR HAZE
[NO. OF DAYS WITH]      [WEATHER - DAYS WITH]      9 = BLOWING SNOW
                                                   X = TORNADO
MAX 32 OR BELOW:   0    0.01 INCH OR MORE:   8
MAX 90 OR ABOVE:   0    0.10 INCH OR MORE:   5
MIN 32 OR BELOW:   0    0.50 INCH OR MORE:   3
MIN  0 OR BELOW:   0    1.00 INCH OR MORE:   1

[HDD (BASE 65) ]
TOTAL THIS MO.     0    CLEAR  (SCALE 0-3)   0
DPTR FM NORMAL     0    PTCLDY (SCALE 4-7)   0
TOTAL FM JUL 1     0    CLOUDY (SCALE 8-10)  0
DPTR FM NORMAL    -1

[CDD (BASE 65) ]
TOTAL THIS MO.   101
DPTR FM NORMAL   -19    [PRESSURE DATA]
TOTAL FM JAN 1   112    HIGHEST SLP M ON M
DPTR FM NORMAL  -181    LOWEST  SLP 29.73 ON  6

[REMARKS]
