000
CXUS54 KTSA 010840
CF6MKO
PRELIMINARY LOCAL CLIMATOLOGICAL DATA (WS FORM: F-6)

                                          STATION:   MUSKOGEE OKLAHOMA
                                          MONTH:     JUNE
                                          YEAR:      2015
                                          LATITUDE:   35 40 N
                                          LONGITUDE:  95 22 W

  TEMPERATURE IN F:       :PCPN:    SNOW:  WIND      :SUNSHINE: SKY     :PK WND
================================================================================
1   2   3   4   5  6A  6B    7    8   9   10  11  12  13   14  15   16   17  18
                                     12Z  AVG MX 2MIN
DY MAX MIN AVG DEP HDD CDD  WTR  SNW DPTH SPD SPD DIR MIN PSBL S-S WX    SPD DR
================================================================================

 1  80  58  69  -4   0   4 0.00  0.0    0  3.2 13 250   M    M   3        16 230
 2  85  62  74   1   0   9 0.00  0.0    0  6.8 13 160   M    M   3        17 160
 3  87  67  77   4   0  12 0.00  0.0    0  8.1 16 200   M    M   1        23 200
 4  89  67  78   4   0  13 0.00  0.0    0  6.7 13 120   M    M   1 1      17 160
 5  90  68  79   5   0  14 0.00  0.0    0  5.3 12 190   M    M   1 1      15 180
 6  91  70  81   7   0  16 0.00  0.0    0  4.7 10 220   M    M   0 1      13 230
 7  92  70  81   7   0  16 0.00  0.0    0  8.9 18 200   M    M   0 1      24 200
 8  92  68  80   5   0  15    T  0.0    0  5.7 12 310   M    M   0        16 290
 9  94  64  79   4   0  14 0.00  0.0    0  3.7  9 150   M    M   0 1      13 140
10  94  68  81   6   0  16 0.00  0.0    0  6.9 13 140   M    M   0        16 150
11  93  71  82   7   0  17 0.00  0.0    0  9.2 20 200   M    M   0        25 200
12  91  72  82   6   0  17 0.00  0.0    0  9.2 20 190   M    M   1        24 200
13  87  71  79   3   0  14 0.34  0.0    0  6.5 22 140   M    M   3 13     31 160
14  88  71  80   4   0  15 0.20  0.0    0  9.2 35 190   M    M   6 13     48 190
15  87  72  80   4   0  15 2.05  0.0    0  5.8 20 340   M    M   8 13     22 340
16  81  71  76  -1   0  11 0.61  0.0    0  4.2  7 170   M    M   7 13      M  M
17  81  71  76  -1   0  11 0.69  0.0    0  6.9 16  90   M    M   5 1      22  80
18  76  72  74  -3   0   9 1.26  0.0    0 12.7 23 110   M    M   9 1      30 110
19  89  71  80   3   0  15 0.00  0.0    0  7.0 14 310   M    M   2        18 300
20  89  73  81   3   0  16 0.00  0.0    0 11.4 22 180   M    M   1        27 190
21  87  73  80   2   0  15 0.00  0.0    0 11.3 24 200   M    M   2        33 200
22  90  75  83   5   0  18 0.00  0.0    0 11.8 23 200   M    M   1        34 180
23  92  75  84   6   0  19 0.00  0.0    0  8.0 17 240   M    M   0        22 230
24  93  73  83   5   0  18 0.00  0.0    0  7.9 14 190   M    M   0        20 170
25  93  73  83   5   0  18 0.00  0.0    0  7.4 15 250   M    M   0        20 210
26  92  73  83   4   0  18 0.14  0.0    0  7.3 25 230   M    M   2 13     32 220
27  86  65  76  -3   0  11 0.00  0.0    0  7.9 16  20   M    M   0        19  20
28  88  61  75  -4   0  10 0.00  0.0    0  6.3 14 190   M    M   0 12     19 220
29  91  68  80   1   0  15 0.00  0.0    0  5.2 14 250   M    M   1        17 260
30  92  65  79   0   0  14 0.00  0.0    0  5.6 13 260   M    M   0 1      17 210
================================================================================
SM 2660 2078         0 425  5.29     0.0 220.8          M       57
================================================================================
AV 88.7 69.3                               7.4 FASTST   M    M   2    MAX(MPH)
                                 MISC ---->  # 35 190               # 48  190
================================================================================
NOTES:
# LAST OF SEVERAL OCCURRENCES

COLUMN 17 PEAK WIND IN M.P.H.

PRELIMINARY LOCAL CLIMATOLOGICAL DATA (WS FORM: F-6) , PAGE 2

                                          STATION:  MUSKOGEE OKLAHOMA
                                          MONTH:    JUNE
                                          YEAR:     2015
                                          LATITUDE:   35 40 N
                                          LONGITUDE:  95 22 W

[TEMPERATURE DATA]      [PRECIPITATION DATA]       SYMBOLS USED IN COLUMN 16

AVERAGE MONTHLY: 79.0   TOTAL FOR MONTH:   5.29    1 = FOG OR MIST
DPTR FM NORMAL:   2.7   DPTR FM NORMAL:    0.83    2 = FOG REDUCING VISIBILITY
HIGHEST:    94 ON 10, 9 GRTST 24HR  2.38 ON 15-16      TO 1/4 MILE OR LESS
LOWEST:     58 ON  1                               3 = THUNDER
                        SNOW, ICE PELLETS, HAIL    4 = ICE PELLETS
                        TOTAL MONTH:   0.0 INCH    5 = HAIL
                        GRTST 24HR     0.0         6 = FREEZING RAIN OR DRIZZLE
                        GRTST DEPTH:   0           7 = DUSTSTORM OR SANDSTORM:
                                                       VSBY 1/2 MILE OR LESS
                                                   8 = SMOKE OR HAZE
[NO. OF DAYS WITH]      [WEATHER - DAYS WITH]      9 = BLOWING SNOW
                                                   X = TORNADO
MAX 32 OR BELOW:   0    0.01 INCH OR MORE:   7
MAX 90 OR ABOVE:  15    0.10 INCH OR MORE:   7
MIN 32 OR BELOW:   0    0.50 INCH OR MORE:   4
MIN  0 OR BELOW:   0    1.00 INCH OR MORE:   2

[HDD (BASE 65) ]
TOTAL THIS MO.     0    CLEAR  (SCALE 0-3)  23
DPTR FM NORMAL    -1    PTCLDY (SCALE 4-7)   5
TOTAL FM JUL 1  3568    CLOUDY (SCALE 8-10)  2
DPTR FM NORMAL    65

[CDD (BASE 65) ]
TOTAL THIS MO.   425
DPTR FM NORMAL    85    [PRESSURE DATA]
TOTAL FM JAN 1   630    HIGHEST SLP 30.13 ON 24
DPTR FM NORMAL    99    LOWEST  SLP 29.71 ON 11

[REMARKS]
#FINAL-06-15#
