350
CXUS52 KMLB 270628
CF6MLB
PRELIMINARY LOCAL CLIMATOLOGICAL DATA (WS FORM: F-6)

                                          STATION:   MELBOURNE
                                          MONTH:     MARCH
                                          YEAR:      2017
                                          LATITUDE:   28  6 N
                                          LONGITUDE:  80 39 W

  TEMPERATURE IN F:       :PCPN:    SNOW:  WIND      :SUNSHINE: SKY     :PK WND
================================================================================
1   2   3   4   5  6A  6B    7    8   9   10  11  12  13   14  15   16   17  18
                                     12Z  AVG MX 2MIN
DY MAX MIN AVG DEP HDD CDD  WTR  SNW DPTH SPD SPD DIR MIN PSBL S-S WX    SPD DR
================================================================================

 1  81  60  71   7   0   6 0.00  0.0    0  7.5 16 130   M    M   3 1      20 130
 2  88  66  77  13   0  12 0.09  0.0    0 11.0 17  10   M    M   7 1      27  10
 3  75  66  71   7   0   6 0.00  0.0    0 17.6 25  40   M    M   7        32  50
 4  74  63  69   5   0   4    T  0.0    0 15.1 24  60   M    M   4        29  70
 5  74  66  70   5   0   5    T  0.0    0 19.7 26  90   M    M   7        33  70
 6  75  65  70   5   0   5    T  0.0    0 17.3 24  90   M    M   5        33 100
 7  77  65  71   6   0   6 0.01  0.0    0 12.3 21 110   M    M   7 1      27 120
 8  80  66  73   8   0   8 0.00  0.0    0  8.0 17 110   M    M   7        23 110
 9  84  62  73   8   0   8 0.00  0.0    0  6.5 13  60   M    M   3        16  90
10  88  64  76  11   0  11 0.00  0.0    0  9.3 22 290   M    M   0        26 280
11  83  58  71   6   0   6 0.00  0.0    0 10.2 20  50   M    M   1        24  40
12  81  63  72   7   0   7 0.07  0.0    0  6.7 18 360   M    M   3        23  20
13  82  63  73   7   0   8 0.11  0.0    0  5.3 17 210   M    M   5 1      25 200
14  74  52  63  -3   2   0 0.06  0.0    0 16.8 28 300   M    M   3 1      38 310
15  60  46  53 -13  12   0 0.00  0.0    0 10.7 21  10   M    M   0        25  10
16  64  39  52 -14  13   0 0.00  0.0    0  9.4 18  30   M    M   0 8      26  30
17  73  41  57  -9   8   0 0.00  0.0    0  7.4 17 360   M    M   1        22  50
18  77  48  63  -3   2   0 0.00  0.0    0  5.7 14 240   M    M   0        19 250
19  83  54  69   3   0   4 0.00  0.0    0 13.9 25  20   M    M   1        32  10
20  75  50  63  -3   2   0 0.00  0.0    0  7.3 17  20   M    M   1        21  30
21  80  52  66   0   0   1 0.00  0.0    0  7.3 15 140   M    M   0        19 130
22  90  56  73   6   0   8 0.00  0.0    0  8.7 17 300   M    M   2        23 290
23  80  68  74   7   0   9 0.07  0.0    0 14.6 29  60   M    M   8 38     34  50
24  79  68  74   7   0   9 0.00  0.0    0 15.9 22  90   M    M   7        29  90
25  81  68  75   8   0  10 0.00  0.0    0 11.4 21 110   M    M   3        25 110
26  81  60  71   4   0   6    T  0.0    0  8.6 16  90   M    M   1        20 100
================================================================================
SM 2039 1529        39 139  0.41     0.0 284.2          M       86
================================================================================
AV 78.4 58.8                              10.9 FASTST   M    M   3    MAX(MPH)
                                 MISC ---->  # 29  60               # 38  310
================================================================================
NOTES:
# LAST OF SEVERAL OCCURRENCES

COLUMN 17 PEAK WIND IN M.P.H.

PRELIMINARY LOCAL CLIMATOLOGICAL DATA (WS FORM: F-6) , PAGE 2

                                          STATION:  MELBOURNE
                                          MONTH:    MARCH
                                          YEAR:     2017
                                          LATITUDE:   28  6 N
                                          LONGITUDE:  80 39 W

[TEMPERATURE DATA]      [PRECIPITATION DATA]       SYMBOLS USED IN COLUMN 16

AVERAGE MONTHLY: 68.6   TOTAL FOR MONTH:   0.41    1 = FOG OR MIST
DPTR FM NORMAL:   3.0   DPTR FM NORMAL:   -2.37    2 = FOG REDUCING VISIBILITY
HIGHEST:    90 ON 22    GRTST 24HR  0.11 ON 13-13      TO 1/4 MILE OR LESS
LOWEST:     39 ON 16                               3 = THUNDER
                        SNOW, ICE PELLETS, HAIL    4 = ICE PELLETS
                        TOTAL MONTH:   0.0 INCH    5 = HAIL
                        GRTST 24HR     0.0         6 = FREEZING RAIN OR DRIZZLE
                        GRTST DEPTH:   0           7 = DUSTSTORM OR SANDSTORM:
                                                       VSBY 1/2 MILE OR LESS
                                                   8 = SMOKE OR HAZE
[NO. OF DAYS WITH]      [WEATHER - DAYS WITH]      9 = BLOWING SNOW
                                                   X = TORNADO
MAX 32 OR BELOW:   0    0.01 INCH OR MORE:   6
MAX 90 OR ABOVE:   1    0.10 INCH OR MORE:   1
MIN 32 OR BELOW:   0    0.50 INCH OR MORE:   0
MIN  0 OR BELOW:   0    1.00 INCH OR MORE:   0

[HDD (BASE 65) ]
TOTAL THIS MO.    39    CLEAR  (SCALE 0-3)  15
DPTR FM NORMAL   -26    PTCLDY (SCALE 4-7)  11
TOTAL FM JUL 1   217    CLOUDY (SCALE 8-10)  0
DPTR FM NORMAL  -337

[CDD (BASE 65) ]
TOTAL THIS MO.   139
DPTR FM NORMAL    60    [PRESSURE DATA]
TOTAL FM JAN 1   317    HIGHEST SLP M ON M
DPTR FM NORMAL   140    LOWEST  SLP 29.73 ON 14

[REMARKS]
