000
CXUS55 KDVN 011100
CF6MLI
PRELIMINARY LOCAL CLIMATOLOGICAL DATA (WS FORM: F-6)

                                          STATION:   MOLINE IL
                                          MONTH:     JULY
                                          YEAR:      2014
                                          LATITUDE:   41 27 N
                                          LONGITUDE:  90 31 W

  TEMPERATURE IN F:       :PCPN:    SNOW:  WIND      :SUNSHINE: SKY     :PK WND
================================================================================
1   2   3   4   5  6A  6B    7    8   9   10  11  12  13   14  15   16   17  18
                                     12Z  AVG MX 2MIN
DY MAX MIN AVG DEP HDD CDD  WTR  SNW DPTH SPD SPD DIR MIN PSBL S-S WX    SPD DR
================================================================================

 1  80  64  72  -3   0   7    T  0.0    0 12.0 23 300   M    M   3 1      29 300
 2  69  60  65 -10   0   0 0.02  0.0    0  9.7 17 310   M    M   9 1      23 270
 3  78  55  67  -8   0   2 0.00  0.0    0  5.7 14 310   M    M   3        18 300
 4  78  58  68  -7   0   3 0.00  0.0    0  3.5 13 170   M    M   3        16 180
 5  70  58  64 -12   1   0 0.24  0.0    0  5.9 13 180   M    M   6 18     18 180
 6  87  63  75  -1   0  10 0.00  0.0    0 10.3 23 250   M    M   4        28 250
 7  87  69  78   2   0  13 0.00  0.0    0  6.8 15 270   M    M   0 1      20 280
 8  81  64  73  -3   0   8 0.00  0.0    0 12.4 22 280   M    M   2        29 280
 9  80  59  70  -6   0   5 0.00  0.0    0  5.5 15 320   M    M   2        22 300
10  83  57  70  -6   0   5 0.00  0.0    0  4.7 10 150   M    M   1        16 160
11  83  61  72  -4   0   7    T  0.0    0  7.9 17 170   M    M   2        23 140
12  88  71  80   4   0  15 1.13  0.0    0  6.6 25 260   M    M   4 13     33 230
13  84  65  75  -1   0  10    T  0.0    0  5.8 17 320   M    M   4 8      21 330
14  80  60  70  -6   0   5 0.00  0.0    0  9.9 23 320   M    M   2        32 300
15  70  55  63 -13   2   0 0.00  0.0    0  9.9 18 320   M    M   5        24 320
16  76  51  64 -12   1   0 0.00  0.0    0  2.5 10 320   M    M   3        16 340
17  80  52  66 -10   0   1 0.00  0.0    0  1.7  9 240   M    M   2        20 170
18  80  54  67  -9   0   2 0.00  0.0    0  4.3 12 140   M    M   1 1      18 190
19  79  57  68  -8   0   3 0.00  0.0    0  3.4  9 160   M    M   1        13 200
20  81  60  71  -5   0   6 0.00  0.0    0  4.9 14 160   M    M   1        17 160
21  86  64  75   0   0  10 0.00  0.0    0  6.9 16 160   M    M   0 18     23 170
22  90  73  82   7   0  17 0.00  0.0    0  8.6 15 210   M    M   2 138    22 220
23  81  61  71  -4   0   6 0.00  0.0    0  7.6 18  40   M    M   1        25  40
24  79  56  68  -7   0   3 0.00  0.0    0  4.7 10 160   M    M   2        15 120
25  76  60  68  -7   0   3 0.39  0.0    0  8.2 23 200   M    M   7 13     32 210
26  82  65  74  -1   0   9 0.00  0.0    0  4.2 13  50   M    M   5 18     15 140
27  82  66  74  -1   0   9 0.00  0.0    0 13.8 28 300   M    M   2 12     38 300
28  75  55  65 -10   0   0 0.00  0.0    0  6.9 17 330   M    M   3        25 330
29  81  51  66  -9   0   1 0.00  0.0    0  6.0 14 280   M    M   0        20 280
30  82  55  69  -6   0   4 0.00  0.0    0  4.5 14 320   M    M   1        18 270
31  84  58  71  -4   0   6 0.00  0.0    0  4.0 14 270   M    M   1 1      19 270
================================================================================
SM 2492 1857         4 170  1.78     0.0 208.8          M       82
================================================================================
AV 80.4 59.9                               6.7 FASTST   M    M   3    MAX(MPH)
                                 MISC ---->  # 28 300               # 38  300
================================================================================
NOTES:
# LAST OF SEVERAL OCCURRENCES

COLUMN 17 PEAK WIND IN M.P.H.

PRELIMINARY LOCAL CLIMATOLOGICAL DATA (WS FORM: F-6) , PAGE 2

                                          STATION:  MOLINE IL
                                          MONTH:    JULY
                                          YEAR:     2014
                                          LATITUDE:   41 27 N
                                          LONGITUDE:  90 31 W

[TEMPERATURE DATA]      [PRECIPITATION DATA]       SYMBOLS USED IN COLUMN 16

AVERAGE MONTHLY: 70.1   TOTAL FOR MONTH:   1.78    1 = FOG OR MIST
DPTR FM NORMAL:  -5.3   DPTR FM NORMAL:   -2.51    2 = FOG REDUCING VISIBILITY
HIGHEST:    90 ON 22    GRTST 24HR  3.53 ON 30- 1      TO 1/4 MILE OR LESS
LOWEST:     51 ON 29,16                            3 = THUNDER
                        SNOW, ICE PELLETS, HAIL    4 = ICE PELLETS
                        TOTAL MONTH:   0.0 INCH    5 = HAIL
                        GRTST 24HR     0.0         6 = FREEZING RAIN OR DRIZZLE
                        GRTST DEPTH:   0           7 = DUSTSTORM OR SANDSTORM:
                                                       VSBY 1/2 MILE OR LESS
                                                   8 = SMOKE OR HAZE
[NO. OF DAYS WITH]      [WEATHER - DAYS WITH]      9 = BLOWING SNOW
                                                   X = TORNADO
MAX 32 OR BELOW:   0    0.01 INCH OR MORE:   4
MAX 90 OR ABOVE:   1    0.10 INCH OR MORE:   3
MIN 32 OR BELOW:   0    0.50 INCH OR MORE:   1
MIN  0 OR BELOW:   0    1.00 INCH OR MORE:   1

[HDD (BASE 65) ]
TOTAL THIS MO.     4    CLEAR  (SCALE 0-3)  22
DPTR FM NORMAL     2    PTCLDY (SCALE 4-7)   8
TOTAL FM JUL 1     4    CLOUDY (SCALE 8-10)  1
DPTR FM NORMAL     2

[CDD (BASE 65) ]
TOTAL THIS MO.   170
DPTR FM NORMAL  -154    [PRESSURE DATA]
TOTAL FM JAN 1   504    HIGHEST SLP M ON M
DPTR FM NORMAL  -110    LOWEST  SLP 29.62 ON  7

[REMARKS]
#FINAL-07-14#
