000
CXUS54 KSHV 281300
CF6MLU
PRELIMINARY LOCAL CLIMATOLOGICAL DATA (WS FORM: F-6)

                                          STATION:   MONROE
                                          MONTH:     FEBRUARY
                                          YEAR:      2017
                                          LATITUDE:   32 30 N
                                          LONGITUDE:  92  2 W

  TEMPERATURE IN F:       :PCPN:    SNOW:  WIND      :SUNSHINE: SKY     :PK WND
================================================================================
1   2   3   4   5  6A  6B    7    8   9   10  11  12  13   14  15   16   17  18
                                     12Z  AVG MX 2MIN
DY MAX MIN AVG DEP HDD CDD  WTR  SNW DPTH SPD SPD DIR MIN PSBL S-S WX    SPD DR
================================================================================

 1  78  53  66  18   0   1 0.00  0.0    0  8.0 21 220   M    M   3        25 230
 2  62  42  52   4  13   0 0.02  0.0    0  9.7 20  30   M    M   8 1      22  20
 3  52  33  43  -5  22   0 0.00  0.0    0 10.3 20  10   M    M   6        23  10
 4  55  32  44  -4  21   0 0.00  0.0    0  6.4 13 180   M    M   7        17 190
 5  55  48  52   4  13   0 0.55  0.0    0  3.8 13 210   M    M  10 1      17 210
 6  77  51  64  15   1   0    T  0.0    0  9.1 18 180   M    M   8 1      27 160
 7  84  57  71  22   0   6    T  0.0    0 11.8 29 250   M    M   5 8      34 240
 8  83  52  68  19   0   3 0.00  0.0    0 10.6 26  20   M    M   2 18     34  20
 9  54  36  45  -4  20   0 0.00  0.0    0  9.5 24  20   M    M   0        29  20
10  74  33  54   5  11   0 0.00  0.0    0  7.5 23 210   M    M   2        30 210
11  83  66  75  25   0  10 0.00  0.0    0 12.5 24 230   M    M   7 1      33 220
12  79  61  70  20   0   5    T  0.0    0 11.0 25  20   M    M   9 18     31  20
13  62  50  56   6   9   0 0.00  0.0    0 10.8 24  50   M    M   8        29  40
14  61  45  53   3  12   0 0.28  0.0    0  8.5 25 300   M    M   9 1      32 300
15  63  41  52   2  13   0    T  0.0    0  9.2 17 310   M    M   5 1      22 310
16  67  34  51   0  14   0 0.00  0.0    0  2.5 13 220   M    M   0        16 200
17  68  40  54   3  11   0 0.00  0.0    0  6.8 15 220   M    M   1        19 210
18  67  53  60   9   5   0    T  0.0    0  3.6  8 230   M    M   8 18     11 170
19  80  50  65  14   0   0 0.00  0.0    0  4.3 12 170   M    M   4 12     17 160
20  81  59  70  18   0   5 1.73  0.0    0  8.1 37 280   M    M   8 1      47 290
21  70  58  64  12   1   0 0.22  0.0    0  7.0 18 240   M    M   9 13     23 240
22  72  56  64  12   1   0    T  0.0    0  2.9  9  20   M    M   6 1      12  30
23  79  48  64  12   1   0 0.00  0.0    0  6.7 15 190   M    M   1 12     22 170
24  80  58  69  16   0   4 0.00  0.0    0 12.2 23 320   M    M   4        32 190
25  59  41  50  -3  15   0 0.00  0.0    0  7.9 21 330   M    M   0        27 330
26  69  38  54   1  11   0 0.00  0.0    0  7.5 14 160   M    M   4        22 170
27  65  54  60   6   5   0 1.09  0.0    0  6.5 23 320   M    M   9 13     30 320
================================================================================
SM 1879 1289       199  34  3.89     0.0 214.7          M      143
================================================================================
AV 69.6 47.7                               8.0 FASTST   M    M   5    MAX(MPH)
                                 MISC ---->  # 37 280               # 47  290
================================================================================
NOTES:
# LAST OF SEVERAL OCCURRENCES

COLUMN 17 PEAK WIND IN M.P.H.

PRELIMINARY LOCAL CLIMATOLOGICAL DATA (WS FORM: F-6) , PAGE 2

                                          STATION:  MONROE
                                          MONTH:    FEBRUARY
                                          YEAR:     2017
                                          LATITUDE:   32 30 N
                                          LONGITUDE:  92  2 W

[TEMPERATURE DATA]      [PRECIPITATION DATA]       SYMBOLS USED IN COLUMN 16

AVERAGE MONTHLY: 58.7   TOTAL FOR MONTH:   3.89    1 = FOG OR MIST
DPTR FM NORMAL:   8.3   DPTR FM NORMAL:   -0.57    2 = FOG REDUCING VISIBILITY
HIGHEST:    84 ON  7    GRTST 24HR  1.89 ON 20-21      TO 1/4 MILE OR LESS
LOWEST:     32 ON  4                               3 = THUNDER
                        SNOW, ICE PELLETS, HAIL    4 = ICE PELLETS
                        TOTAL MONTH:   0.0 INCH    5 = HAIL
                        GRTST 24HR     0.0         6 = FREEZING RAIN OR DRIZZLE
                        GRTST DEPTH:   0           7 = DUSTSTORM OR SANDSTORM:
                                                       VSBY 1/2 MILE OR LESS
                                                   8 = SMOKE OR HAZE
[NO. OF DAYS WITH]      [WEATHER - DAYS WITH]      9 = BLOWING SNOW
                                                   X = TORNADO
MAX 32 OR BELOW:   0    0.01 INCH OR MORE:   6
MAX 90 OR ABOVE:   0    0.10 INCH OR MORE:   5
MIN 32 OR BELOW:   1    0.50 INCH OR MORE:   3
MIN  0 OR BELOW:   0    1.00 INCH OR MORE:   2

[HDD (BASE 65) ]
TOTAL THIS MO.   199    CLEAR  (SCALE 0-3)   8
DPTR FM NORMAL  -201    PTCLDY (SCALE 4-7)  12
TOTAL FM JUL 1  1196    CLOUDY (SCALE 8-10)  7
DPTR FM NORMAL  -685

[CDD (BASE 65) ]
TOTAL THIS MO.    34
DPTR FM NORMAL    34    [PRESSURE DATA]
TOTAL FM JAN 1    51    HIGHEST SLP M ON M
DPTR FM NORMAL    47    LOWEST  SLP 29.59 ON 23

[REMARKS]
