000
CXUS54 KSHV 221300
CF6MLU
PRELIMINARY LOCAL CLIMATOLOGICAL DATA (WS FORM: F-6)

                                          STATION:   MONROE
                                          MONTH:     NOVEMBER
                                          YEAR:      2014
                                          LATITUDE:   32 30 N
                                          LONGITUDE:  92  2 W

  TEMPERATURE IN F:       :PCPN:    SNOW:  WIND      :SUNSHINE: SKY     :PK WND
================================================================================
1   2   3   4   5  6A  6B    7    8   9   10  11  12  13   14  15   16   17  18
                                     12Z  AVG MX 2MIN
DY MAX MIN AVG DEP HDD CDD  WTR  SNW DPTH SPD SPD DIR MIN PSBL S-S WX    SPD DR
================================================================================

 1  58  34  46 -15  19   0 0.00  0.0    0  6.7 16  30   M    M   0        20  10
 2  64  32  48 -13  17   0 0.00  0.0    0  2.6  9  80   M    M   0        13 140
 3  72  37  55  -5  10   0 0.00  0.0    0  3.9 12 170   M    M   0        17 160
 4  80  53  67   7   0   2    T  0.0    0  7.1 18 210   M    M   3        25 210
 5  70  60  65   5   0   0 0.71  0.0    0  2.9 14 280   M    M   7 1      17 280
 6  68  50  59  -1   6   0 0.00  0.0    0  6.9 15 340   M    M   4 1      18 350
 7  62  38  50  -9  15   0 0.00  0.0    0  3.8 12  60   M    M   0 1      16  40
 8  65  34  50  -9  15   0 0.00  0.0    0  2.8 10 220   M    M   0 1      14 210
 9  67  41  54  -5  11   0 0.00  0.0    0  1.4  9 220   M    M   1 12     13 270
10  76  44  60   2   5   0 0.00  0.0    0  8.1 18 180   M    M   0 12     26 180
11  75  47  61   3   4   0    T  0.0    0 10.8 21 310   M    M   8        29 360
12  51  37  44 -14  21   0 0.00  0.0    0 12.0 18  40   M    M   5        25  10
13  45  28  37 -20  28   0 0.00  0.0    0 10.9 21 340   M    M   5        27  10
14  45  25  35 -22  30   0 0.00  0.0    0  6.1 15  70   M    M   1        19  60
15  47  26  37 -20  28   0    T  0.0    0  2.0  9 170   M    M   6        13 170
16  46  39  43 -13  22   0 1.82  0.0    0  9.8 17 360   M    M  10 13     24  20
17  46  30  38 -18  27   0 0.00  0.0    0 11.6 23 330   M    M   3        29 330
18  45  25  35 -21  30   0 0.00  0.0    0  3.7  9 180   M    M   0        15  90
19  62  27  45 -10  20   0 0.00  0.0    0  6.9 20 220   M    M   0 8      26 230
20  65  38  52  -3  13   0 0.00  0.0    0  3.3  9  60   M    M   6 1      12 130
21  68  49  59   4   6   0    T    M    0  4.6 13 150   M    M  10        18 130
================================================================================
SM 1277  794       327   2  2.53     0.0 127.9          M       69
================================================================================
AV 60.8 37.8                               6.1 FASTST   M    M   3    MAX(MPH)
                                 MISC ---->  # 23 330               # 29  360
================================================================================
NOTES:
# LAST OF SEVERAL OCCURRENCES

COLUMN 17 PEAK WIND IN M.P.H.

PRELIMINARY LOCAL CLIMATOLOGICAL DATA (WS FORM: F-6) , PAGE 2

                                          STATION:  MONROE
                                          MONTH:    NOVEMBER
                                          YEAR:     2014
                                          LATITUDE:   32 30 N
                                          LONGITUDE:  92  2 W

[TEMPERATURE DATA]      [PRECIPITATION DATA]       SYMBOLS USED IN COLUMN 16

AVERAGE MONTHLY: 49.3   TOTAL FOR MONTH:   2.53    1 = FOG OR MIST
DPTR FM NORMAL:  -8.6   DPTR FM NORMAL:   -0.75    2 = FOG REDUCING VISIBILITY
HIGHEST:    80 ON  4    GRTST 24HR  1.82 ON 16-16      TO 1/4 MILE OR LESS
LOWEST:     25 ON 18,14                            3 = THUNDER
                        SNOW, ICE PELLETS, HAIL    4 = ICE PELLETS
                        TOTAL MONTH:   0.0 INCH    5 = HAIL
                        GRTST 24HR     0.0         6 = FREEZING RAIN OR DRIZZLE
                        GRTST DEPTH:   0           7 = DUSTSTORM OR SANDSTORM:
                                                       VSBY 1/2 MILE OR LESS
                                                   8 = SMOKE OR HAZE
[NO. OF DAYS WITH]      [WEATHER - DAYS WITH]      9 = BLOWING SNOW
                                                   X = TORNADO
MAX 32 OR BELOW:   0    0.01 INCH OR MORE:   2
MAX 90 OR ABOVE:   0    0.10 INCH OR MORE:   2
MIN 32 OR BELOW:   7    0.50 INCH OR MORE:   2
MIN  0 OR BELOW:   0    1.00 INCH OR MORE:   1

[HDD (BASE 65) ]
TOTAL THIS MO.   327    CLEAR  (SCALE 0-3)  10
DPTR FM NORMAL   157    PTCLDY (SCALE 4-7)   9
TOTAL FM JUL 1   380    CLOUDY (SCALE 8-10)  2
DPTR FM NORMAL   120

[CDD (BASE 65) ]
TOTAL THIS MO.     2
DPTR FM NORMAL   -20    [PRESSURE DATA]
TOTAL FM JAN 1  2280    HIGHEST SLP M ON M
DPTR FM NORMAL  -226    LOWEST  SLP 29.72 ON 10

[REMARKS]
