000
CXUS56 KPQR 231330
CF6MMV
PRELIMINARY LOCAL CLIMATOLOGICAL DATA (WS FORM: F-6)

                                          STATION:   MCMINNVILLE OR
                                          MONTH:     NOVEMBER
                                          YEAR:      2014
                                          LATITUDE:   45 11 N
                                          LONGITUDE: 123  8 W

  TEMPERATURE IN F:       :PCPN:    SNOW:  WIND      :SUNSHINE: SKY     :PK WND
================================================================================
1   2   3   4   5  6A  6B    7    8   9   10  11  12  13   14  15   16   17  18
                                     12Z  AVG MX 2MIN
DY MAX MIN AVG DEP HDD CDD  WTR  SNW DPTH SPD SPD DIR MIN PSBL S-S WX    SPD DR
================================================================================

 1  51  40  46  -2  19   0 0.00  0.0    0  1.7  7 180   M    M   8 12      8 330
 2  54  44  49   1  16   0 0.06    M    0  6.1 17 160   M    M  10 12     20 160
 3  57  52  55   8  10   0 0.17  0.0    0  9.1 14 170   M    M   8 1      17 180
 4  62  53  58  11   7   0 0.22  0.0    0  8.5 18 170   M    M   9 18     23 180
 5  62  52  57  10   8   0 0.01  0.0    0  2.2  7 330   M    M   8 12      8 320
 6  61  44  53   6  12   0 0.15    M    0  6.9 23 190   M    M   7 12     29 190
 7  60  39  50   3  15   0 0.00  0.0    0  3.3 12  20   M    M   5 12     14  20
 8  56  35  46  -1  19   0 0.00  0.0    0  2.3  7 130   M    M   4 128     8 160
 9  60  42  51   5  14   0 0.02    M    0  6.3 18 290   M    M   8 12     24 310
10  57  36  47   1  18   0 0.00  0.0    0  6.6 21  20   M    M   4 12     29  20
11  51  35  43  -3  22   0 0.00  0.0    0 14.8 27  50   M    M   0        38  60
12  46  32  39  -7  26   0 0.00  0.0    0 12.7 20  20   M    M   2        24  30
13  37  32  35 -11  30   0 0.55    M    0  9.7 16 350   M    M  10 16     20 340
14  44  30  37  -9  28   0 0.00  0.0    0  6.2 12 350   M    M   3        13 360
15  47  30  39  -6  26   0 0.00  0.0    0 11.2 22  50   M    M   0        27  60
16  50  27  39  -6  26   0 0.00  0.0    0  8.2 14  20   M    M   0        19  30
17  50  26  38  -7  27   0 0.00  0.0    0  6.9 12 350   M    M   0        14 350
18  44  24  34 -11  31   0 0.00  0.0    0  1.9  8 350   M    M   0 8      10 360
19  50  33  42  -2  23   0 0.20    M    0  3.8 13 350   M    M   2 1      15  20
20  49  39  44   0  21   0 0.04    M    0  2.1  7 350   M    M  10 12      7 340
21  58  44  51   7  14   0 0.71    M    0 11.4 25 190   M    M  10 12     36 170
22  57  42  50   6  15   0 0.13    M    0  6.8 16 220   M    M   5 1      19 210
================================================================================
SM 1163  831       427   0  2.26     0.0 148.7          M      113
================================================================================
AV 52.9 37.8                               6.8 FASTST   M    M   5    MAX(MPH)
                                 MISC ---->  # 27  50               # 38   60
================================================================================
NOTES:
# LAST OF SEVERAL OCCURRENCES

COLUMN 17 PEAK WIND IN M.P.H.

PRELIMINARY LOCAL CLIMATOLOGICAL DATA (WS FORM: F-6) , PAGE 2

                                          STATION:  MCMINNVILLE OR
                                          MONTH:    NOVEMBER
                                          YEAR:     2014
                                          LATITUDE:   45 11 N
                                          LONGITUDE: 123  8 W

[TEMPERATURE DATA]      [PRECIPITATION DATA]       SYMBOLS USED IN COLUMN 16

AVERAGE MONTHLY: 45.3   TOTAL FOR MONTH:   2.26    1 = FOG OR MIST
DPTR FM NORMAL:  -0.6   DPTR FM NORMAL:   -2.35    2 = FOG REDUCING VISIBILITY
HIGHEST:    62 ON  5, 4 GRTST 24HR  0.78 ON 21-22      TO 1/4 MILE OR LESS
LOWEST:     24 ON 18                               3 = THUNDER
                        SNOW, ICE PELLETS, HAIL    4 = ICE PELLETS
                        TOTAL MONTH:   0.0 INCH    5 = HAIL
                        GRTST 24HR     0.0         6 = FREEZING RAIN OR DRIZZLE
                        GRTST DEPTH:   0           7 = DUSTSTORM OR SANDSTORM:
                                                       VSBY 1/2 MILE OR LESS
                                                   8 = SMOKE OR HAZE
[NO. OF DAYS WITH]      [WEATHER - DAYS WITH]      9 = BLOWING SNOW
                                                   X = TORNADO
MAX 32 OR BELOW:   0    0.01 INCH OR MORE:  11
MAX 90 OR ABOVE:   0    0.10 INCH OR MORE:   7
MIN 32 OR BELOW:   7    0.50 INCH OR MORE:   2
MIN  0 OR BELOW:   0    1.00 INCH OR MORE:   0

[HDD (BASE 65) ]
TOTAL THIS MO.   427    CLEAR  (SCALE 0-3)   8
DPTR FM NORMAL     6    PTCLDY (SCALE 4-7)   8
TOTAL FM JUL 1   656    CLOUDY (SCALE 8-10)  6
DPTR FM NORMAL  -388

[CDD (BASE 65) ]
TOTAL THIS MO.     0
DPTR FM NORMAL     0    [PRESSURE DATA]
TOTAL FM JAN 1   529    HIGHEST SLP M ON M
DPTR FM NORMAL   314    LOWEST  SLP 29.42 ON 21

[REMARKS]
