000
CXUS56 KSTO 181355
CF6MOD
PRELIMINARY LOCAL CLIMATOLOGICAL DATA (WS FORM: F-6)

                                          STATION:   MODESTO CA
                                          MONTH:     JANUARY
                                          YEAR:      2017
                                          LATITUDE:   37 37 N
                                          LONGITUDE: 120 57 W

  TEMPERATURE IN F:       :PCPN:    SNOW:  WIND      :SUNSHINE: SKY     :PK WND
================================================================================
1   2   3   4   5  6A  6B    7    8   9   10  11  12  13   14  15   16   17  18
                                     12Z  AVG MX 2MIN
DY MAX MIN AVG DEP HDD CDD  WTR  SNW DPTH SPD SPD DIR MIN PSBL S-S WX    SPD DR
================================================================================

 1  53  33  43  -3  22   0 0.00  0.0    0  5.3 13 160   M    M   5 12     18 140
 2  53  39  46   0  19   0 0.05  0.0    0  5.1 13 180   M    M  10 8      19 160
 3  55  44  50   4  15   0 0.35  0.0    0 10.7 24 130   M    M   9 1      34 120
 4  58  49  54   7  11   0 0.18    M    0 10.1 20 140   M    M   9 18     30 150
 5  52  38  45  -2  20   0 0.09    M    0  8.5 18 310   M    M   4 8      23 290
 6  50  32  41  -6  24   0 0.00  0.0    0  3.5 13 290   M    M   1        15 280
 7  60  44  52   5  13   0 0.69    M    0  7.9 18 140   M    M  10 1      27 130
 8  68  59  64  17   1   0 0.73  0.0    0 12.7 22 150   M    M   9 1      32 140
 9  62  54  58  11   7   0 0.19  0.0    0  8.1 16 290   M    M   7 1      19 300
10  57  54  56   9   9   0 0.86  0.0    0 12.0 23 140   M    M  10 1      39 130
11  59  46  53   6  12   0 0.01    M    0  5.1 16 300   M    M   5        21  70
12  52  42  47   0  18   0 0.13    M    0  4.2 13 340   M    M   7 1      22 210
13  55  39  47   0  18   0 0.00  0.0    0  6.9 17 310   M    M   4 12     22 320
14  53  38  46  -1  19   0 0.00  0.0    0  4.4 10 120   M    M   5 12     12 110
15  48  34  41  -6  24   0 0.00  0.0    0  1.9  7  10   M    M   7 128     8 360
16  49  37  43  -5  22   0 0.00  0.0    0  3.3  9 140   M    M   7 1      14 120
17  49  34  42  -6  23   0 0.00  0.0    0  2.8 12 110   M    M   1 128    13 110
================================================================================
SM  933  716       277   0  3.28     0.0 112.5          M      110
================================================================================
AV 54.9 42.1                               6.6 FASTST   M    M   6    MAX(MPH)
                                 MISC ---->  # 24 130               # 39  130
================================================================================
NOTES:
# LAST OF SEVERAL OCCURRENCES

COLUMN 17 PEAK WIND IN M.P.H.

PRELIMINARY LOCAL CLIMATOLOGICAL DATA (WS FORM: F-6) , PAGE 2

                                          STATION:  MODESTO CA
                                          MONTH:    JANUARY
                                          YEAR:     2017
                                          LATITUDE:   37 37 N
                                          LONGITUDE: 120 57 W

[TEMPERATURE DATA]      [PRECIPITATION DATA]       SYMBOLS USED IN COLUMN 16

AVERAGE MONTHLY: 48.5   TOTAL FOR MONTH:   3.28    1 = FOG OR MIST
DPTR FM NORMAL:   1.6   DPTR FM NORMAL:    1.87    2 = FOG REDUCING VISIBILITY
HIGHEST:    68 ON  8    GRTST 24HR  1.07 ON  7- 8      TO 1/4 MILE OR LESS
LOWEST:     32 ON  6                               3 = THUNDER
                        SNOW, ICE PELLETS, HAIL    4 = ICE PELLETS
                        TOTAL MONTH:   0.0 INCH    5 = HAIL
                        GRTST 24HR     0.0         6 = FREEZING RAIN OR DRIZZLE
                        GRTST DEPTH:   0           7 = DUSTSTORM OR SANDSTORM:
                                                       VSBY 1/2 MILE OR LESS
                                                   8 = SMOKE OR HAZE
[NO. OF DAYS WITH]      [WEATHER - DAYS WITH]      9 = BLOWING SNOW
                                                   X = TORNADO
MAX 32 OR BELOW:   0    0.01 INCH OR MORE:  10
MAX 90 OR ABOVE:   0    0.10 INCH OR MORE:   7
MIN 32 OR BELOW:   1    0.50 INCH OR MORE:   3
MIN  0 OR BELOW:   0    1.00 INCH OR MORE:   0

[HDD (BASE 65) ]
TOTAL THIS MO.   277    CLEAR  (SCALE 0-3)   2
DPTR FM NORMAL   -29    PTCLDY (SCALE 4-7)   9
TOTAL FM JUL 1  1006    CLOUDY (SCALE 8-10)  6
DPTR FM NORMAL  -197

[CDD (BASE 65) ]
TOTAL THIS MO.     0
DPTR FM NORMAL     0    [PRESSURE DATA]
TOTAL FM JAN 1     0    HIGHEST SLP M ON M
DPTR FM NORMAL     0    LOWEST  SLP 29.64 ON 10

[REMARKS]
