000
CXUS56 KSTO 281355
CF6MOD
PRELIMINARY LOCAL CLIMATOLOGICAL DATA (WS FORM: F-6)

                                          STATION:   MODESTO CA
                                          MONTH:     JULY
                                          YEAR:      2015
                                          LATITUDE:   37 37 N
                                          LONGITUDE: 120 57 W

  TEMPERATURE IN F:       :PCPN:    SNOW:  WIND      :SUNSHINE: SKY     :PK WND
================================================================================
1   2   3   4   5  6A  6B    7    8   9   10  11  12  13   14  15   16   17  18
                                     12Z  AVG MX 2MIN
DY MAX MIN AVG DEP HDD CDD  WTR  SNW DPTH SPD SPD DIR MIN PSBL S-S WX    SPD DR
================================================================================

 1 102  79  91  13   0  26 0.00  0.0    0  7.3 16 350   M    M   1 3      20 350
 2  99  75  87   9   0  22    T  0.0    0  6.0 15  70   M    M   1 3      20  60
 3  99  69  84   6   0  19 0.00  0.0    0  7.7 15 320   M    M   0        18 340
 4 101  69  85   7   0  20 0.00  0.0    0  8.4 18 300   M    M   0        23 300
 5  94  66  80   2   0  15 0.00  0.0    0  9.1 17 320   M    M   0        21 330
 6  93  63  78  -1   0  13 0.00  0.0    0 11.9 21 290   M    M   0        25 290
 7  90  65  78  -1   0  13 0.00  0.0    0 10.1 17 320   M    M   0        22 350
 8  87  62  75  -4   0  10 0.00  0.0    0 10.4 17 320   M    M   0        24 300
 9  85  61  73  -6   0   8 0.00  0.0    0  8.5 17 300   M    M   1        23 320
10  83  62  73  -6   0   8    T  0.0    0  7.8 15 320   M    M   4        17 320
11  89  62  76  -3   0  11 0.00  0.0    0  9.2 18 310   M    M   0        22 320
12  89  64  77  -2   0  12 0.00  0.0    0  9.6 17 290   M    M   0        22 310
13  93  63  78  -1   0  13 0.00  0.0    0  9.5 23 290   M    M   0        25 290
14  91  63  77  -2   0  12 0.00  0.0    0  9.4 25  70   M    M   0        27  80
15  96  61  79   0   0  14 0.00  0.0    0  6.1 13 310   M    M   0        17 320
16  98  66  82   3   0  17 0.00  0.0    0  6.9 14 350   M    M   0        20 300
17  99  65  82   2   0  17 0.00  0.0    0  8.8 17 320   M    M   0        20  70
18  93  65  79  -1   0  14 0.00  0.0    0  6.6 16 330   M    M   1        19 330
19  94  66  80   0   0  15 0.00  0.0    0  6.9 13 290   M    M   1        18 340
20 100  72  86   6   0  21 0.00  0.0    0  5.6 17 300   M    M   0        22 300
21  98  72  85   5   0  20 0.00  0.0    0  8.2 18 300   M    M   0        22 310
22  93  64  79  -1   0  14 0.00  0.0    0  9.2 23 310   M    M   0        31 310
23  89  61  75  -5   0  10 0.00  0.0    0  8.5 17 290   M    M   0        25 290
24  92  59  76  -4   0  11 0.00  0.0    0  8.5 16 320   M    M   0        19 330
25  92  64  78  -2   0  13 0.00  0.0    0 10.2 20 300   M    M   0        24 290
26  94  62  78  -1   0  13 0.00  0.0    0  8.7 20 310   M    M   0        24 300
27  97  63  80   1   0  15 0.00  0.0    0 10.7 20  40   M    M   0        26  80
================================================================================
SM 2530 1763         0 396    T      0.0 229.8          M        9
================================================================================
AV 93.7 65.3                               8.5 FASTST   M    M   0    MAX(MPH)
                                 MISC ---->  # 25  70               # 31  310
================================================================================
NOTES:
# LAST OF SEVERAL OCCURRENCES

COLUMN 17 PEAK WIND IN M.P.H.

PRELIMINARY LOCAL CLIMATOLOGICAL DATA (WS FORM: F-6) , PAGE 2

                                          STATION:  MODESTO CA
                                          MONTH:    JULY
                                          YEAR:     2015
                                          LATITUDE:   37 37 N
                                          LONGITUDE: 120 57 W

[TEMPERATURE DATA]      [PRECIPITATION DATA]       SYMBOLS USED IN COLUMN 16

AVERAGE MONTHLY: 79.5   TOTAL FOR MONTH:      T    1 = FOG OR MIST
DPTR FM NORMAL:   0.4   DPTR FM NORMAL:   -0.00    2 = FOG REDUCING VISIBILITY
HIGHEST:   102 ON  1    GRTST 24HR    T  ON 10-10      TO 1/4 MILE OR LESS
LOWEST:     59 ON 24                               3 = THUNDER
                        SNOW, ICE PELLETS, HAIL    4 = ICE PELLETS
                        TOTAL MONTH:   0.0 INCH    5 = HAIL
                        GRTST 24HR     0.0         6 = FREEZING RAIN OR DRIZZLE
                        GRTST DEPTH:   0           7 = DUSTSTORM OR SANDSTORM:
                                                       VSBY 1/2 MILE OR LESS
                                                   8 = SMOKE OR HAZE
[NO. OF DAYS WITH]      [WEATHER - DAYS WITH]      9 = BLOWING SNOW
                                                   X = TORNADO
MAX 32 OR BELOW:   0    0.01 INCH OR MORE:   0
MAX 90 OR ABOVE:  21    0.10 INCH OR MORE:   0
MIN 32 OR BELOW:   0    0.50 INCH OR MORE:   0
MIN  0 OR BELOW:   0    1.00 INCH OR MORE:   0

[HDD (BASE 65) ]
TOTAL THIS MO.     0    CLEAR  (SCALE 0-3)  26
DPTR FM NORMAL     0    PTCLDY (SCALE 4-7)   1
TOTAL FM JUL 1     0    CLOUDY (SCALE 8-10)  0
DPTR FM NORMAL     0

[CDD (BASE 65) ]
TOTAL THIS MO.   396
DPTR FM NORMAL    18    [PRESSURE DATA]
TOTAL FM JAN 1  1013    HIGHEST SLP M ON M
DPTR FM NORMAL   137    LOWEST  SLP 29.68 ON 17

[REMARKS]
