000
CXUS51 KPHI 011055
CF6MPO
PRELIMINARY LOCAL CLIMATOLOGICAL DATA (WS FORM: F-6)

                                          STATION:   MOUNT POCONO PA
                                          MONTH:     SEPTEMBER
                                          YEAR:      2014
                                          LATITUDE:   41  8 N
                                          LONGITUDE:  75 24 W

  TEMPERATURE IN F:       :PCPN:    SNOW:  WIND      :SUNSHINE: SKY     :PK WND
================================================================================
1   2   3   4   5  6A  6B    7    8   9   10  11  12  13   14  15   16   17  18
                                     12Z  AVG MX 2MIN
DY MAX MIN AVG DEP HDD CDD  WTR  SNW DPTH SPD SPD DIR MIN PSBL S-S WX    SPD DR
================================================================================

 1  80  64  72   8   0   7 0.00    M    M  4.6 12 220   M    M   6 12     17 240
 2  83  65  74  10   0   9 0.02    M    M 10.3 18 280   M    M   3 1      26 280
 3  78  55  67   4   0   2 0.00    M    M  7.3 16 310   M    M   2        22 310
 4  79  52  66   3   0   1 0.00    M    M  4.1 14 200   M    M   1 8      18 170
 5  77  64  71   8   0   6 0.00    M    M  5.8 15 210   M    M   5 128    19 220
 6  83  58  71   9   0   6 0.34    M    M 10.2 18 280   M    M   5 13     26 330
 7  72  54  63   1   2   0 0.02    M    M  8.3 16 350   M    M   0        26 340
 8  71  53  62   0   3   0 0.00    M    M  8.6 16 140   M    M   2        22 110
 9  67  55  61   0   4   0 0.00    M    M  8.1 14 100   M    M   7 1      23 100
10  72  56  64   3   1   0 0.00    M    M  6.4 13 180   M    M   8 1      18 160
11  76  57  67   6   0   2 0.04    M    M 10.9 18 170   M    M   7 12     26 330
12  66  47  57  -3   8   0 0.00    M    M 10.0 17 340   M    M   4        26 340
13  58  48  53  -7  12   0 0.43    M    M  7.7 15 290   M    M   6 12     20 280
14  63  43  53  -7  12   0 0.00    M    M  6.4 16 330   M    M   3        26 330
15  65  38  52  -7  13   0 0.00    M    M  2.6 12 200   M    M   1        15 290
16  62  40  51  -8  14   0 0.02    M    M  4.3 15 330   M    M   6 1      19 310
17  65  37  51  -7  14   0 0.00    M    M  3.3 12 260   M    M   2 1      16 290
18  68  39  54  -4  11   0 0.00    M    M  4.2 14 360   M    M   3        19  10
19  61  43  52  -6  13   0 0.00    M    M  6.9 13 180   M    M   4 1      19 130
20  70  51  61   4   4   0 0.00    M    M  9.0 18 190   M    M   8 1      24 190
21  76  53  65   8   0   0 0.21    M    M  6.3 15 340   M    M   5 12     22 340
22  59  45  52  -4  13   0    T    M    M 13.7 21 300   M    M   4 1      28 320
23  69  42  56   0   9   0 0.00    M    M  6.4 23 340   M    M   0        29 330
24  66  51  59   3   6   0 0.00    M    M  8.5 16 100   M    M   1        22 130
25  63  46  55   0  10   0 0.02    M    M  7.4 16  60   M    M   6 1      23  60
26  73  45  59   4   6   0 0.00    M    M  8.2 17  30   M    M   0 1      22  30
27  80  52  66  12   0   1 0.00    M    M  5.0 14 360   M    M   0        21  10
28  79  48  64  10   1   0 0.00    M    M  3.3 10 270   M    M   0        15 290
29  72  54  63   9   2   0 0.00    M    M  2.4  8 240   M    M   0 1      10 290
30  71  51  61   8   4   0 0.00    M    M  5.6 13 150   M    M   6 128    17 130
================================================================================
SM 2124 1506       162  34  1.10    M    205.8          M      105
================================================================================
AV 70.8 50.2                               6.9 FASTST   M    M   4    MAX(MPH)
                                 MISC ---->  # 23 340               # 29  330
================================================================================
NOTES:
# LAST OF SEVERAL OCCURRENCES

COLUMN 17 PEAK WIND IN M.P.H.

PRELIMINARY LOCAL CLIMATOLOGICAL DATA (WS FORM: F-6) , PAGE 2

                                          STATION:  MOUNT POCONO PA
                                          MONTH:    SEPTEMBER
                                          YEAR:     2014
                                          LATITUDE:   41  8 N
                                          LONGITUDE:  75 24 W

[TEMPERATURE DATA]      [PRECIPITATION DATA]       SYMBOLS USED IN COLUMN 16

AVERAGE MONTHLY: 60.5   TOTAL FOR MONTH:   1.10    1 = FOG OR MIST
DPTR FM NORMAL:   1.8   DPTR FM NORMAL:   -4.26    2 = FOG REDUCING VISIBILITY
HIGHEST:    83 ON  6, 2 GRTST 24HR  0.43 ON 13-13      TO 1/4 MILE OR LESS
LOWEST:     37 ON 17                               3 = THUNDER
                        SNOW, ICE PELLETS, HAIL    4 = ICE PELLETS
                        TOTAL MONTH:    M          5 = HAIL
                        GRTST 24HR    M  ON   M    6 = FREEZING RAIN OR DRIZZLE
                        GRTST DEPTH:  M  ON   M    7 = DUSTSTORM OR SANDSTORM:
                                                       VSBY 1/2 MILE OR LESS
                                                   8 = SMOKE OR HAZE
[NO. OF DAYS WITH]      [WEATHER - DAYS WITH]      9 = BLOWING SNOW
                                                   X = TORNADO
MAX 32 OR BELOW:   0    0.01 INCH OR MORE:   8
MAX 90 OR ABOVE:   0    0.10 INCH OR MORE:   3
MIN 32 OR BELOW:   0    0.50 INCH OR MORE:   0
MIN  0 OR BELOW:   0    1.00 INCH OR MORE:   0

[HDD (BASE 65) ]
TOTAL THIS MO.   162    CLEAR  (SCALE 0-3)  14
DPTR FM NORMAL   -43    PTCLDY (SCALE 4-7)  16
TOTAL FM JUL 1   238    CLOUDY (SCALE 8-10)  0
DPTR FM NORMAL   -30

[CDD (BASE 65) ]
TOTAL THIS MO.    34
DPTR FM NORMAL    17    [PRESSURE DATA]
TOTAL FM JAN 1   252    HIGHEST SLP 30.58 ON 24
DPTR FM NORMAL   -61    LOWEST  SLP 29.65 ON 21

[REMARKS]
#FINAL-09-14#
