000
CXUS51 KBTV 310546
CF6MPV
PRELIMINARY LOCAL CLIMATOLOGICAL DATA (WS FORM: F-6)

                                          STATION:   MONTPELIER VT
                                          MONTH:     OCTOBER
                                          YEAR:      2014
                                          LATITUDE:   44 12 N
                                          LONGITUDE:  72 34 W

  TEMPERATURE IN F:       :PCPN:    SNOW:  WIND      :SUNSHINE: SKY     :PK WND
================================================================================
1   2   3   4   5  6A  6B    7    8   9   10  11  12  13   14  15   16   17  18
                                     12Z  AVG MX 2MIN
DY MAX MIN AVG DEP HDD CDD  WTR  SNW DPTH SPD SPD DIR MIN PSBL S-S WX    SPD DR
================================================================================

 1  65  53  59   8   6   0 0.00  0.0    0  2.0  9  50   M    M  10 12     12  40
 2  69  49  59   8   6   0 0.00  0.0    0  1.5 10 190   M    M   6 1      14 180
 3  69  45  57   7   8   0 0.00  0.0    0  7.7 20 160   M    M   1 1      24 150
 4  57  46  52   2  13   0 0.88    M    0  8.2 20 300   M    M  10 1      27 300
 5  56  35  46  -4  19   0    T    M    0  4.1 13 220   M    M   6        19 300
 6  61  30  46  -3  19   0 0.00  0.0    0  8.6 20 160   M    M   1 12     26 180
 7  67  49  58   9   7   0 0.25    M    0 11.8 24 170   M    M   5 1      31 170
 8  62  46  54   6  11   0 0.33    M    0 10.6 23 250   M    M   9 18     35 210
 9  51  39  45  -3  20   0 0.01    M    0  7.3 18 260   M    M   8        32 240
10  53  34  44  -4  21   0    T    M    0  4.7 18 300   M    M   5        25 300
11  54  35  45  -2  20   0 0.00  0.0    0  2.0 10 320   M    M   6 1      15 340
12  55  31  43  -4  22   0 0.00  0.0    0  1.8 13 300   M    M   3 12     18 300
13  56  27  42  -4  23   0 0.00  0.0    0  5.1 17 180   M    M   7 12     20 170
14  76  53  65  19   0   0 0.00  0.0    0 10.1 20 200   M    M   5 8      30 180
15  76  57  67  21   0   2    T  0.0    0  9.3 20 160   M    M   4        28 150
16  71  57  64  18   1   0 0.82  0.0    0  7.7 18 180   M    M   9 1      22 190
17  64  52  58  13   7   0 0.00  0.0    0  6.9 18 220   M    M   6        30 240
18  58  43  51   6  14   0 0.45    M    0  6.2 20 300   M    M   8 1      29 310
19  49  36  43  -1  22   0 0.07  0.0    0  9.2 14 310   M    M  10 1      21 300
20  49  30  40  -4  25   0 0.00  0.0    0  2.4 10 220   M    M   8        15 200
21  46  39  43  -1  22   0 0.44    M    0  2.1  7 350   M    M  10 1       8 340
22  52  44  48   4  17   0 0.09    M    0  6.4 13 360   M    M  10 1      19  10
23  46  42  44   1  21   0 0.58    M    0  8.2 14 350   M    M  10 1      19 340
24  44  35  40  -3  25   0 0.10    M    0  6.4 13 340   M    M   9 18     18 340
25  58  31  45   2  20   0 0.11    M    0  2.9 15 270   M    M   4 1      20 250
26  49  37  43   1  22   0 0.19    M    0  7.3 15 300   M    M   9 1      24 300
27  49  36  43   1  22   0 0.00  0.0    0  6.7 17 290   M    M   6 18     24 310
28  55  36  46   4  19   0 0.04    M    0  3.5 16 170   M    M   6 1      20 180
29  59  36  48   7  17   0 0.01    M    0  3.6 15 290   M    M   7 1      19 340
30  46  38  42   1  23   0 0.01    M    0  4.3 14 290   M    M  10        19 280
================================================================================
SM 1722 1221       472   2  4.38     0.0 178.6          M      208
================================================================================
AV 57.4 40.7                               6.0 FASTST   M    M   7    MAX(MPH)
                                 MISC ---->  # 24 170               # 35  210
================================================================================
NOTES:
# LAST OF SEVERAL OCCURRENCES

COLUMN 17 PEAK WIND IN M.P.H.

PRELIMINARY LOCAL CLIMATOLOGICAL DATA (WS FORM: F-6) , PAGE 2

                                          STATION:  MONTPELIER VT
                                          MONTH:    OCTOBER
                                          YEAR:     2014
                                          LATITUDE:   44 12 N
                                          LONGITUDE:  72 34 W

[TEMPERATURE DATA]      [PRECIPITATION DATA]       SYMBOLS USED IN COLUMN 16

AVERAGE MONTHLY: 49.1   TOTAL FOR MONTH:   4.38    1 = FOG OR MIST
DPTR FM NORMAL:   3.2   DPTR FM NORMAL:    1.04    2 = FOG REDUCING VISIBILITY
HIGHEST:    76 ON 15,14 GRTST 24HR  0.88 ON  4- 4      TO 1/4 MILE OR LESS
LOWEST:     27 ON 13                               3 = THUNDER
                        SNOW, ICE PELLETS, HAIL    4 = ICE PELLETS
                        TOTAL MONTH:   0.0 INCH    5 = HAIL
                        GRTST 24HR     0.0         6 = FREEZING RAIN OR DRIZZLE
                        GRTST DEPTH:   0           7 = DUSTSTORM OR SANDSTORM:
                                                       VSBY 1/2 MILE OR LESS
                                                   8 = SMOKE OR HAZE
[NO. OF DAYS WITH]      [WEATHER - DAYS WITH]      9 = BLOWING SNOW
                                                   X = TORNADO
MAX 32 OR BELOW:   0    0.01 INCH OR MORE:  16
MAX 90 OR ABOVE:   0    0.10 INCH OR MORE:  10
MIN 32 OR BELOW:   5    0.50 INCH OR MORE:   3
MIN  0 OR BELOW:   0    1.00 INCH OR MORE:   0

[HDD (BASE 65) ]
TOTAL THIS MO.   472    CLEAR  (SCALE 0-3)   3
DPTR FM NORMAL  -105    PTCLDY (SCALE 4-7)  14
TOTAL FM JUL 1   856    CLOUDY (SCALE 8-10) 13
DPTR FM NORMAL   -76

[CDD (BASE 65) ]
TOTAL THIS MO.     2
DPTR FM NORMAL     2    [PRESSURE DATA]
TOTAL FM JAN 1   188    HIGHEST SLP M ON M
DPTR FM NORMAL   -75    LOWEST  SLP 29.45 ON 26

[REMARKS]
