000
CXUS51 KLWX 300620
CF6MRB
PRELIMINARY LOCAL CLIMATOLOGICAL DATA (WS FORM: F-6)

                                          STATION:   MARTINSBURG WV
                                          MONTH:     MARCH
                                          YEAR:      2017
                                          LATITUDE:   39 24 N
                                          LONGITUDE:  77 59 W

  TEMPERATURE IN F:       :PCPN:    SNOW:  WIND      :SUNSHINE: SKY     :PK WND
================================================================================
1   2   3   4   5  6A  6B    7    8   9   10  11  12  13   14  15   16   17  18
                                     12Z  AVG MX 2MIN
DY MAX MIN AVG DEP HDD CDD  WTR  SNW DPTH SPD SPD DIR MIN PSBL S-S WX    SPD DR
================================================================================

 1  73  48  61  24   4   0 0.14    M    M 11.4 41 260   M    M   2 1      55 270
 2  54  31  43   6  22   0    T    M    M 19.3 39 270   M    M   6        50 260
 3  40  26  33  -5  32   0    T    M    M 12.4 29 290   M    M   5 18     39 260
 4  41  23  32  -6  33   0 0.00    M    M 10.0 22 320   M    M   0        29 330
 5  40  18  29  -9  36   0 0.00    M    M  3.8 10  30   M    M   0        13  10
 6  49  26  38  -1  27   0 0.03    M    M  1.7  8 170   M    M   6 1      11 350
 7  59  41  50  11  15   0 0.12    M    M  3.1 10 170   M    M   9 18     24 220
 8  64  43  54  15  11   0    T    M    M 17.6 37 260   M    M   3        47 320
 9  69  48  59  19   6   0 0.00    M    M 14.7 31 260   M    M   1        42 270
10  48  26  37  -3  28   0 0.19    M    M 14.3 30 300   M    M   7 1      39 310
11  35  22  29 -11  36   0 0.00    M    M 11.4 22 320   M    M   3        31 310
12  40  22  31  -9  34   0 0.00    M    M  8.7 20 270   M    M   2        28 270
13  44  15  30 -11  35   0 0.03    M    M  5.8 18 140   M    M   3 1      25 140
14  35  20  28 -13  37   0 0.17    M    M 16.8 37 310   M    M   9 128    45 300
15  30  19  25 -17  40   0    T    M    M 19.4 35 280   M    M   7        45 280
16  37  23  30 -12  35   0    T    M    M 15.0 28 310   M    M   2        35 310
17  46  21  34  -8  31   0    T    M    M  4.9 15 240   M    M   3 4      22 230
18  55  35  45   2  20   0 0.36    M    M  4.4 15  10   M    M   7 1      20 360
19  50  35  43   0  22   0 0.01    M    M  9.7 17 330   M    M  10 1      23 350
20  52  35  44   1  21   0 0.00    M    M  5.1 15 300   M    M   5        19 290
21  61  43  52   8  13   0    T    M    M  7.2 16 260   M    M   7 8      21 300
22  54  31  43  -1  22   0 0.00    M    M 15.1 29 350   M    M   2        39 320
23  48  19  34 -10  31   0 0.00    M    M  2.7 10 150   M    M   0        17 320
24  64  29  47   2  18   0 0.26    M    M  5.5 15 160   M    M   2 1      19 170
25  78  57  68  23   0   3 0.00    M    M  5.5 15  20   M    M   4        19  10
26  57  45  51   5  14   0 0.03    M    M  6.7 14  90   M    M   9 18     18  80
27  72  45  59  13   6   0 0.18    M    M  2.6  9 150   M    M   5 1      14 110
28  70  52  61  15   4   0 0.46    M    M  3.4 15 330   M    M   8 18     20 340
29  64  45  55   8  10   0 0.00    M    M  7.9 16 350   M    M   4        24 340
================================================================================
SM 1529  943       643   3  1.98    M    266.1          M      131
================================================================================
AV 52.7 32.5                               9.2 FASTST   M    M   5    MAX(MPH)
                                 MISC ---->  # 41 260               # 55  270
================================================================================
NOTES:
# LAST OF SEVERAL OCCURRENCES

COLUMN 17 PEAK WIND IN M.P.H.

PRELIMINARY LOCAL CLIMATOLOGICAL DATA (WS FORM: F-6) , PAGE 2

                                          STATION:  MARTINSBURG WV
                                          MONTH:    MARCH
                                          YEAR:     2017
                                          LATITUDE:   39 24 N
                                          LONGITUDE:  77 59 W

[TEMPERATURE DATA]      [PRECIPITATION DATA]       SYMBOLS USED IN COLUMN 16

AVERAGE MONTHLY: 42.6   TOTAL FOR MONTH:   1.98    1 = FOG OR MIST
DPTR FM NORMAL:   0.9   DPTR FM NORMAL:   -1.29    2 = FOG REDUCING VISIBILITY
HIGHEST:    78 ON 25    GRTST 24HR  0.46 ON 28-28      TO 1/4 MILE OR LESS
LOWEST:     15 ON 13                               3 = THUNDER
                        SNOW, ICE PELLETS, HAIL    4 = ICE PELLETS
                        TOTAL MONTH:    M          5 = HAIL
                        GRTST 24HR    M  ON   M    6 = FREEZING RAIN OR DRIZZLE
                        GRTST DEPTH:  M  ON   M    7 = DUSTSTORM OR SANDSTORM:
                                                       VSBY 1/2 MILE OR LESS
                                                   8 = SMOKE OR HAZE
[NO. OF DAYS WITH]      [WEATHER - DAYS WITH]      9 = BLOWING SNOW
                                                   X = TORNADO
MAX 32 OR BELOW:   1    0.01 INCH OR MORE:  12
MAX 90 OR ABOVE:   0    0.10 INCH OR MORE:   8
MIN 32 OR BELOW:  16    0.50 INCH OR MORE:   0
MIN  0 OR BELOW:   0    1.00 INCH OR MORE:   0

[HDD (BASE 65) ]
TOTAL THIS MO.   643    CLEAR  (SCALE 0-3)  12
DPTR FM NORMAL   -36    PTCLDY (SCALE 4-7)  12
TOTAL FM JUL 1  3721    CLOUDY (SCALE 8-10)  5
DPTR FM NORMAL  -914

[CDD (BASE 65) ]
TOTAL THIS MO.     3
DPTR FM NORMAL     3    [PRESSURE DATA]
TOTAL FM JAN 1     3    HIGHEST SLP M ON M
DPTR FM NORMAL     3    LOWEST  SLP 29.52 ON 14

[REMARKS]
