000
CXUS54 KMAF 291100
CF6MRF
PRELIMINARY LOCAL CLIMATOLOGICAL DATA (WS FORM: F-6)

                                          STATION:   Marfa
                                          MONTH:     MAY
                                          YEAR:      2016
                                          LATITUDE:   30 22 N
                                          LONGITUDE: 104  1 W

  TEMPERATURE IN F:       :PCPN:    SNOW:  WIND      :SUNSHINE: SKY     :PK WND
================================================================================
1   2   3   4   5  6A  6B    7    8   9   10  11  12  13   14  15   16   17  18
                                     12Z  AVG MX 2MIN
DY MAX MIN AVG DEP HDD CDD  WTR  SNW DPTH SPD SPD DIR MIN PSBL S-S WX    SPD DR
================================================================================

 1  59  38  49   M  16   0 0.00  0.0    0 20.4 31  20   M    M   1        39  20
 2  67  41  54   M  11   0 0.00  0.0    0 12.6 23  30   M    M   5        30  30
 3  81  34  58   M   7   0 0.00  0.0    0  6.7 16  50   M    M   0        22  50
 4  79  46  63   M   2   0 0.00  0.0    0  8.5 13  50   M    M   0 8      18  50
 5  81  41  61   M   4   0 0.00  0.0    0  8.7 14 140   M    M   0        20 150
 6  89  44  67   M   0   2 0.02    M    0  9.1 20 160   M    M   0 38     39 130
 7  91  49  70   M   0   5 0.00  0.0    0 12.7 36 200   M    M   1 3      46 200
 8  84  49  67   M   0   2 0.02    M    0 12.7 31 210   M    M   1 3      40 220
 9  75  45  60   M   5   0 0.00  0.0    0 12.4 28 250   M    M   0        36 250
10   M   M   M   M   M   M    M    M    M   M   M   M   M    M   M         M  M
11  89  57  73   M   0   8 0.00  0.0    M  8.2 10 360   M    M   0         M  M
12  79  47  63   M   2   0 0.00  0.0    0 12.9 25  20   M    M   0        33  20
13  85  55  70   M   0   5 0.01  0.0    0  7.6 12 150   M    M   4 13     18 190
14  79  48  64   M   1   0 0.65    M    0  6.3 16  60   M    M   2 3      25  60
15  78  50  64   M   1   0 0.04  0.0    0  7.3 18  50   M    M   4 3      20 170
16  85  46  66   M   0   1 0.01    M    0  9.2 21 200   M    M   1 3      31 200
17  76  52  64   M   1   0 0.05  0.0    0 11.1 25  20   M    M   4 3      32  50
18  60  50  55   M  10   0 0.07  0.0    0 17.6 23  20   M    M  10 13     30  30
19  74  47  61   M   4   0 0.33    M    0  7.6 14  80   M    M   6 13     21  60
20  83  47  65   M   0   0 0.00  0.0    0  6.4 13 180   M    M   1 12     17 100
21  86  52  69   M   0   4 0.00  0.0    0  7.4 17 170   M    M   1 1      23 170
22  88  53  71   M   0   6 0.00  0.0    0  6.5 14 270   M    M   0 1      22 250
23  90  51  71   M   0   6 0.00  0.0    0  7.3 20 240   M    M   0        22 260
24  87  48  68   M   0   3 0.00  0.0    0  7.9 18 250   M    M   0        25 240
25  92  53  73   M   0   8    T  0.0    0  9.7 27 220   M    M   0 3      38 270
26  87  56  72   M   0   7 0.00  0.0    0 16.5 30 210   M    M   1 3      41 240
27  80  45  63   M   2   0 0.00  0.0    0 10.4 22 250   M    M   0        31 260
28  88  43  66   M   0   1 0.00  0.0    0  7.7 15 110   M    M   0        22  99
================================================================================
SM 2192 1287        66  58  1.20     0.0 271.4          M       42
================================================================================
AV 81.2 47.7                              10.1 FASTST   M    M   2    MAX(MPH)
                                 MISC ---->    36   M               # 46  200
================================================================================
NOTES:
# LAST OF SEVERAL OCCURRENCES

COLUMN 17 PEAK WIND IN M.P.H.

PRELIMINARY LOCAL CLIMATOLOGICAL DATA (WS FORM: F-6) , PAGE 2

                                          STATION:  Marfa
                                          MONTH:    MAY
                                          YEAR:     2016
                                          LATITUDE:   30 22 N
                                          LONGITUDE: 104  1 W

[TEMPERATURE DATA]      [PRECIPITATION DATA]       SYMBOLS USED IN COLUMN 16

AVERAGE MONTHLY: 64.4   TOTAL FOR MONTH:   1.20    1 = FOG OR MIST
DPTR FM NORMAL:     M   DPTR FM NORMAL:       M    2 = FOG REDUCING VISIBILITY
HIGHEST:    92 ON 25    GRTST 24HR  0.65 ON 14-14      TO 1/4 MILE OR LESS
LOWEST:     34 ON  3                               3 = THUNDER
                        SNOW, ICE PELLETS, HAIL    4 = ICE PELLETS
                        TOTAL MONTH:   0.0 INCH    5 = HAIL
                        GRTST 24HR     0.0         6 = FREEZING RAIN OR DRIZZLE
                        GRTST DEPTH:   0           7 = DUSTSTORM OR SANDSTORM:
                                                       VSBY 1/2 MILE OR LESS
                                                   8 = SMOKE OR HAZE
[NO. OF DAYS WITH]      [WEATHER - DAYS WITH]      9 = BLOWING SNOW
                                                   X = TORNADO
MAX 32 OR BELOW:   0    0.01 INCH OR MORE:   9
MAX 90 OR ABOVE:   3    0.10 INCH OR MORE:   2
MIN 32 OR BELOW:   0    0.50 INCH OR MORE:   1
MIN  0 OR BELOW:   0    1.00 INCH OR MORE:   0

[HDD (BASE 65) ]
TOTAL THIS MO.    66    CLEAR  (SCALE 0-3)  21
DPTR FM NORMAL     M    PTCLDY (SCALE 4-7)   5
TOTAL FM JUL 1  2876    CLOUDY (SCALE 8-10)  1
DPTR FM NORMAL     M

[CDD (BASE 65) ]
TOTAL THIS MO.    58
DPTR FM NORMAL     M    [PRESSURE DATA]
TOTAL FM JAN 1    59    HIGHEST SLP M ON M
DPTR FM NORMAL     M    LOWEST  SLP M ON M

[REMARKS]
