619
CXUS56 KMTR 241000
CF6MRY
PRELIMINARY LOCAL CLIMATOLOGICAL DATA (WS FORM: F-6)

                                          STATION:   MONTEREY AIRPORT
                                          MONTH:     JULY
                                          YEAR:      2016
                                          LATITUDE:   36 34 N
                                          LONGITUDE: 121 51 W

  TEMPERATURE IN F:       :PCPN:    SNOW:  WIND      :SUNSHINE: SKY     :PK WND
================================================================================
1   2   3   4   5  6A  6B    7    8   9   10  11  12  13   14  15   16   17  18
                                     12Z  AVG MX 2MIN
DY MAX MIN AVG DEP HDD CDD  WTR  SNW DPTH SPD SPD DIR MIN PSBL S-S WX    SPD DR
================================================================================

 1  62  51  57  -3   8   0 0.00  0.0    0  8.6 16 250   M    M   8 1      19 220
 2  62  50  56  -4   9   0 0.00  0.0    0  5.5 15 230   M    M   9 1      19 240
 3  63  52  58  -2   7   0 0.00  0.0    0  5.2 18 230   M    M   8        24 220
 4  65  53  59  -1   6   0 0.00  0.0    0  6.6 20 240   M    M   7        23 230
 5  63  53  58  -2   7   0 0.00  0.0    0  7.2 15 230   M    M   9 1      22 230
 6  62  53  58  -2   7   0 0.00  0.0    0  7.6 15 280   M    M   8        20 250
 7  64  53  59  -1   6   0 0.00  0.0    0  8.6 16 280   M    M   8 1      21 260
 8  65  54  60   0   5   0 0.00  0.0    0  8.1 15 250   M    M   6        20 240
 9  71  54  63   3   2   0 0.00  0.0    0  7.5 17 240   M    M   3 12     23 230
10  67  53  60   0   5   0 0.00  0.0    0  7.5 15 290   M    M   0        20 260
11  62  48  55  -5  10   0 0.00  0.0    0  7.3 15 280   M    M   3 18     19 280
12  66  54  60   0   5   0 0.00  0.0    0  8.4 16 260   M    M   4 1      21 250
13  65  52  59  -1   6   0 0.00  0.0    0  5.9 14 280   M    M   3 1      18 280
14  67  51  59  -1   6   0 0.00  0.0    0  4.9 13 250   M    M   6 12     16 250
15  66  51  59  -1   6   0 0.00  0.0    0  6.3 16 220   M    M   7 1      19 220
16  66  54  60   0   5   0 0.00  0.0    0  7.6 22 220   M    M   8 1      27 230
17  63  53  58  -2   7   0 0.00  0.0    0  7.1 15 300   M    M   9 1      19 280
18  66  56  61   1   4   0 0.00  0.0    0  8.2 15 270   M    M   6        22 220
19  66  54  60   0   5   0 0.00  0.0    0  8.3 16 240   M    M   4        22 250
20  68  54  61   1   4   0 0.00  0.0    0  8.0 16 280   M    M   0        19 280
21  68  54  61   1   4   0 0.00  0.0    0  8.0 15 230   M    M   3        21 250
22  69  50  60   0   5   0 0.00  0.0    0  5.1 14 290   M    M   1 1      19 270
23  66  54  60   0   5   0 0.00  0.0    0  6.9 15 260   M    M   1 1      18 250
================================================================================
SM 1502 1211       134   0  0.00     0.0 164.4          M      121
================================================================================
AV 65.3 52.7                               7.1 FASTST   M    M   5    MAX(MPH)
                                 MISC ---->  # 22 220               # 27  230
================================================================================
NOTES:
# LAST OF SEVERAL OCCURRENCES

COLUMN 17 PEAK WIND IN M.P.H.

PRELIMINARY LOCAL CLIMATOLOGICAL DATA (WS FORM: F-6) , PAGE 2

                                          STATION:  MONTEREY AIRPORT
                                          MONTH:    JULY
                                          YEAR:     2016
                                          LATITUDE:   36 34 N
                                          LONGITUDE: 121 51 W

[TEMPERATURE DATA]      [PRECIPITATION DATA]       SYMBOLS USED IN COLUMN 16

AVERAGE MONTHLY: 59.0   TOTAL FOR MONTH:   0.00    1 = FOG OR MIST
DPTR FM NORMAL:  -1.0   DPTR FM NORMAL:   -0.01    2 = FOG REDUCING VISIBILITY
HIGHEST:    71 ON  9    GRTST 24HR  0.00 ON 23-23      TO 1/4 MILE OR LESS
LOWEST:     48 ON 11                               3 = THUNDER
                        SNOW, ICE PELLETS, HAIL    4 = ICE PELLETS
                        TOTAL MONTH:   0.0 INCH    5 = HAIL
                        GRTST 24HR     0.0         6 = FREEZING RAIN OR DRIZZLE
                        GRTST DEPTH:   0           7 = DUSTSTORM OR SANDSTORM:
                                                       VSBY 1/2 MILE OR LESS
                                                   8 = SMOKE OR HAZE
[NO. OF DAYS WITH]      [WEATHER - DAYS WITH]      9 = BLOWING SNOW
                                                   X = TORNADO
MAX 32 OR BELOW:   0    0.01 INCH OR MORE:   0
MAX 90 OR ABOVE:   0    0.10 INCH OR MORE:   0
MIN 32 OR BELOW:   0    0.50 INCH OR MORE:   0
MIN  0 OR BELOW:   0    1.00 INCH OR MORE:   0

[HDD (BASE 65) ]
TOTAL THIS MO.   134    CLEAR  (SCALE 0-3)   6
DPTR FM NORMAL    19    PTCLDY (SCALE 4-7)  13
TOTAL FM JUL 1   134    CLOUDY (SCALE 8-10)  4
DPTR FM NORMAL    19

[CDD (BASE 65) ]
TOTAL THIS MO.     0
DPTR FM NORMAL     0    [PRESSURE DATA]
TOTAL FM JAN 1    19    HIGHEST SLP M ON M
DPTR FM NORMAL    13    LOWEST  SLP 29.82 ON  1

[REMARKS]
