000
CXUS54 KHUN 161015
CF6MSL
PRELIMINARY LOCAL CLIMATOLOGICAL DATA (WS FORM: F-6)

                                          STATION:   MUSCLE SHOALS
                                          MONTH:     JANUARY
                                          YEAR:      2018
                                          LATITUDE:   34 45 N
                                          LONGITUDE:  87 37 W

  TEMPERATURE IN F:       :PCPN:    SNOW:  WIND      :SUNSHINE: SKY     :PK WND
================================================================================
1   2   3   4   5  6A  6B    7    8   9   10  11  12  13   14  15   16   17  18
                                     12Z  AVG MX 2MIN
DY MAX MIN AVG DEP HDD CDD  WTR  SNW DPTH SPD SPD DIR MIN PSBL S-S WX    SPD DR
================================================================================

 1  25  10  18 -23  47   0 0.00  0.0    0 11.2 18  20   M    M   1        27  20
 2  31   9  20 -21  45   0 0.00  0.0    0  7.1 16  40   M    M   0        19  40
 3  38  21  30 -11  35   0 0.00  0.0    0  6.5 15 320   M    M   5        20 330
 4  31  18  25 -16  40   0 0.00  0.0    0  7.8 14 310   M    M   0        19 320
 5  37  13  25 -16  40   0 0.00  0.0    0  2.2  8  60   M    M   1        11 270
 6  37  20  29 -12  36   0 0.00  0.0    0  5.3 12  80   M    M   0        13  80
 7  46  19  33  -8  32   0    T    M    0  8.4 16 150   M    M   3        20 140
 8  45  36  41   0  24   0 0.54  0.0    0  6.9 16 140   M    M  10 1      22 140
 9  53  43  48   7  17   0    T  0.0    0  4.8 10 140   M    M   8 128    15  90
10  65  40  53  12  12   0    T  0.0    0  7.8 18 160   M    M  10 128    22 170
11  68  57  63  22   2   0 0.19  0.0    0  7.7 16 150   M    M  10 1      21 150
12  62  23  43   2  22   0 0.13    T    0 12.8 30 270   M    M   8 18     35 280
13  32  21  27 -14  38   0    T    T    0 10.0 16  30   M    M   5        23  10
14  36  19  28 -13  37   0 0.00  0.0    0  4.4 13  50   M    M   3        16  50
15  51  26  39  -2  26   0 0.00  0.0    0  6.0 16 210   M    M   2        23 230
================================================================================
SM  657  375       453   0  0.86    T    108.9          M       66
================================================================================
AV 43.8 25.0                               7.3 FASTST   M    M   4    MAX(MPH)
                                 MISC ---->  # 30 270               # 35  280
================================================================================
NOTES:
# LAST OF SEVERAL OCCURRENCES

COLUMN 17 PEAK WIND IN M.P.H.

PRELIMINARY LOCAL CLIMATOLOGICAL DATA (WS FORM: F-6) , PAGE 2

                                          STATION:  MUSCLE SHOALS
                                          MONTH:    JANUARY
                                          YEAR:     2018
                                          LATITUDE:   34 45 N
                                          LONGITUDE:  87 37 W

[TEMPERATURE DATA]      [PRECIPITATION DATA]       SYMBOLS USED IN COLUMN 16

AVERAGE MONTHLY: 34.4   TOTAL FOR MONTH:   0.86    1 = FOG OR MIST
DPTR FM NORMAL:  -6.6   DPTR FM NORMAL:   -1.34    2 = FOG REDUCING VISIBILITY
HIGHEST:    68 ON 11    GRTST 24HR  0.54 ON  8- 8      TO 1/4 MILE OR LESS
LOWEST:      9 ON  2                               3 = THUNDER
                        SNOW, ICE PELLETS, HAIL    4 = ICE PELLETS
                        TOTAL MONTH:    T          5 = HAIL
                        GRTST 24HR    T  ON 13-13  6 = FREEZING RAIN OR DRIZZLE
                        GRTST DEPTH:   0           7 = DUSTSTORM OR SANDSTORM:
                                                       VSBY 1/2 MILE OR LESS
                                                   8 = SMOKE OR HAZE
[NO. OF DAYS WITH]      [WEATHER - DAYS WITH]      9 = BLOWING SNOW
                                                   X = TORNADO
MAX 32 OR BELOW:   4    0.01 INCH OR MORE:   3
MAX 90 OR ABOVE:   0    0.10 INCH OR MORE:   3
MIN 32 OR BELOW:  11    0.50 INCH OR MORE:   1
MIN  0 OR BELOW:   0    1.00 INCH OR MORE:   0

[HDD (BASE 65) ]
TOTAL THIS MO.   453    CLEAR  (SCALE 0-3)   8
DPTR FM NORMAL    93    PTCLDY (SCALE 4-7)   3
TOTAL FM JUL 1  1636    CLOUDY (SCALE 8-10)  4
DPTR FM NORMAL    40

[CDD (BASE 65) ]
TOTAL THIS MO.     0
DPTR FM NORMAL     0    [PRESSURE DATA]
TOTAL FM JAN 1     0    HIGHEST SLP M ON M
DPTR FM NORMAL     0    LOWEST  SLP 29.59 ON 12

[REMARKS]
