000
CXUS55 KMSO 200800
CF6MSO
PRELIMINARY LOCAL CLIMATOLOGICAL DATA (WS FORM: F-6)

                                          STATION:   MISSOULA MT
                                          MONTH:     DECEMBER
                                          YEAR:      2014
                                          LATITUDE:   46 55 N
                                          LONGITUDE: 114  5 W

  TEMPERATURE IN F:       :PCPN:    SNOW:  WIND      :SUNSHINE: SKY     :PK WND
================================================================================
1   2   3   4   5  6A  6B    7    8   9   10  11  12  13   14  15   16   17  18
                                     12Z  AVG MX 2MIN
DY MAX MIN AVG DEP HDD CDD  WTR  SNW DPTH SPD SPD DIR MIN PSBL S-S WX    SPD DR
================================================================================

 1  18   1  10 -17  55   0 0.01  0.8    1  0.8  8 300   M    M   7 1       9 320
 2  30   3  17  -9  48   0 0.00  0.0    2  1.1  7 350   M    M   1 18      7 190
 3  26   7  17  -9  48   0    T    T    2  1.3  9 340   M    M   3 1      11 340
 4  29  22  26   0  39   0 0.15  1.7    3  1.2  8 330   M    M  10 14     10 330
 5  34  27  31   5  34   0 0.01    T    3  0.6  8 140   M    M   9 16      9 130
 6  35  28  32   7  33   0 0.10    T    2  2.5 13 140   M    M  10 126    14 140
 7  34  26  30   5  35   0 0.00  0.0    1  1.9  9 280   M    M  10 12     10 330
 8  32  27  30   5  35   0 0.00  0.0    T  1.0  6 170   M    M   9 12      7 130
 9  31  28  30   6  35   0    T    T    T  1.4  8 290   M    M   9 128     9 290
10  47  24  36  12  29   0 0.00  0.0    T  5.7 22 110   M    M   6 12     26 110
11  41  30  36  12  29   0    T  0.0    T  3.4 14 130   M    M   5        17 150
12  42  25  34  10  31   0 0.00  0.0    T  1.7  8 330   M    M   4 1       9 290
13  38  31  35  11  30   0 0.09  0.0    0  4.4 13 320   M    M  10        16 330
14  38  30  34  11  31   0    T    T    0  4.6 14 100   M    M   9        19 110
15  34  25  30   7  35   0 0.00  0.0    0 14.4 22 120   M    M   0        26 120
16  30  23  27   4  38   0 0.00  0.0    0  6.9 22 130   M    M   8        26 120
17  37  26  32   9  33   0    T    T    0  0.6  6 340   M    M   6         7 340
18  34  27  31   8  34   0    T    T    0  1.0  5 290   M    M  10 1       5 300
19  33  28  31   8  34   0 0.07    T    0  1.7  7 360   M    M  10 12      9 360
================================================================================
SM  643  438       686   0  0.43     2.5  56.2          M      136
================================================================================
AV 33.8 23.1                               3.0 FASTST   M    M   7    MAX(MPH)
                                 MISC ---->  # 22 110               # 26  110
================================================================================
NOTES:
# LAST OF SEVERAL OCCURRENCES

COLUMN 17 PEAK WIND IN M.P.H.

PRELIMINARY LOCAL CLIMATOLOGICAL DATA (WS FORM: F-6) , PAGE 2

                                          STATION:  MISSOULA MT
                                          MONTH:    DECEMBER
                                          YEAR:     2014
                                          LATITUDE:   46 55 N
                                          LONGITUDE: 114  5 W

[TEMPERATURE DATA]      [PRECIPITATION DATA]       SYMBOLS USED IN COLUMN 16

AVERAGE MONTHLY: 28.4   TOTAL FOR MONTH:   0.43    1 = FOG OR MIST
DPTR FM NORMAL:   4.0   DPTR FM NORMAL:   -0.21    2 = FOG REDUCING VISIBILITY
HIGHEST:    47 ON 10    GRTST 24HR  0.17 ON  3- 4      TO 1/4 MILE OR LESS
LOWEST:      1 ON  1                               3 = THUNDER
                        SNOW, ICE PELLETS, HAIL    4 = ICE PELLETS
                        TOTAL MONTH:   2.5 INCHES  5 = HAIL
                        GRTST 24HR   1.7 ON   M    6 = FREEZING RAIN OR DRIZZLE
                        GRTST DEPTH:   3 ON  5, 4  7 = DUSTSTORM OR SANDSTORM:
                                                       VSBY 1/2 MILE OR LESS
                                                   8 = SMOKE OR HAZE
[NO. OF DAYS WITH]      [WEATHER - DAYS WITH]      9 = BLOWING SNOW
                                                   X = TORNADO
MAX 32 OR BELOW:   7    0.01 INCH OR MORE:   6
MAX 90 OR ABOVE:   0    0.10 INCH OR MORE:   2
MIN 32 OR BELOW:  19    0.50 INCH OR MORE:   0
MIN  0 OR BELOW:   0    1.00 INCH OR MORE:   0

[HDD (BASE 65) ]
TOTAL THIS MO.   686    CLEAR  (SCALE 0-3)   3
DPTR FM NORMAL   -86    PTCLDY (SCALE 4-7)   6
TOTAL FM JUL 1  2442    CLOUDY (SCALE 8-10) 10
DPTR FM NORMAL  -226

[CDD (BASE 65) ]
TOTAL THIS MO.     0
DPTR FM NORMAL     0    [PRESSURE DATA]
TOTAL FM JAN 1   390    HIGHEST SLP M ON M
DPTR FM NORMAL    58    LOWEST  SLP 29.67 ON 11

[REMARKS]
