000
CXUS55 KMSO 220900
CF6MSO
PRELIMINARY LOCAL CLIMATOLOGICAL DATA (WS FORM: F-6)

                                          STATION:   MISSOULA MT
                                          MONTH:     FEBRUARY
                                          YEAR:      2018
                                          LATITUDE:   46 55 N
                                          LONGITUDE: 114  5 W

  TEMPERATURE IN F:       :PCPN:    SNOW:  WIND      :SUNSHINE: SKY     :PK WND
================================================================================
1   2   3   4   5  6A  6B    7    8   9   10  11  12  13   14  15   16   17  18
                                     12Z  AVG MX 2MIN
DY MAX MIN AVG DEP HDD CDD  WTR  SNW DPTH SPD SPD DIR MIN PSBL S-S WX    SPD DR
================================================================================

 1  34  23  29   1  36   0    T    T    3  2.8 10 290   M    M  10 18     11 310
 2  36  30  33   5  32   0 0.15  0.1    3  2.7 10 290   M    M  10 18     11 290
 3  44  33  39  11  26   0 0.02  0.0    3  4.7 15 280   M    M  10 1      19 280
 4  42  32  37   9  28   0 0.18  0.0    1  2.9  9 280   M    M  10 12     14 330
 5  42  35  39  11  26   0 0.05  0.0    T  3.3 14 320   M    M   9 1      20 320
 6  41  33  37   9  28   0 0.02  0.0    T  6.5 24 290   M    M   9 1      30 290
 7  47  34  41  13  24   0 0.08  0.0    T  2.5  8 270   M    M  10        10 310
 8  53  26  40  12  25   0 0.06  0.6    T 11.4 32 280   M    M   8 2      41 280
 9  28  15  22  -7  43   0 0.37  5.7    4  7.2 21  30   M    M  10 128    29  30
10  29  13  21  -8  44   0    T    T    4  1.9  9  90   M    M   7        10  80
11  31   5  18 -11  47   0 0.00  0.0    0  9.1 28  70   M    M   1 18     34  60
12  21   5  13 -16  52   0 0.00  0.0    2  6.8 24 130   M    M   0        27 120
13  25   2  14 -15  51   0 0.00  0.0    1  1.0  7 300   M    M   4         9 270
14  35  14  25  -5  40   0 0.01  0.1    1  3.5 12 280   M    M   8 18     13 280
15  37  24  31   1  34   0 0.01  0.1    1  8.4 21 250   M    M   9 1      27 310
16  36  21  29  -1  36   0 0.05  0.8    1  3.2 13 330   M    M   9 128    17 340
17  41  24  33   3  32   0 0.30  2.5    2  9.2 33 250   M    M   M       250  44
18  32   8  20 -10  45   0 0.17  4.2    5 13.9 29  90   M    M  10 1289   34  90
19  12   4   8 -23  57   0    T    T    6 10.0 21 130   M    M   9        24 130
20  15  -1   7 -24  58   0    T    T    6  1.9 10 130   M    M   9 8      11 130
21  19   4  12 -19  53   0 0.00  0.0    6  1.6  8 130   M    M   7         9 130
================================================================================
SM  700  384       817   0  1.47    14.1 114.5          M      159
================================================================================
AV 33.3 18.3                               5.5 FASTST   M    M   8    MAX(MPH)
                                 MISC ---->  # 33 250               #250   44
================================================================================
NOTES:
# LAST OF SEVERAL OCCURRENCES

COLUMN 17 PEAK WIND IN M.P.H.

PRELIMINARY LOCAL CLIMATOLOGICAL DATA (WS FORM: F-6) , PAGE 2

                                          STATION:  MISSOULA MT
                                          MONTH:    FEBRUARY
                                          YEAR:     2018
                                          LATITUDE:   46 55 N
                                          LONGITUDE: 114  5 W

[TEMPERATURE DATA]      [PRECIPITATION DATA]       SYMBOLS USED IN COLUMN 16

AVERAGE MONTHLY: 25.8   TOTAL FOR MONTH:   1.47    1 = FOG OR MIST
DPTR FM NORMAL:  -3.3   DPTR FM NORMAL:    0.95    2 = FOG REDUCING VISIBILITY
HIGHEST:    53 ON  8    GRTST 24HR  0.51 ON 17-18      TO 1/4 MILE OR LESS
LOWEST:     -1 ON 20                               3 = THUNDER
                        SNOW, ICE PELLETS, HAIL    4 = ICE PELLETS
                        TOTAL MONTH:  14.0 INCHES  5 = HAIL
                        GRTST 24HR   5.7 ON   M    6 = FREEZING RAIN OR DRIZZLE
                        GRTST DEPTH:   6 ON 21,20  7 = DUSTSTORM OR SANDSTORM:
                                                       VSBY 1/2 MILE OR LESS
                                                   8 = SMOKE OR HAZE
[NO. OF DAYS WITH]      [WEATHER - DAYS WITH]      9 = BLOWING SNOW
                                                   X = TORNADO
MAX 32 OR BELOW:   9    0.01 INCH OR MORE:  13
MAX 90 OR ABOVE:   0    0.10 INCH OR MORE:   5
MIN 32 OR BELOW:  17    0.50 INCH OR MORE:   0
MIN  0 OR BELOW:   1    1.00 INCH OR MORE:   0

[HDD (BASE 65) ]
TOTAL THIS MO.   817    CLEAR  (SCALE 0-3)   2
DPTR FM NORMAL    65    PTCLDY (SCALE 4-7)   3
TOTAL FM JUL 1  5095    CLOUDY (SCALE 8-10) 15
DPTR FM NORMAL   -46

[CDD (BASE 65) ]
TOTAL THIS MO.     0
DPTR FM NORMAL     0    [PRESSURE DATA]
TOTAL FM JAN 1     0    HIGHEST SLP M ON M
DPTR FM NORMAL     0    LOWEST  SLP 29.48 ON 17

[REMARKS]
