000
CXUS55 KBOI 201002
CF6MUO
PRELIMINARY LOCAL CLIMATOLOGICAL DATA (WS FORM: F-6)

                                          STATION:   MOUNTAIN HOME AFB
                                          MONTH:     JANUARY
                                          YEAR:      2018
                                          LATITUDE:   43  2 N
                                          LONGITUDE: 115 52 W

  TEMPERATURE IN F:       :PCPN:    SNOW:  WIND      :SUNSHINE: SKY     :PK WND
================================================================================
1   2   3   4   5  6A  6B    7    8   9   10  11  12  13   14  15   16   17  18
                                     12Z  AVG MX 2MIN
DY MAX MIN AVG DEP HDD CDD  WTR  SNW DPTH SPD SPD DIR MIN PSBL S-S WX    SPD DR
================================================================================

 1  33  16  25   M  40   0 0.00    M    M  3.8  9 100   M    M   2         M  M
 2  33  14  24   M  41   0 0.00    M    M  7.0 15 110   M    M   0         M  M
 3  35  17  26   M  39   0 0.00    M    M  5.9  9  70   M    M   0         M  M
 4  35  16  26   M  39   0 0.00    M    M  2.7  8 130   M    M   5         M  M
 5  39  20  30   M  35   0    T    M    M  2.2  7 220   M    M   7         M  M
 6  38  26  32   M  33   0 0.22    M    M  6.4  8 330   M    M   8 126     M  M
 7  42  24  33   5  32   0 0.00    M    M  7.6 14 110   M    M   0 1       M  M
 8  46  34  40   M  25   0 0.00    M    M 15.4 21 130   M    M   6         M  M
 9  46  39  43   M  22   0 0.29    M    M 13.4 18 110   M    M  10 1      24 110
10  43  33  38   8  27   0    T    M    M 12.2 22 320   M    M   7 1      23 340
11  42  30  36   6  29   0    T    M    M  9.1 18 100   M    M   9         M  M
12  52  31  42  12  23   0 0.00    M    M  5.4 15 290   M    M   7         M  M
13  51  28  40  10  25   0 0.00    M    M  4.0 12 310   M    M   1         M  M
14  48  28  38   8  27   0 0.00    M    M  7.0 14 120   M    M   0         M  M
15  49  28  39   9  26   0 0.00    M    M 10.0 15 140   M    M   0         M  M
16  42  29  36   5  29   0    T    M    M 11.3 17 130   M    M   6 12      M  M
17  48  29  39   8  26   0 0.00    M    M 13.6 23 120   M    M   5 12     23 120
18  53  39  46  15  19   0 0.12    M    M 19.7 24 120   M    M   7        33 120
19  45  26  36   5  29   0 0.22    M    M  7.2 18 310   M    M   6        21 310
================================================================================
SM  820  507       566   0  0.85    M    163.9          M       86
================================================================================
AV 43.2 26.7                               8.6 FASTST   M    M   5    MAX(MPH)
                                 MISC ---->  # 24 120               # 33  120
================================================================================
NOTES:
# LAST OF SEVERAL OCCURRENCES

COLUMN 17 PEAK WIND IN M.P.H.

PRELIMINARY LOCAL CLIMATOLOGICAL DATA (WS FORM: F-6) , PAGE 2

                                          STATION:  MOUNTAIN HOME AFB
                                          MONTH:    JANUARY
                                          YEAR:     2018
                                          LATITUDE:   43  2 N
                                          LONGITUDE: 115 52 W

[TEMPERATURE DATA]      [PRECIPITATION DATA]       SYMBOLS USED IN COLUMN 16

AVERAGE MONTHLY: 34.9   TOTAL FOR MONTH:   0.85    1 = FOG OR MIST
DPTR FM NORMAL:     M   DPTR FM NORMAL:    0.11    2 = FOG REDUCING VISIBILITY
HIGHEST:    53 ON 18    GRTST 24HR  0.29 ON  9- 9      TO 1/4 MILE OR LESS
LOWEST:     14 ON  2                               3 = THUNDER
                        SNOW, ICE PELLETS, HAIL    4 = ICE PELLETS
                        TOTAL MONTH:    M          5 = HAIL
                        GRTST 24HR    M  ON   M    6 = FREEZING RAIN OR DRIZZLE
                        GRTST DEPTH:  M  ON   M    7 = DUSTSTORM OR SANDSTORM:
                                                       VSBY 1/2 MILE OR LESS
                                                   8 = SMOKE OR HAZE
[NO. OF DAYS WITH]      [WEATHER - DAYS WITH]      9 = BLOWING SNOW
                                                   X = TORNADO
MAX 32 OR BELOW:   0    0.01 INCH OR MORE:   4
MAX 90 OR ABOVE:   0    0.10 INCH OR MORE:   4
MIN 32 OR BELOW:  15    0.50 INCH OR MORE:   0
MIN  0 OR BELOW:   0    1.00 INCH OR MORE:   0

[HDD (BASE 65) ]
TOTAL THIS MO.   566    CLEAR  (SCALE 0-3)   7
DPTR FM NORMAL  -102    PTCLDY (SCALE 4-7)  10
TOTAL FM JUL 1  3052    CLOUDY (SCALE 8-10)  2
DPTR FM NORMAL   -40

[CDD (BASE 65) ]
TOTAL THIS MO.     0
DPTR FM NORMAL     0    [PRESSURE DATA]
TOTAL FM JAN 1     0    HIGHEST SLP M ON M
DPTR FM NORMAL     0    LOWEST  SLP M ON M

[REMARKS]
