000
CXUS51 KBTV 260700
CF6MVL
PRELIMINARY LOCAL CLIMATOLOGICAL DATA (WS FORM: F-6)

                                          STATION:   MORRISVILLE VT
                                          MONTH:     MAY
                                          YEAR:      2016
                                          LATITUDE:   44 31 N
                                          LONGITUDE:  72 37 W

  TEMPERATURE IN F:       :PCPN:    SNOW:  WIND      :SUNSHINE: SKY     :PK WND
================================================================================
1   2   3   4   5  6A  6B    7    8   9   10  11  12  13   14  15   16   17  18
                                     12Z  AVG MX 2MIN
DY MAX MIN AVG DEP HDD CDD  WTR  SNW DPTH SPD SPD DIR MIN PSBL S-S WX    SPD DR
================================================================================

 1  51  33  42  -7  23   0    M    M    0  3.2 18 170   M    M   8 1      24 170
 2  46  39  43  -6  22   0 0.23    M    0  2.1 10 160   M    M  10 1      13 140
 3  49  34  42  -8  23   0 0.00  0.0    0  3.8  8  10   M    M  10        11 340
 4  53  34  44  -6  21   0 0.01    M    0  2.9 13 160   M    M  10 1      18 160
 5  58  43  51   1  14   0    T    M    0  6.5 13  20   M    M   9 1       M  M
 6  71  35  53   2  12   0    T    M    0  6.2 14 340   M    M   2        19  10
 7  67  52  60   9   5   0    T  0.0    0  7.7 20 140   M    M   9        28 140
 8  55  34  45  -7  20   0 0.10    M    0  6.6 17 310   M    M   9 1      25 310
 9  48  30  39 -13  26   0 0.00  0.0    0  6.9 18 320   M    M   7        29 240
10  65  27  46  -6  19   0 0.00  0.0    0  5.6 17  10   M    M   0        24 340
11  67  29  48  -5  17   0 0.00  0.0    0  4.4 17 350   M    M   0 1      22 340
12  81  31  56   3   9   0 0.00  0.0    0  2.5  9 220   M    M   0        13 120
13  70  39  55   2  10   0 0.02    M    0  3.2 17 180   M    M   5 1      24 180
14  72  42  57   3   8   0 0.15    M    0  5.3 17 200   M    M   4 1      26 220
15  50  34  42 -12  23   0 0.16    M    0  6.1 16 310   M    M   9 1      26 320
16  48  33  41 -13  24   0    T    M    0  6.6 16 260   M    M  10        30 290
17  61  30  46  -8  19   0 0.00  0.0    0  6.5 18 340   M    M   1        25 320
18  63  41  52  -3  13   0    T    M    0  2.4 13 340   M    M   5        16 340
19  68  39  54  -1  11   0    T    M    0  3.1 16  20   M    M   7 3      20 340
20  73  37  55   0  10   0 0.00  0.0    0  2.4 10 350   M    M   3 12     17  20
21  75  36  56   0   9   0 0.00  0.0    0  2.4 10 180   M    M   1 1      17 300
22  74  49  62   6   3   0 0.17    M    0  3.5 15 320   M    M   7 123    23 320
23  77  44  61   5   4   0 0.00  0.0    0  2.0 13  10   M    M   4 12     18  10
24  78  39  59   3   6   0 0.00  0.0    0  3.8 14 220   M    M   5 1      22 220
25  81  49  65   8   0   0 0.00  0.0    0  4.6 14 350   M    M   7 12     22 350
================================================================================
SM 1601  933       351   0  0.84     0.0 110.3          M      142
================================================================================
AV 64.0 37.3                               4.4 FASTST   M    M   6    MAX(MPH)
                                 MISC ---->  # 20 140               # 30  290
================================================================================
NOTES:
# LAST OF SEVERAL OCCURRENCES

COLUMN 17 PEAK WIND IN M.P.H.

PRELIMINARY LOCAL CLIMATOLOGICAL DATA (WS FORM: F-6) , PAGE 2

                                          STATION:  MORRISVILLE VT
                                          MONTH:    MAY
                                          YEAR:     2016
                                          LATITUDE:   44 31 N
                                          LONGITUDE:  72 37 W

[TEMPERATURE DATA]      [PRECIPITATION DATA]       SYMBOLS USED IN COLUMN 16

AVERAGE MONTHLY: 50.7   TOTAL FOR MONTH:   0.84    1 = FOG OR MIST
DPTR FM NORMAL:  -2.4   DPTR FM NORMAL:   -1.65    2 = FOG REDUCING VISIBILITY
HIGHEST:    81 ON 25,12 GRTST 24HR  0.31 ON 14-15      TO 1/4 MILE OR LESS
LOWEST:     27 ON 10                               3 = THUNDER
                        SNOW, ICE PELLETS, HAIL    4 = ICE PELLETS
                        TOTAL MONTH:   0.0 INCH    5 = HAIL
                        GRTST 24HR     0.0         6 = FREEZING RAIN OR DRIZZLE
                        GRTST DEPTH:   0           7 = DUSTSTORM OR SANDSTORM:
                                                       VSBY 1/2 MILE OR LESS
                                                   8 = SMOKE OR HAZE
[NO. OF DAYS WITH]      [WEATHER - DAYS WITH]      9 = BLOWING SNOW
                                                   X = TORNADO
MAX 32 OR BELOW:   0    0.01 INCH OR MORE:   7
MAX 90 OR ABOVE:   0    0.10 INCH OR MORE:   5
MIN 32 OR BELOW:   5    0.50 INCH OR MORE:   0
MIN  0 OR BELOW:   0    1.00 INCH OR MORE:   0

[HDD (BASE 65) ]
TOTAL THIS MO.   351    CLEAR  (SCALE 0-3)   7
DPTR FM NORMAL    47    PTCLDY (SCALE 4-7)  10
TOTAL FM JUL 1  6701    CLOUDY (SCALE 8-10)  8
DPTR FM NORMAL -1383

[CDD (BASE 65) ]
TOTAL THIS MO.     0
DPTR FM NORMAL     0    [PRESSURE DATA]
TOTAL FM JAN 1     0    HIGHEST SLP M ON M
DPTR FM NORMAL    -1    LOWEST  SLP 29.51 ON  8

[REMARKS]
