000
CXUS51 KBTV 300700
CF6MVL
PRELIMINARY LOCAL CLIMATOLOGICAL DATA (WS FORM: F-6)

                                          STATION:   MORRISVILLE VT
                                          MONTH:     OCTOBER
                                          YEAR:      2014
                                          LATITUDE:   44 31 N
                                          LONGITUDE:  72 37 W

  TEMPERATURE IN F:       :PCPN:    SNOW:  WIND      :SUNSHINE: SKY     :PK WND
================================================================================
1   2   3   4   5  6A  6B    7    8   9   10  11  12  13   14  15   16   17  18
                                     12Z  AVG MX 2MIN
DY MAX MIN AVG DEP HDD CDD  WTR  SNW DPTH SPD SPD DIR MIN PSBL S-S WX    SPD DR
================================================================================

 1  67  49  58   7   7   0 0.00  0.0    0  2.0  8 360   M    M   9 12     10 330
 2  72  49  61  10   4   0 0.00  0.0    0  0.9  6 300   M    M   5 12      9 310
 3  73  45  59   9   6   0 0.00  0.0    0  4.2 16 190   M    M   2 12     23 200
 4  59  48  54   4  11   0 0.83    M    0  3.8 16 350   M    M  10 1      22 360
 5  59  37  48  -2  17   0    T    M    0  1.6 12 210   M    M   7        17 210
 6  64  33  49   0  16   0 0.00  0.0    0  5.7 18 190   M    M   4 12     29 180
 7  69  48  59  10   6   0 0.10    M    0  6.3 17 190   M    M   5 1      29 190
 8  63  50  57   9   8   0 0.23  0.0    0  6.3 17 210   M    M   9 1      25 200
 9  54  45  50   2  15   0 0.05    M    0  5.4 16 200   M    M   9        22 190
10  56  40  48   0  17   0 0.00  0.0    0  4.6 14 200   M    M   6        21 300
11  55  36  46  -1  19   0 0.00  0.0    0  2.3  9 330   M    M   7        14 340
12  56  30  43  -4  22   0 0.00  0.0    0  2.0 15  10   M    M   3        19  10
13  61  27  44  -2  21   0    T    M    0  1.8 13 200   M    M   5        17 200
14  78  49  64  18   1   0 0.00  0.0    0  5.7 17 200   M    M   5        26 190
15  78  58  68  22   0   3    T  0.0    0  4.6 14 160   M    M   5        20 210
16  72  58  65  19   0   0 0.68  0.0    0  3.1 13 160   M    M  10 1      19 130
17  65  54  60  15   5   0 0.01  0.0    0  3.2 14 200   M    M   7 1      20 200
18  62  42  52   7  13   0 0.52    M    0  3.9 17 330   M    M   9 1      26 300
19  43  38  41  -3  24   0 0.03    M    0  7.7 12 300   M    M  10 1      23 300
20  49  34  42  -2  23   0 0.00  0.0    0  1.6 12 360   M    M   7        16 290
21  48  38  43  -1  22   0 0.39    M    0  0.6  6 360   M    M  10 1       7  40
22  51  45  48   4  17   0 0.04    M    0  6.7 15  10   M    M   9 1      21  10
23  48  44  46   3  19   0 0.59    M    0  8.8 15 360   M    M  10 1      21  10
24  46  34  40  -3  25   0 0.08    M    0  5.5 15 340   M    M  10 1      21 330
25  60  31  46   3  19   0 0.30    M    0  2.3 12 310   M    M   6 123    17 280
26  52  42  47   5  18   0 0.10    M    0  4.9 15 300   M    M   9 1      23 300
27  51  38  45   3  20   0    T    M    0  4.7 15 310   M    M   8        22 290
28  52  39  46   4  19   0 0.09    M    0  2.9  9 200   M    M   7 1      14 190
29  60  43  52  11  13   0 0.04    M    0  3.4 14 300   M    M   7 1      20 300
================================================================================
SM 1723 1224       407   3  4.08     0.0 116.5          M      210
================================================================================
AV 59.4 42.2                               4.0 FASTST   M    M   7    MAX(MPH)
                                 MISC ---->  # 18 190               # 29  180
================================================================================
NOTES:
# LAST OF SEVERAL OCCURRENCES

COLUMN 17 PEAK WIND IN M.P.H.

PRELIMINARY LOCAL CLIMATOLOGICAL DATA (WS FORM: F-6) , PAGE 2

                                          STATION:  MORRISVILLE VT
                                          MONTH:    OCTOBER
                                          YEAR:     2014
                                          LATITUDE:   44 31 N
                                          LONGITUDE:  72 37 W

[TEMPERATURE DATA]      [PRECIPITATION DATA]       SYMBOLS USED IN COLUMN 16

AVERAGE MONTHLY: 50.8   TOTAL FOR MONTH:   4.08    1 = FOG OR MIST
DPTR FM NORMAL:   4.8   DPTR FM NORMAL:    1.15    2 = FOG REDUCING VISIBILITY
HIGHEST:    78 ON 15,14 GRTST 24HR  0.83 ON  4- 4      TO 1/4 MILE OR LESS
LOWEST:     27 ON 13                               3 = THUNDER
                        SNOW, ICE PELLETS, HAIL    4 = ICE PELLETS
                        TOTAL MONTH:   0.0 INCH    5 = HAIL
                        GRTST 24HR     0.0         6 = FREEZING RAIN OR DRIZZLE
                        GRTST DEPTH:   0           7 = DUSTSTORM OR SANDSTORM:
                                                       VSBY 1/2 MILE OR LESS
                                                   8 = SMOKE OR HAZE
[NO. OF DAYS WITH]      [WEATHER - DAYS WITH]      9 = BLOWING SNOW
                                                   X = TORNADO
MAX 32 OR BELOW:   0    0.01 INCH OR MORE:  16
MAX 90 OR ABOVE:   0    0.10 INCH OR MORE:   9
MIN 32 OR BELOW:   3    0.50 INCH OR MORE:   4
MIN  0 OR BELOW:   0    1.00 INCH OR MORE:   0

[HDD (BASE 65) ]
TOTAL THIS MO.   407    CLEAR  (SCALE 0-3)   1
DPTR FM NORMAL  -143    PTCLDY (SCALE 4-7)  16
TOTAL FM JUL 1   706    CLOUDY (SCALE 8-10) 12
DPTR FM NORMAL  -176

[CDD (BASE 65) ]
TOTAL THIS MO.     3
DPTR FM NORMAL     3    [PRESSURE DATA]
TOTAL FM JAN 1   249    HIGHEST SLP M ON M
DPTR FM NORMAL   -16    LOWEST  SLP 29.45 ON 26

[REMARKS]
