000
CXUS56 KOTX 011500
CF6MWH
PRELIMINARY LOCAL CLIMATOLOGICAL DATA (WS FORM: F-6)

                                          STATION:   MOSES LAKE WA AIRPORT
                                          MONTH:     JUNE
                                          YEAR:      2015
                                          LATITUDE:   47 12 N
                                          LONGITUDE: 119 19 W

  TEMPERATURE IN F:       :PCPN:    SNOW:  WIND      :SUNSHINE: SKY     :PK WND
================================================================================
1   2   3   4   5  6A  6B    7    8   9   10  11  12  13   14  15   16   17  18
                                     12Z  AVG MX 2MIN
DY MAX MIN AVG DEP HDD CDD  WTR  SNW DPTH SPD SPD DIR MIN PSBL S-S WX    SPD DR
================================================================================

 1  84  56  70   7   0   5 0.02    M    M  9.3 28 180   M    M   1 38     37 180
 2  78  57  68   5   0   3 0.00    M    M 12.0 26 220   M    M   4        35 230
 3  75  52  64   0   1   0 0.00    M    M  5.8 13 210   M    M   4        21 180
 4  82  50  66   2   0   1 0.00    M    M  5.8 12 290   M    M   3        15 300
 5  90  51  71   7   0   6 0.00    M    M  8.1 18  20   M    M   0        27  30
 6  93  54  74  10   0   9 0.00    M    M  5.3 17 200   M    M   0        22 260
 7  97  59  78  14   0  13 0.00    M    M  7.4 16 210   M    M   0        21 200
 8 101  58  80  16   0  15 0.00    M    M  5.8 14 240   M    M   0        18 230
 9  99  70  85  20   0  20 0.00    M    M  9.1 16 260   M    M   0        22 280
10  96  67  82  17   0  17 0.00    M    M  9.4 20 290   M    M   0        24 220
11  93  63  78  13   0  13 0.00    M    M 13.2 32 280   M    M   0        40 230
12  83  52  68   3   0   3 0.00    M    M 12.0 26 300   M    M   0        34 290
13  78  45  62  -3   3   0 0.00    M    M  5.3 14 210   M    M   0        19 200
14  87  48  68   2   0   3 0.00    M    M  6.7 15 360   M    M   0        20  30
15  90  57  74   8   0   9 0.00    M    M  8.8 17  40   M    M   0        24  60
16  92  56  74   8   0   9 0.00    M    M  7.0 15 150   M    M   0        22 180
17  91  58  75   9   0  10 0.00    M    M  6.9 15 210   M    M   0        21 190
18  91  63  77  11   0  12 0.00    M    M  7.5 18 210   M    M   0        24 270
19  82  56  69   2   0   4 0.00    M    M 10.6 22 270   M    M   0        28 270
20  83  55  69   2   0   4 0.00    M    M  6.4 15 200   M    M   0        18 200
21  82  59  71   4   0   6 0.00    M    M  8.3 20 360   M    M   0        25 350
22  87  55  71   4   0   6 0.00    M    M  5.5 17 160   M    M   0        22 200
23  88  57  73   5   0   8 0.00    M    M  6.6 15 190   M    M   0        22 200
24  89  63  76   8   0  11 0.00    M    M  5.6 15 160   M    M   0        17 140
25  93  55  74   6   0   9 0.00    M    M  4.6 10 120   M    M   0        16 210
26 101  60  81  13   0  16 0.00    M    M  5.2 12 210   M    M   0        15 220
27 106  67  87  19   0  22 0.00    M    M  4.9 12 210   M    M   0        15 220
28 112  69  91  22   0  26    T    M    M  7.1 31 250   M    M   0 8      43 220
29 100  78  89  20   0  24    T    M    M  9.7 21 320   M    M   0 8      27 310
30  99  69  84  15   0  19 0.00    M    M  6.6 14 330   M    M   0 8      17 340
================================================================================
SM 2722 1759         4 303  0.02    M    226.5          M       12
================================================================================
AV 90.7 58.6                               7.6 FASTST   M    M   0    MAX(MPH)
                                 MISC ---->  # 32 280               # 43  220
================================================================================
NOTES:
# LAST OF SEVERAL OCCURRENCES

COLUMN 17 PEAK WIND IN M.P.H.

PRELIMINARY LOCAL CLIMATOLOGICAL DATA (WS FORM: F-6) , PAGE 2

                                          STATION:  MOSES LAKE WA AIRPORT
                                          MONTH:    JUNE
                                          YEAR:     2015
                                          LATITUDE:   47 12 N
                                          LONGITUDE: 119 19 W

[TEMPERATURE DATA]      [PRECIPITATION DATA]       SYMBOLS USED IN COLUMN 16

AVERAGE MONTHLY: 74.7   TOTAL FOR MONTH:   0.02    1 = FOG OR MIST
DPTR FM NORMAL:   8.7   DPTR FM NORMAL:   -0.73    2 = FOG REDUCING VISIBILITY
HIGHEST:   112 ON 28    GRTST 24HR  0.02 ON  1- 1      TO 1/4 MILE OR LESS
LOWEST:     45 ON 13                               3 = THUNDER
                        SNOW, ICE PELLETS, HAIL    4 = ICE PELLETS
                        TOTAL MONTH:    M          5 = HAIL
                        GRTST 24HR    M  ON   M    6 = FREEZING RAIN OR DRIZZLE
                        GRTST DEPTH:  M  ON   M    7 = DUSTSTORM OR SANDSTORM:
                                                       VSBY 1/2 MILE OR LESS
                                                   8 = SMOKE OR HAZE
[NO. OF DAYS WITH]      [WEATHER - DAYS WITH]      9 = BLOWING SNOW
                                                   X = TORNADO
MAX 32 OR BELOW:   0    0.01 INCH OR MORE:   1
MAX 90 OR ABOVE:  17    0.10 INCH OR MORE:   0
MIN 32 OR BELOW:   0    0.50 INCH OR MORE:   0
MIN  0 OR BELOW:   0    1.00 INCH OR MORE:   0

[HDD (BASE 65) ]
TOTAL THIS MO.     4    CLEAR  (SCALE 0-3)  28
DPTR FM NORMAL   -51    PTCLDY (SCALE 4-7)   2
TOTAL FM JUL 1  4796    CLOUDY (SCALE 8-10)  0
DPTR FM NORMAL -1086

[CDD (BASE 65) ]
TOTAL THIS MO.   303
DPTR FM NORMAL   218    [PRESSURE DATA]
TOTAL FM JAN 1   374    HIGHEST SLP 30.10 ON 25
DPTR FM NORMAL   264    LOWEST  SLP 29.64 ON  9

[REMARKS]
#FINAL-06-15#
